036
CXUS52 KTAE 010800
CF6ABY
PRELIMINARY LOCAL CLIMATOLOGICAL DATA (WS FORM: F-6)
STATION: ALBANY
MONTH: JULY
YEAR: 2020
LATITUDE: 31 31 N
LONGITUDE: 84 11 W
TEMPERATURE IN F: :PCPN: SNOW: WIND :SUNSHINE: SKY :PK WND
================================================================================
1 2 3 4 5 6A 6B 7 8 9 10 11 12 13 14 15 16 17 18
12Z AVG MX 2MIN
DY MAX MIN AVG DEP HDD CDD WTR SNW DPTH SPD SPD DIR MIN PSBL S-S WX SPD DR
================================================================================
1 93 72 83 1 0 18 0.27 0.0 0 4.1 33 300 M M 3 123 46 300
2 93 72 83 1 0 18 0.00 0.0 0 4.7 13 250 M M 1 16 260
3 96 74 85 3 0 20 T 0.0 0 2.6 18 80 M M 2 13 24 80
4 95 74 85 3 0 20 0.00 0.0 0 4.4 21 180 M M 2 24 190
5 89 74 82 0 0 17 0.35 0.0 0 4.3 18 140 M M 6 13 22 140
6 83 74 79 -3 0 14 1.22 0.0 0 6.6 22 160 M M 6 138 29 150
7 91 75 83 1 0 18 0.86 0.0 0 7.2 18 320 M M 7 13 24 320
8 90 76 83 1 0 18 0.07 0.0 0 5.9 15 20 M M 7 138 24 20
9 92 74 83 1 0 18 0.00 0.0 0 4.6 13 280 M M 3 17 280
10 96 76 86 4 0 21 0.00 0.0 0 5.6 13 300 M M 2 19 320
11 95 77 86 4 0 21 0.00 0.0 0 6.1 17 310 M M 0 1 21 330
12 95 69 82 0 0 17 T 0.0 0 4.4 17 310 M M 0 8 23 310
13 94 72 83 1 0 18 0.00 0.0 0 4.2 15 250 M M 1 18 250
14 97 75 86 4 0 21 0.00 0.0 0 2.6 17 180 M M 2 123 20 180
15 95 75 85 3 0 20 0.08 0.0 0 4.3 22 250 M M 4 138 32 250
16 98 73 86 3 0 21 T 0.0 0 2.5 13 330 M M 1 3 16 310
17 97 71 84 1 0 19 0.00 0.0 0 4.6 13 120 M M 1 19 70
18 97 75 86 3 0 21 0.00 0.0 0 3.2 13 120 M M 2 16 70
19 98 76 87 4 0 22 0.00 0.0 0 2.7 12 140 M M 2 16 150
20 100 76 88 5 0 23 0.00 0.0 0 3.7 13 120 M M 1 16 140
21 97 76 87 4 0 22 T 0.0 0 3.6 22 170 M M 2 3 26 200
22 98 73 86 3 0 21 0.00 0.0 0 6.1 23 140 M M 1 31 120
23 96 74 85 2 0 20 0.94 0.0 0 6.3 24 120 M M 3 138 35 130
24 94 73 84 1 0 19 0.02 0.0 0 4.1 14 120 M M 3 38 17 140
25 93 75 84 1 0 19 0.01 0.0 0 4.9 23 70 M M 2 3 28 70
26 96 73 85 2 0 20 0.00 0.0 0 3.8 14 320 M M 2 17 130
27 96 74 85 3 0 20 0.63 0.0 0 3.9 22 210 M M 1 13 29 220
28 90 75 83 1 0 18 0.03 0.0 0 5.9 18 210 M M 3 3 23 210
29 89 75 82 0 0 17 0.17 0.0 0 6.7 25 260 M M 6 18 35 260
30 89 75 82 0 0 17 0.02 0.0 0 5.7 20 280 M M 6 13 26 260
31 95 76 86 4 0 21 0.04 0.0 0 5.8 13 350 M M 3 13 16 360
================================================================================
SM 2917 2299 0 599 4.71 0.0 145.1 M 85
================================================================================
AV 94.1 74.2 4.7 FASTST M M 3 MAX(MPH)
MISC ----> # 33 300 # 46 300
================================================================================
NOTES:
# LAST OF SEVERAL OCCURRENCES
COLUMN 17 PEAK WIND IN M.P.H.
PRELIMINARY LOCAL CLIMATOLOGICAL DATA (WS FORM: F-6) , PAGE 2
STATION: ALBANY
MONTH: JULY
YEAR: 2020
LATITUDE: 31 31 N
LONGITUDE: 84 11 W
[TEMPERATURE DATA] [PRECIPITATION DATA] SYMBOLS USED IN COLUMN 16
AVERAGE MONTHLY: 84.1 TOTAL FOR MONTH: 4.71 1 = FOG OR MIST
DPTR FM NORMAL: 1.7 DPTR FM NORMAL: -0.75 2 = FOG REDUCING VISIBILITY
HIGHEST: 100 ON 20 GRTST 24HR 1.22 ON 6- 6 TO 1/4 MILE OR LESS
LOWEST: 69 ON 12 3 = THUNDER
SNOW, ICE PELLETS, HAIL 4 = ICE PELLETS
TOTAL MONTH: 0.0 INCH 5 = HAIL
GRTST 24HR 0.0 6 = FREEZING RAIN OR DRIZZLE
GRTST DEPTH: 0 7 = DUSTSTORM OR SANDSTORM:
VSBY 1/2 MILE OR LESS
8 = SMOKE OR HAZE
[NO. OF DAYS WITH] [WEATHER - DAYS WITH] 9 = BLOWING SNOW
X = TORNADO
MAX 32 OR BELOW: 0 0.01 INCH OR MORE: 14
MAX 90 OR ABOVE: 27 0.10 INCH OR MORE: 7
MIN 32 OR BELOW: 0 0.50 INCH OR MORE: 4
MIN 0 OR BELOW: 0 1.00 INCH OR MORE: 1
[HDD (BASE 65) ]
TOTAL THIS MO. 0 CLEAR (SCALE 0-3) 22
DPTR FM NORMAL 0 PTCLDY (SCALE 4-7) 9
TOTAL FM JUL 1 0 CLOUDY (SCALE 8-10) 0
DPTR FM NORMAL 0
[CDD (BASE 65) ]
TOTAL THIS MO. 599
DPTR FM NORMAL 58 [PRESSURE DATA]
TOTAL FM JAN 1 1737 HIGHEST SLP 30.20 ON 17
DPTR FM NORMAL 291 LOWEST SLP 29.82 ON 12
[REMARKS]
#FINAL-07-20#