000
CXUS54 KFWD 010730
CF6ACT
PRELIMINARY LOCAL CLIMATOLOGICAL DATA (WS FORM: F-6)
STATION: WACO
MONTH: OCTOBER
YEAR: 2021
LATITUDE: 31 37 N
LONGITUDE: 97 13 W
TEMPERATURE IN F: :PCPN: SNOW: WIND :SUNSHINE: SKY :PK WND
================================================================================
1 2 3 4 5 6A 6B 7 8 9 10 11 12 13 14 15 16 17 18
12Z AVG MX 2MIN
DY MAX MIN AVG DEP HDD CDD WTR SNW DPTH SPD SPD DIR MIN PSBL S-S WX SPD DR
================================================================================
1 83 68 76 2 0 11 0.07 0.0 0 4.5 18 10 M M 8 138 24 10
2 89 72 81 7 0 16 0.06 0.0 0 4.6 14 170 M M 6 18 180
3 90 67 79 6 0 14 0.00 0.0 0 6.0 15 360 M M 1 1 21 10
4 90 59 75 2 0 10 0.00 0.0 0 6.4 17 10 M M 0 24 30
5 89 55 72 -1 0 7 0.00 0.0 0 5.8 18 30 M M 0 18 25 40
6 88 54 71 -1 0 6 0.00 0.0 0 3.7 9 180 M M 0 13 170
7 91 59 75 3 0 10 0.00 0.0 0 7.3 16 180 M M 0 21 180
8 92 66 79 7 0 14 0.00 0.0 0 11.2 20 200 M M 0 26 190
9 91 67 79 8 0 14 0.00 0.0 0 12.9 18 180 M M 0 26 180
10 94 66 80 9 0 15 0.45 0.0 0 17.0 31 170 M M 7 13 42 270
11 83 57 70 0 0 5 0.00 0.0 0 3.4 16 300 M M 1 24 310
12 88 62 75 5 0 10 0.02 0.0 0 13.8 30 170 M M 6 1 39 160
13 89 68 79 9 0 14 2.07 0.0 0 14.9 26 180 M M 7 13 37 300
14 85 68 77 8 0 12 0.33 0.0 0 5.9 16 160 M M 7 1 23 100
15 78 56 67 -2 0 2 0.00 0.0 0 11.0 23 330 M M 2 1 32 340
16 75 46 61 -7 4 0 0.00 0.0 0 7.2 20 40 M M 0 29 40
17 75 43 59 -9 6 0 0.00 0.0 0 2.3 12 140 M M 0 18 15 120
18 76 44 60 -8 5 0 0.00 0.0 0 7.1 17 170 M M 0 1 22 130
19 82 59 71 4 0 6 0.00 0.0 0 12.0 18 160 M M 0 25 170
20 85 63 74 7 0 9 0.00 0.0 0 6.9 18 170 M M 3 24 180
21 87 62 75 8 0 10 0.00 0.0 0 4.2 9 10 M M 2 1 12 20
22 88 58 73 7 0 8 0.00 0.0 0 5.1 13 180 M M 1 17 170
23 88 69 79 13 0 14 0.00 0.0 0 13.4 25 160 M M 3 34 160
24 86 68 77 12 0 12 0.00 0.0 0 12.0 18 180 M M 6 1 25 160
25 89 63 76 11 0 11 0.00 0.0 0 5.4 13 170 M M 0 1 17 170
26 89 72 81 16 0 16 0.00 0.0 0 15.1 30 160 M M 5 45 170
27 78 56 67 3 0 2 0.83 0.0 0 13.7 30 170 M M 4 13 39 280
28 75 55 65 1 0 0 0.00 0.0 0 18.5 37 330 M M 0 54 310
29 74 43 59 -4 6 0 0.00 0.0 0 14.8 28 330 M M 0 39 340
30 79 38 59 -4 6 0 0.00 0.0 0 4.0 10 170 M M 0 8 14 150
31 82 46 64 1 1 0 0.00 0.0 0 5.4 14 170 M M 0 18 170
================================================================================
SM 2628 1829 28 248 3.83 0.0 275.5 M 69
================================================================================
AV 84.8 59.0 8.9 FASTST M M 2 MAX(MPH)
MISC ----> 37 330 54 310
================================================================================
NOTES:
# LAST OF SEVERAL OCCURRENCES
COLUMN 17 PEAK WIND IN M.P.H.
PRELIMINARY LOCAL CLIMATOLOGICAL DATA (WS FORM: F-6) , PAGE 2
STATION: WACO
MONTH: OCTOBER
YEAR: 2021
LATITUDE: 31 37 N
LONGITUDE: 97 13 W
[TEMPERATURE DATA] [PRECIPITATION DATA] SYMBOLS USED IN COLUMN 16
AVERAGE MONTHLY: 71.9 TOTAL FOR MONTH: 3.83 1 = FOG OR MIST
DPTR FM NORMAL: 3.5 DPTR FM NORMAL: -0.58 2 = FOG REDUCING VISIBILITY
HIGHEST: 94 ON 10 GRTST 24HR 2.40 ON 13-14 TO 1/4 MILE OR LESS
LOWEST: 38 ON 30 3 = THUNDER
SNOW, ICE PELLETS, HAIL 4 = ICE PELLETS
TOTAL MONTH: 0.0 INCH 5 = HAIL
GRTST 24HR 0.0 6 = FREEZING RAIN OR DRIZZLE
GRTST DEPTH: 0 7 = DUSTSTORM OR SANDSTORM:
VSBY 1/2 MILE OR LESS
8 = SMOKE OR HAZE
[NO. OF DAYS WITH] [WEATHER - DAYS WITH] 9 = BLOWING SNOW
X = TORNADO
MAX 32 OR BELOW: 0 0.01 INCH OR MORE: 7
MAX 90 OR ABOVE: 6 0.10 INCH OR MORE: 4
MIN 32 OR BELOW: 0 0.50 INCH OR MORE: 2
MIN 0 OR BELOW: 0 1.00 INCH OR MORE: 1
[HDD (BASE 65) ]
TOTAL THIS MO. 28 CLEAR (SCALE 0-3) 20
DPTR FM NORMAL -36 PTCLDY (SCALE 4-7) 11
TOTAL FM JUL 1 28 CLOUDY (SCALE 8-10) 0
DPTR FM NORMAL -38
[CDD (BASE 65) ]
TOTAL THIS MO. 248
DPTR FM NORMAL 77 [PRESSURE DATA]
TOTAL FM JAN 1 2784 HIGHEST SLP M ON M
DPTR FM NORMAL -44 LOWEST SLP 29.55 ON 27
[REMARKS]
#FINAL-10-21#