000
CXUS54 KFWD 010843
CLMACT
CLIMATE REPORT
NATIONAL WEATHER SERVICE FORT WORTH TX
243 AM CST THU FEB 01 2024
...................................
...THE WACO CLIMATE SUMMARY FOR THE MONTH OF JANUARY 2024...
CLIMATE NORMAL PERIOD 1991 TO 2020
CLIMATE RECORD PERIOD 1901 TO 2024
WEATHER OBSERVED NORMAL DEPART LAST YEAR`S
VALUE DATE(S) VALUE FROM VALUE DATE(S)
NORMAL
................................................................
TEMPERATURE (F)
RECORD
HIGH 90 01/23/1943
01/30/1911
LOW -5 01/31/1949
HIGHEST 77 01/30 78 -1 83 01/10
LOWEST 12 01/17 19 -7 22 01/23
AVG. MAXIMUM 54.7 59.1 -4.4 63.7
AVG. MINIMUM 32.5 35.8 -3.3 36.2
MEAN 43.6 47.4 -3.8 50.0
DAYS MAX >= 90 0 0.0 0.0 0
DAYS MAX <= 32 3 0.5 2.5 2
DAYS MAX >= 100 0 0
DAYS MIN <= 32 13 11.5 1.5 13
DAYS MIN <= 0 0 0.0 0.0 0
DAYS MIN >= 80 0 0
PRECIPITATION (INCHES)
RECORD
MAXIMUM 6.56 1932
MINIMUM 0.00 1912
TOTALS 4.55 2.59 1.96 1.43
DAILY AVG. 0.15 0.08 0.07 0.05
DAYS >= .01 12 7.2 4.8 4
DAYS >= .10 8 4.2 3.8 3
DAYS >= .50 3 1.6 1.4 1
DAYS >= 1.00 2 0.6 1.4 0
GREATEST
24 HR. TOTAL 2.08 01/21 TO 01/22 0.99
SNOWFALL (INCHES)
RECORDS
TOTAL 8.0 1926
24 HR TOTAL 8.0 01/24/1926 TO 01/24/1926
TOTALS T 0.0 0.0 0.1
SINCE 7/1 T 0.1 -0.1 MM
SNOWDEPTH AVG. T -1
DAYS >= TRACE 2 1
DAYS >= 1.0 0 0.0 0.0 0
GREATEST
SNOW DEPTH MM 0 01/29
01/30
01/31
24 HR TOTAL MM 0.1
DEGREE DAYS
HEATING TOTAL 656 547 109 463
SINCE 7/1 1403 1377 26 MM
COOLING TOTAL 0 3 -3 5
SINCE 1/1 0 3 -3 MM
................................................................
WIND (MPH)
AVERAGE WIND SPEED 9.5
HIGHEST WIND SPEED/DIRECTION 40/310 DATE 01/08
HIGHEST GUST SPEED/DIRECTION 60/270 DATE 01/08
SKY COVER
POSSIBLE SUNSHINE (PERCENT) MM
AVERAGE SKY COVER 0.40
NUMBER OF DAYS FAIR 17
NUMBER OF DAYS PC 4
NUMBER OF DAYS CLOUDY 10
AVERAGE RH (PERCENT) 69
WEATHER CONDITIONS. NUMBER OF DAYS WITH
THUNDERSTORM 2 MIXED PRECIP 0
HEAVY RAIN 7 RAIN 4
LIGHT RAIN 12 FREEZING RAIN 0
LT FREEZING RAIN 1 HAIL 0
HEAVY SNOW 0 SNOW 0
LIGHT SNOW 2 SLEET 0
FOG 16 FOG W/VIS <= 1/4 MILE 5
HAZE 1
- INDICATES NEGATIVE NUMBERS.
R INDICATES RECORD WAS SET OR TIED.
MM INDICATES DATA IS MISSING.
T INDICATES TRACE AMOUNT.
$$