000
CXUS54 KLZK 011230
CF6ADF
PRELIMINARY LOCAL CLIMATOLOGICAL DATA (WS FORM: F-6)
STATION: ARKADELPHIA AIRPORT
MONTH: JUNE
YEAR: 2023
LATITUDE: 34 9 N
LONGITUDE: 93 4 W
TEMPERATURE IN F: :PCPN: SNOW: WIND :SUNSHINE: SKY :PK WND
================================================================================
1 2 3 4 5 6A 6B 7 8 9 10 11 12 13 14 15 16 17 18
12Z AVG MX 2MIN
DY MAX MIN AVG DEP HDD CDD WTR SNW DPTH SPD SPD DIR MIN PSBL S-S WX SPD DR
================================================================================
1 91 62 77 3 0 12 0.00 M M 1.0 5 99 M M 0 M M
2 91 63 77 3 0 12 0.00 M M 0.9 5 180 M M 0 M M
3 92 67 80 5 0 15 T M M 3.9 14 250 M M 0 3 24 250
4 90 61 76 1 0 11 0.00 M M 2.1 7 20 M M 0 M M
5 93 64 79 4 0 14 0.04 M M 2.3 7 180 M M 0 M M
6 90 64 77 1 0 12 T M M 2.1 9 10 M M 1 3 M M
7 92 63 78 2 0 13 0.00 M M 1.5 7 350 M M 0 1 M M
8 94 61 78 2 0 13 0.32 M M 1.5 14 10 M M 1 13 21 250
9 90 65 78 2 0 13 0.00 M M 1.7 5 99 M M 3 12 M M
10 86 66 76 0 0 11 0.35 M M 2.9 16 330 M M 3 13 32 330
11 92 65 79 2 0 14 0.00 M M 6.0 13 230 M M 5 1 17 260
12 76 64 70 -7 0 5 0.04 M M 5.5 15 240 M M 4 1 17 180
13 84 64 74 -3 0 9 0.09 M M 3.3 12 190 M M 5 13 18 190
14 86 68 77 0 0 12 0.02 M M 3.5 14 30 M M 7 13 20 30
15 93 67 80 3 0 15 0.00 M M 2.3 8 220 M M 3 128 M M
16 85 66 76 -2 0 11 0.10 M M 2.8 9 270 M M 5 3 M M
17 91 68 80 2 0 15 0.05 M M 1.8 7 170 M M 3 38 M M
18 77 72 75 -3 0 10 0.00 M M 8.1 22 260 M M 10 13 33 260
19 M M M M M M 0.00 M M M M M M M M M M
20 M M M M M M 0.00 M M M M M M M M M M
21 90 71 81 3 0 16 0.00 M M 4.8 10 360 M M 0 16 20
22 89 68 79 0 0 14 0.00 M M 2.7 8 20 M M 1 M M
23 93 65 79 0 0 14 0.00 M M 1.3 7 210 M M 0 M M
24 97 67 82 3 0 17 0.00 M M 4.2 13 200 M M 0 1 18 210
25 96 73 85 6 0 20 0.00 M M 5.5 16 240 M M 4 13 M M
26 92 72 82 3 0 17 0.62 M M 3.7 9 240 M M 5 13 20 310
27 90 73 82 3 0 17 0.01 M M 3.1 15 340 M M 3 38 31 350
28 97 71 84 4 0 19 0.00 M M 3.6 10 190 M M 1 1 M M
29 98 71 85 5 0 20 0.00 M M 4.2 12 250 M M 1 1 M M
30 98 73 86 6 0 21 0.00 M M 3.5 10 180 M M 2 12 M M
================================================================================
SM 2533 1874 0 392 1.64 M 89.9 M 67
================================================================================
AV 90.5 66.9 3.2 FASTST M M 2 MAX(MPH)
MISC ----> 22 260 33 260
================================================================================
NOTES:
# LAST OF SEVERAL OCCURRENCES
COLUMN 17 PEAK WIND IN M.P.H.
PRELIMINARY LOCAL CLIMATOLOGICAL DATA (WS FORM: F-6) , PAGE 2
STATION: ARKADELPHIA AIRPORT
MONTH: JUNE
YEAR: 2023
LATITUDE: 34 9 N
LONGITUDE: 93 4 W
[TEMPERATURE DATA] [PRECIPITATION DATA] SYMBOLS USED IN COLUMN 16
AVERAGE MONTHLY: 78.7 TOTAL FOR MONTH: 1.64 1 = FOG OR MIST
DPTR FM NORMAL: 1.3 DPTR FM NORMAL: -2.29 2 = FOG REDUCING VISIBILITY
HIGHEST: 98 ON 30,29 GRTST 24HR 0.62 ON 26-26 TO 1/4 MILE OR LESS
LOWEST: 61 ON 8, 4 3 = THUNDER
SNOW, ICE PELLETS, HAIL 4 = ICE PELLETS
TOTAL MONTH: M 5 = HAIL
GRTST 24HR M ON M 6 = FREEZING RAIN OR DRIZZLE
GRTST DEPTH: M ON M 7 = DUSTSTORM OR SANDSTORM:
VSBY 1/2 MILE OR LESS
8 = SMOKE OR HAZE
[NO. OF DAYS WITH] [WEATHER - DAYS WITH] 9 = BLOWING SNOW
X = TORNADO
MAX 32 OR BELOW: 0 0.01 INCH OR MORE: 10
MAX 90 OR ABOVE: 21 0.10 INCH OR MORE: 4
MIN 32 OR BELOW: 0 0.50 INCH OR MORE: 1
MIN 0 OR BELOW: 0 1.00 INCH OR MORE: 0
[HDD (BASE 65) ]
TOTAL THIS MO. 0 CLEAR (SCALE 0-3) 18
DPTR FM NORMAL 0 PTCLDY (SCALE 4-7) 9
TOTAL FM JUL 1 2126 CLOUDY (SCALE 8-10) 3
DPTR FM NORMAL -901
[CDD (BASE 65) ]
TOTAL THIS MO. 392
DPTR FM NORMAL 21 [PRESSURE DATA]
TOTAL FM JAN 1 682 HIGHEST SLP M ON M
DPTR FM NORMAL 74 LOWEST SLP M ON M
[REMARKS]
#FINAL-06-23#