628
CXUS54 KLZK 011230
CF6ADF
PRELIMINARY LOCAL CLIMATOLOGICAL DATA (WS FORM: F-6)
STATION: ARKADELPHIA AIRPORT
MONTH: JANUARY
YEAR: 2021
LATITUDE: 34 9 N
LONGITUDE: 93 4 W
TEMPERATURE IN F: :PCPN: SNOW: WIND :SUNSHINE: SKY :PK WND
================================================================================
1 2 3 4 5 6A 6B 7 8 9 10 11 12 13 14 15 16 17 18
12Z AVG MX 2MIN
DY MAX MIN AVG DEP HDD CDD WTR SNW DPTH SPD SPD DIR MIN PSBL S-S WX SPD DR
================================================================================
1 44 40 42 1 23 0 0.13 M M 8.0 18 230 M M 10 28 230
2 45 30 38 -3 27 0 0.03 M M 2.7 13 300 M M 7 18 21 300
3 59 27 43 2 22 0 0.00 M M 2.4 10 170 M M 1 1 M M
4 64 31 48 7 17 0 0.00 M M 2.4 10 250 M M 0 8 M M
5 60 29 45 4 20 0 0.00 M M 2.8 9 350 M M 0 M M
6 45 31 38 -3 27 0 1.82 M M 5.4 10 70 M M 6 1 18 60
7 44 39 42 1 23 0 1.06 M M 10.0 20 20 M M 10 1 23 20
8 42 36 39 -2 26 0 0.00 M M 5.4 10 20 M M 10 M M
9 45 26 36 -5 29 0 0.00 M M 1.8 8 320 M M 1 M M
10 38 26 32 -9 33 0 0.00 M M 3.3 9 50 M M 6 M M
11 47 27 37 -4 28 0 T M M 3.4 6 50 M M 5 8 M M
12 53 22 38 -3 27 0 0.00 M M 1.8 8 170 M M 0 M M
13 57 23 40 -1 25 0 0.00 M M 2.7 12 230 M M 0 M M
14 62 27 45 4 20 0 0.00 M M 5.0 15 290 M M 0 21 310
15 50 32 41 0 24 0 0.00 M M 11.9 22 270 M M 5 8 30 280
16 51 28 40 -1 25 0 0.00 M M 4.7 10 230 M M 1 M M
17 58 26 42 1 23 0 0.00 M M 4.6 16 300 M M 2 22 300
18 63 23 43 2 22 0 T M M 2.7 13 180 M M 3 M M
19 63 44 54 13 11 0 T M M 2.6 7 70 M M 9 M M
20 49 38 44 3 21 0 0.26 M M 2.0 10 360 M M 9 M M
21 50 43 47 6 18 0 0.03 M M 1.3 6 180 M M 10 128 M M
22 57 41 49 8 16 0 0.00 M M 5.6 10 70 M M 6 18 18 50
23 45 38 42 1 23 0 T M M 5.0 9 50 M M 10 M M
24 54 42 48 6 17 0 0.25 M M 2.1 5 100 M M 10 18 M M
25 73 44 59 17 6 0 0.32 0.0 0 7.7 15 190 M M 7 138 23 190
26 66 36 51 9 14 0 0.00 M M 3.0 9 60 M M 1 8 M M
27 50 36 43 1 22 0 T M M 9.4 16 340 M M 5 22 330
28 48 29 39 -3 26 0 0.00 0.0 0 5.3 9 70 M M 3 M M
29 56 27 42 0 23 0 0.00 M M 1.4 6 160 M M 2 M M
30 61 40 51 9 14 0 0.16 M M 6.9 15 200 M M 7 1 25 200
31 51 42 47 5 18 0 0.00 M M 9.4 21 340 M M 8 12 28 340
================================================================================
SM 1650 1023 670 0 4.06 0.0 142.9 M 154
================================================================================
AV 53.2 33.0 4.6 FASTST M M 5 MAX(MPH)
MISC ----> 22 270 30 280
================================================================================
NOTES:
# LAST OF SEVERAL OCCURRENCES
COLUMN 17 PEAK WIND IN M.P.H.
PRELIMINARY LOCAL CLIMATOLOGICAL DATA (WS FORM: F-6) , PAGE 2
STATION: ARKADELPHIA AIRPORT
MONTH: JANUARY
YEAR: 2021
LATITUDE: 34 9 N
LONGITUDE: 93 4 W
[TEMPERATURE DATA] [PRECIPITATION DATA] SYMBOLS USED IN COLUMN 16
AVERAGE MONTHLY: 43.1 TOTAL FOR MONTH: 4.06 1 = FOG OR MIST
DPTR FM NORMAL: 1.8 DPTR FM NORMAL: 0.21 2 = FOG REDUCING VISIBILITY
HIGHEST: 73 ON 25 GRTST 24HR 1.92 ON 24-25 TO 1/4 MILE OR LESS
LOWEST: 22 ON 12 3 = THUNDER
SNOW, ICE PELLETS, HAIL 4 = ICE PELLETS
TOTAL MONTH: 0.0 INCH 5 = HAIL
GRTST 24HR 0.0 6 = FREEZING RAIN OR DRIZZLE
GRTST DEPTH: 0 7 = DUSTSTORM OR SANDSTORM:
VSBY 1/2 MILE OR LESS
8 = SMOKE OR HAZE
[NO. OF DAYS WITH] [WEATHER - DAYS WITH] 9 = BLOWING SNOW
X = TORNADO
MAX 32 OR BELOW: 0 0.01 INCH OR MORE: 9
MAX 90 OR ABOVE: 0 0.10 INCH OR MORE: 7
MIN 32 OR BELOW: 17 0.50 INCH OR MORE: 2
MIN 0 OR BELOW: 0 1.00 INCH OR MORE: 2
[HDD (BASE 65) ]
TOTAL THIS MO. 670 CLEAR (SCALE 0-3) 12
DPTR FM NORMAL -65 PTCLDY (SCALE 4-7) 11
TOTAL FM JUL 1 1846 CLOUDY (SCALE 8-10) 8
DPTR FM NORMAL -111
[CDD (BASE 65) ]
TOTAL THIS MO. 0
DPTR FM NORMAL 0 [PRESSURE DATA]
TOTAL FM JAN 1 0 HIGHEST SLP M ON M
DPTR FM NORMAL 0 LOWEST SLP M ON M
[REMARKS]
#FINAL-01-21#