000
CXUS52 KCAE 011807
CLMAGS
CLIMATE REPORT
NATIONAL WEATHER SERVICE COLUMBIA SC
207 PM EDT THU JUN 01 2023
...................................
...THE AUGUSTA BUSH FIELD GA CLIMATE SUMMARY FOR THE MONTH OF MAY 2023...
CLIMATE NORMAL PERIOD: 1991 TO 2020
CLIMATE RECORD PERIOD: 1873 TO 2023
WEATHER OBSERVED NORMAL DEPART LAST YEAR`S
VALUE DATE(S) VALUE FROM VALUE
NORMAL
..............................................................
TEMPERATURE (F)
RECORD
HIGH 100 05/26/1926
LOW 35 05/04/1971
05/02/1963
HIGHEST 92 05/09 MM MM
LOWEST 40 05/04 MM MM
AVG. MAXIMUM 79.0 85.9 -6.9
AVG. MINIMUM 57.6 59.6 -2.0
MEAN 68.3 72.7 -4.4
DAYS MAX >= 90 2 8.1 -6.1
DAYS MAX <= 32 0 0.0 0.0
DAYS MIN <= 32 0 0.0 0.0
DAYS MIN <= 0 0 0.0 0.0
PRECIPITATION (INCHES)
RECORD
MAXIMUM 9.61 1979
MINIMUM 0.06 1914
TOTALS 3.51 3.05 0.46
DAILY AVG. 0.11 0.10 0.01
DAYS >= .01 11 7.9 3.1
DAYS >= .10 6 4.7 1.3
DAYS >= .50 1 2.0 -1.0
DAYS >= 1.00 1 0.9 0.1
GREATEST
24 HR. TOTAL 1.61 05/27 TO 05/27
STORM TOTAL 1.61
(MM/DD(HH))
SNOWFALL (INCHES)
RECORDS
TOTAL MM MM
TOTALS 0.0 0.0 0.0
SINCE 7/1 0.0 0.8 -0.8
DAYS >= TRACE 0 0.0 0.0
DAYS >= 1.0 0 0.0 0.0
GREATEST
SNOW DEPTH 0
DEGREE DAYS
HEATING TOTAL 31 12 19
SINCE 7/1 1980 2178 -198
COOLING TOTAL 141 253 -112
SINCE 1/1 226 369 -143
FREEZE DATES
RECORD
EARLIEST MM
LATEST MM
EARLIEST 10/19
LATEST 04/10
..............................................................
WIND (MPH)
AVERAGE WIND SPEED 6.1
RESULTANT WIND SPEED/DIRECTION 2/000
HIGHEST WIND SPEED/DIRECTION 29/280 DATE 05/02
29/030 05/27
HIGHEST GUST SPEED/DIRECTION 42/270 DATE 05/02
SKY COVER
POSSIBLE SUNSHINE (PERCENT) MM
AVERAGE SKY COVER 0.46
NUMBER OF DAYS FAIR 13
NUMBER OF DAYS PC 11
NUMBER OF DAYS CLOUDY 7
AVERAGE RH (PERCENT) 70
WEATHER CONDITIONS. NUMBER OF DAYS WITH
THUNDERSTORM 4 MIXED PRECIP 0
HEAVY RAIN 6 RAIN 8
LIGHT RAIN 12 FREEZING RAIN 0
LT FREEZING RAIN 0 HAIL 0
HEAVY SNOW 0 SNOW 0
LIGHT SNOW 0 SLEET 0
FOG 22 FOG W/VIS <= 1/4 MILE 4
HAZE 2
- INDICATES NEGATIVE NUMBERS.
R INDICATES RECORD WAS SET OR TIED.
MM INDICATES DATA IS MISSING.
T INDICATES TRACE AMOUNT.
$$