000
CXUS52 KFFC 011010
CF6AHN
PRELIMINARY LOCAL CLIMATOLOGICAL DATA (WS FORM: F-6)
STATION: ATHENS
MONTH: MARCH
YEAR: 2023
LATITUDE: 33 57 N
LONGITUDE: 83 19 W
TEMPERATURE IN F: :PCPN: SNOW: WIND :SUNSHINE: SKY :PK WND
================================================================================
1 2 3 4 5 6A 6B 7 8 9 10 11 12 13 14 15 16 17 18
12Z AVG MX 2MIN
DY MAX MIN AVG DEP HDD CDD WTR SNW DPTH SPD SPD DIR MIN PSBL S-S WX SPD DR
================================================================================
1 79 49 64 13 1 0 0.00 0.0 M 2.4 8 220 M M 3 18 16 220
2 71 60 66 15 0 1 0.12 0.0 M 3.8 12 320 M M 9 1 21 270
3 76 59 68 16 0 3 0.22 0.0 M 7.0 29 280 M M 10 138 57 300
4 73 50 62 10 3 0 0.00 0.0 M 6.3 17 310 M M 0 24 300
5 70 43 57 5 8 0 0.00 0.0 M 5.9 16 90 M M 0 21 80
6 76 45 61 9 4 0 0.00 0.0 M 3.2 8 230 M M 2 12 220
7 81 54 68 15 0 3 0.00 0.0 M 7.1 16 290 M M 0 28 300
8 67 44 56 3 9 0 0.00 0.0 M 6.7 17 90 M M 1 25 80
9 64 49 57 4 8 0 0.02 M M 2.6 9 90 M M 10 13 220
10 67 49 58 5 7 0 0.29 M M 6.6 20 300 M M 6 1 31 300
11 67 38 53 -1 12 0 0.00 0.0 M 4.1 14 300 M M 0 22 300
12 53 43 48 -6 17 0 1.20 M M 8.5 20 100 M M 10 13 31 110
13 60 40 50 -4 15 0 0.00 0.0 M 8.0 20 300 M M 2 1 30 290
14 53 30 42 -12 23 0 0.00 0.0 M 9.2 20 300 M M 0 31 280
15 61 27 44 -11 21 0 0.00 0.0 M 1.8 10 330 M M 0 18 330
16 69 30 50 -5 15 0 0.00 0.0 M 3.0 10 240 M M 0 8 20 250
17 60 49 55 0 10 0 0.50 M M 4.5 17 300 M M 8 1 29 290
18 56 37 47 -8 18 0 0.00 0.0 M 10.2 17 300 M M 1 26 280
19 49 32 41 -15 24 0 0.00 0.0 M 9.6 16 310 M M 0 24 310
20 55 27 41 -15 24 0 0.00 0.0 M 5.0 16 70 M M 0 24 70
21 62 29 46 -10 19 0 0.00 0.0 M 4.3 14 90 M M 0 21 50
22 63 39 51 -5 14 0 T M M 3.9 12 40 M M 6 14 40
23 82 48 65 8 0 0 0.00 0.0 M 1.8 10 270 M M 5 12 21 200
24 84 52 68 11 0 3 0.00 0.0 M 4.2 15 240 M M 1 1 26 250
25 82 57 70 13 0 5 0.43 0.0 M 5.4 18 300 M M 4 13 40 290
26 69 64 67 10 0 2 0.83 0.0 M 2.6 8 220 M M 8 13 17 190
27 80 61 71 13 0 6 0.54 0.0 M 4.3 9 250 M M 5 13 18 250
28 73 51 62 4 3 0 0.00 0.0 M 5.6 17 300 M M 1 28 300
29 65 43 54 -4 11 0 0.00 0.0 M 4.5 13 80 M M 0 21 60
30 73 39 56 -2 9 0 0.00 0.0 M 1.5 7 130 M M 0 14 40
31 78 47 63 5 2 0 0.00 0.0 M 3.9 10 170 M M 2 20 190
================================================================================
SM 2118 1385 277 23 4.15 0.0 157.5 M 94
================================================================================
AV 68.3 44.7 5.1 FASTST M M 3 MAX(MPH)
MISC ----> 29 280 57 300
================================================================================
NOTES:
# LAST OF SEVERAL OCCURRENCES
COLUMN 17 PEAK WIND IN M.P.H.
PRELIMINARY LOCAL CLIMATOLOGICAL DATA (WS FORM: F-6) , PAGE 2
STATION: ATHENS
MONTH: MARCH
YEAR: 2023
LATITUDE: 33 57 N
LONGITUDE: 83 19 W
[TEMPERATURE DATA] [PRECIPITATION DATA] SYMBOLS USED IN COLUMN 16
AVERAGE MONTHLY: 56.5 TOTAL FOR MONTH: 4.15 1 = FOG OR MIST
DPTR FM NORMAL: 1.6 DPTR FM NORMAL: -0.22 2 = FOG REDUCING VISIBILITY
HIGHEST: 84 ON 24 GRTST 24HR 1.29 ON 26-27 TO 1/4 MILE OR LESS
LOWEST: 27 ON 20,15 3 = THUNDER
SNOW, ICE PELLETS, HAIL 4 = ICE PELLETS
TOTAL MONTH: 0.0 INCH 5 = HAIL
GRTST 24HR 0.0 6 = FREEZING RAIN OR DRIZZLE
GRTST DEPTH: M ON M 7 = DUSTSTORM OR SANDSTORM:
VSBY 1/2 MILE OR LESS
8 = SMOKE OR HAZE
[NO. OF DAYS WITH] [WEATHER - DAYS WITH] 9 = BLOWING SNOW
X = TORNADO
MAX 32 OR BELOW: 0 0.01 INCH OR MORE: 9
MAX 90 OR ABOVE: 0 0.10 INCH OR MORE: 8
MIN 32 OR BELOW: 6 0.50 INCH OR MORE: 4
MIN 0 OR BELOW: 0 1.00 INCH OR MORE: 1
[HDD (BASE 65) ]
TOTAL THIS MO. 277 CLEAR (SCALE 0-3) 20
DPTR FM NORMAL -51 PTCLDY (SCALE 4-7) 6
TOTAL FM JUL 1 2125 CLOUDY (SCALE 8-10) 5
DPTR FM NORMAL -385
[CDD (BASE 65) ]
TOTAL THIS MO. 23
DPTR FM NORMAL 10 [PRESSURE DATA]
TOTAL FM JAN 1 43 HIGHEST SLP 30.45 ON 21
DPTR FM NORMAL 28 LOWEST SLP 29.41 ON 3
[REMARKS]
#FINAL-03-23#