000
CXUS52 KFFC 011010
CF6AHN
PRELIMINARY LOCAL CLIMATOLOGICAL DATA (WS FORM: F-6)
STATION: ATHENS
MONTH: OCTOBER
YEAR: 2023
LATITUDE: 33 57 N
LONGITUDE: 83 19 W
TEMPERATURE IN F: :PCPN: SNOW: WIND :SUNSHINE: SKY :PK WND
================================================================================
1 2 3 4 5 6A 6B 7 8 9 10 11 12 13 14 15 16 17 18
12Z AVG MX 2MIN
DY MAX MIN AVG DEP HDD CDD WTR SNW DPTH SPD SPD DIR MIN PSBL S-S WX SPD DR
================================================================================
1 84 61 73 4 0 8 0.00 0.0 M 5.8 13 60 M M 4 23 70
2 84 60 72 3 0 7 0.00 0.0 M 5.5 13 60 M M 0 20 110
3 86 58 72 4 0 7 0.00 0.0 M 6.0 15 40 M M 0 21 40
4 85 59 72 4 0 7 0.00 0.0 M 4.8 13 70 M M 1 1 18 80
5 83 57 70 2 0 5 0.00 0.0 M 5.2 14 70 M M 1 21 50
6 87 62 75 8 0 10 0.01 0.0 M 5.3 13 310 M M 5 19 320
7 75 50 63 -4 2 0 0.00 0.0 M 9.1 20 310 M M 1 29 310
8 70 43 57 -9 8 0 0.00 0.0 M 5.0 15 290 M M 0 25 350
9 77 40 59 -7 6 0 0.00 0.0 M 2.6 12 240 M M 0 22 210
10 84 48 66 0 0 1 0.00 0.0 M 4.0 14 240 M M 0 27 240
11 72 58 65 0 0 0 0.29 0.0 M 1.7 9 110 M M 4 1 14 120
12 66 57 62 -3 3 0 0.63 0.0 M 9.3 20 60 M M 9 1 29 70
13 70 57 64 -1 1 0 0.21 0.0 M 6.8 15 90 M M 9 18 22 90
14 77 58 68 4 0 3 0.00 0.0 M 7.9 17 290 M M 6 1 31 300
15 68 51 60 -4 5 0 0.00 0.0 M 6.6 14 320 M M 5 21 300
16 62 45 54 -10 11 0 T M M 6.8 17 310 M M 4 28 310
17 69 41 55 -8 10 0 0.00 0.0 M 2.5 8 330 M M 0 15 290
18 72 42 57 -6 8 0 0.00 0.0 M 1.2 8 130 M M 1 1 12 160
19 74 47 61 -1 4 0 0.00 0.0 M 1.9 8 240 M M 5 15 200
20 74 53 64 2 1 0 0.09 0.0 M 4.7 16 290 M M 5 138 26 290
21 75 45 60 -2 5 0 0.00 0.0 M 5.3 15 300 M M 0 23 310
22 78 51 65 4 0 0 0.00 0.0 M 5.1 14 310 M M 0 22 310
23 72 44 58 -3 7 0 0.00 0.0 M 4.2 13 90 M M 0 17 90
24 73 44 59 -1 6 0 0.00 0.0 M 5.2 13 90 M M 0 19 90
25 78 45 62 2 3 0 0.00 0.0 M 4.7 13 80 M M 3 16 90
26 82 55 69 9 0 4 0.00 0.0 M 3.6 10 90 M M 3 1 14 110
27 79 53 66 7 0 1 0.00 0.0 M 1.7 8 90 M M 2 18 11 90
28 82 53 68 9 0 3 0.00 0.0 M 2.0 7 350 M M 0 1 12 200
29 83 53 68 9 0 3 0.00 0.0 M 2.4 13 230 M M 1 1 22 240
30 84 56 70 12 0 5 0.00 0.0 M 4.9 15 300 M M 1 23 290
31 64 45 55 -3 10 0 0.00 0.0 M 6.3 17 300 M M 4 27 310
================================================================================
SM 2369 1591 90 64 1.23 0.0 148.1 M 74
================================================================================
AV 76.4 51.3 4.8 FASTST M M 2 MAX(MPH)
MISC ----> # 20 310 31 300
================================================================================
NOTES:
# LAST OF SEVERAL OCCURRENCES
COLUMN 17 PEAK WIND IN M.P.H.
PRELIMINARY LOCAL CLIMATOLOGICAL DATA (WS FORM: F-6) , PAGE 2
STATION: ATHENS
MONTH: OCTOBER
YEAR: 2023
LATITUDE: 33 57 N
LONGITUDE: 83 19 W
[TEMPERATURE DATA] [PRECIPITATION DATA] SYMBOLS USED IN COLUMN 16
AVERAGE MONTHLY: 63.9 TOTAL FOR MONTH: 1.23 1 = FOG OR MIST
DPTR FM NORMAL: 0.4 DPTR FM NORMAL: -2.11 2 = FOG REDUCING VISIBILITY
HIGHEST: 87 ON 6 GRTST 24HR 0.92 ON 11-12 TO 1/4 MILE OR LESS
LOWEST: 40 ON 9 3 = THUNDER
SNOW, ICE PELLETS, HAIL 4 = ICE PELLETS
TOTAL MONTH: 0.0 INCH 5 = HAIL
GRTST 24HR 0.0 6 = FREEZING RAIN OR DRIZZLE
GRTST DEPTH: M ON M 7 = DUSTSTORM OR SANDSTORM:
VSBY 1/2 MILE OR LESS
8 = SMOKE OR HAZE
[NO. OF DAYS WITH] [WEATHER - DAYS WITH] 9 = BLOWING SNOW
X = TORNADO
MAX 32 OR BELOW: 0 0.01 INCH OR MORE: 5
MAX 90 OR ABOVE: 0 0.10 INCH OR MORE: 3
MIN 32 OR BELOW: 0 0.50 INCH OR MORE: 1
MIN 0 OR BELOW: 0 1.00 INCH OR MORE: 0
[HDD (BASE 65) ]
TOTAL THIS MO. 90 CLEAR (SCALE 0-3) 19
DPTR FM NORMAL -26 PTCLDY (SCALE 4-7) 10
TOTAL FM JUL 1 90 CLOUDY (SCALE 8-10) 2
DPTR FM NORMAL -33
[CDD (BASE 65) ]
TOTAL THIS MO. 64
DPTR FM NORMAL -5 [PRESSURE DATA]
TOTAL FM JAN 1 1794 HIGHEST SLP 30.40 ON 25
DPTR FM NORMAL -150 LOWEST SLP 29.64 ON 20
[REMARKS]
#FINAL-10-23#