000
CXUS53 KGRB 171333
CF6AIG
PRELIMINARY LOCAL CLIMATOLOGICAL DATA (WS FORM: F-6)
STATION: ANTIGO AWOS
MONTH: FEBRUARY
YEAR: 2023
LATITUDE: 45 9 N
LONGITUDE: 89 8 W
TEMPERATURE IN F: :PCPN: SNOW: WIND :SUNSHINE: SKY :PK WND
================================================================================
1 2 3 4 5 6A 6B 7 8 9 10 11 12 13 14 15 16 17 18
12Z AVG MX 2MIN
DY MAX MIN AVG DEP HDD CDD WTR SNW DPTH SPD SPD DIR MIN PSBL S-S WX SPD DR
================================================================================
1 18 -11 4 -8 61 0 M M M 5.1 10 220 M M 4 M M
2 14 -6 4 -8 61 0 M M M 14.3 21 320 M M 3 8 32 320
3 3 -17 -7 -19 72 0 M M M 8.1 12 160 M M 4 18 160
4 23 -1 11 -1 54 0 M M M 7.9 15 180 M M 3 16 220
5 26 6 16 3 49 0 M M M 5.1 12 320 M M 7 16 320
6 32 6 19 6 46 0 0.07 M M 11.2 20 140 M M 5 1 28 120
7 36 25 31 18 34 0 M M M 12.5 23 300 M M 6 1 30 300
8 42 13 28 15 37 0 M M M 4.4 9 230 M M 0 M M
9 37 15 26 12 39 0 M M M 10.0 24 330 M M 7 31 330
10 30 12 21 7 44 0 M M M 11.0 16 310 M M 2 23 310
11 38 9 24 10 41 0 M M M 11.5 17 250 M M 0 26 240
12 40 11 26 12 39 0 M M M 2.3 8 240 M M 0 M M
13 38 21 30 15 35 0 M M M 8.9 15 290 M M 2 21 290
14 39 21 30 15 35 0 0.12 M M 12.2 23 140 M M 4 1 30 140
15 39 24 32 17 33 0 0.07 M M 16.1 28 290 M M 10 1 33 290
16 24 13 19 3 46 0 M M M 12.1 17 350 M M 9 23 360
17 23 9 16 0 49 0 M M M 10.3 16 350 M M 2 21 340
18 34 17 26 10 39 0 M M M 8.9 18 250 M M 1 24 250
19 37 25 31 15 34 0 0.00 0.0 0 11.2 16 310 M M 2 22 260
20 30 12 21 4 44 0 M M M 8.3 20 260 M M 6 35 260
21 30 14 22 5 43 0 0.03 0.2 T 10.3 20 290 M M 8 8 28 260
22 20 13 17 -1 48 0 0.02 M M 17.1 28 50 M M 0 30 50
23 19 6 13 -5 52 0 0.03 M M 13.8 28 60 M M 0 31 60
24 16 -22 -3 -21 68 0 M M M 3.1 8 220 M M 0 18 M M
25 24 8 16 -2 49 0 0.01 M M 9.4 16 260 M M 0 23 260
26 28 7 18 -1 47 0 M M M 7.4 15 260 M M 0 20 260
27 29 17 23 4 42 0 0.13 M M 11.9 21 90 M M 7 1 29 100
28 36 20 28 8 37 0 M M M 9.2 17 290 M M 4 1 26 290
================================================================================
SM 805 267 1278 0 0.48 0.2 273.4 M 96
================================================================================
AV 28.8 9.5 9.8 FASTST M M 3 MAX(MPH)
MISC ----> # 28 290 35 260
================================================================================
NOTES:
# LAST OF SEVERAL OCCURRENCES
COLUMN 17 PEAK WIND IN M.P.H.
PRELIMINARY LOCAL CLIMATOLOGICAL DATA (WS FORM: F-6) , PAGE 2
STATION: ANTIGO AWOS
MONTH: FEBRUARY
YEAR: 2023
LATITUDE: 45 9 N
LONGITUDE: 89 8 W
[TEMPERATURE DATA] [PRECIPITATION DATA] SYMBOLS USED IN COLUMN 16
AVERAGE MONTHLY: 19.1 TOTAL FOR MONTH: 0.48 1 = FOG OR MIST
DPTR FM NORMAL: 3.7 DPTR FM NORMAL: -0.21 2 = FOG REDUCING VISIBILITY
HIGHEST: 42 ON 8 GRTST 24HR 0.13 ON 27-27 TO 1/4 MILE OR LESS
LOWEST: -22 ON 24 3 = THUNDER
SNOW, ICE PELLETS, HAIL 4 = ICE PELLETS
TOTAL MONTH: 0.2 INCH 5 = HAIL
GRTST 24HR 0.2 ON 21-21 6 = FREEZING RAIN OR DRIZZLE
GRTST DEPTH: T 7 = DUSTSTORM OR SANDSTORM:
VSBY 1/2 MILE OR LESS
8 = SMOKE OR HAZE
[NO. OF DAYS WITH] [WEATHER - DAYS WITH] 9 = BLOWING SNOW
X = TORNADO
MAX 32 OR BELOW: 17 0.01 INCH OR MORE: 8
MAX 90 OR ABOVE: 0 0.10 INCH OR MORE: 2
MIN 32 OR BELOW: 28 0.50 INCH OR MORE: 0
MIN 0 OR BELOW: 5 1.00 INCH OR MORE: 0
[HDD (BASE 65) ]
TOTAL THIS MO. 1278 CLEAR (SCALE 0-3) 15
DPTR FM NORMAL -112 PTCLDY (SCALE 4-7) 10
TOTAL FM JUL 1 5957 CLOUDY (SCALE 8-10) 3
DPTR FM NORMAL -714
[CDD (BASE 65) ]
TOTAL THIS MO. 0
DPTR FM NORMAL 0 [PRESSURE DATA]
TOTAL FM JAN 1 0 HIGHEST SLP M ON M
DPTR FM NORMAL 0 LOWEST SLP M ON M
[REMARKS]
#FINAL-02-23#