000
CXAK56 PAJK 011310
CF6AJN
PRELIMINARY LOCAL CLIMATOLOGICAL DATA (WS FORM: F-6)
STATION: JUNEAU
MONTH: SEPTEMBER
YEAR: 2021
LATITUDE: 58 22 N
LONGITUDE: 134 35 W
TEMPERATURE IN F: :PCPN: SNOW: WIND :SUNSHINE: SKY :PK WND
================================================================================
1 2 3 4 5 6A 6B 7 8 9 10 11 12 13 14 15 16 17 18
12Z AVG MX 2MIN
DY MAX MIN AVG DEP HDD CDD WTR SNW DPTH SPD SPD DIR MIN PSBL S-S WX SPD DR
================================================================================
1 70 44 57 4 8 0 0.01 0.0 0 8.0 20 130 M M 7 12 26 140
2 57 54 56 3 9 0 1.04 0.0 0 13.2 22 110 M M 10 1 28 120
3 58 52 55 2 10 0 0.77 0.0 0 7.8 20 120 M M 10 1 24 110
4 58 52 55 3 10 0 0.15 0.0 0 5.1 17 110 M M 10 1 20 110
5 57 52 55 3 10 0 0.73 0.0 0 7.4 16 80 M M 10 1 20 100
6 59 49 54 2 11 0 0.21 0.0 0 7.2 15 80 M M 9 18 18 90
7 57 46 52 0 13 0 0.30 0.0 0 1.8 10 250 M M 8 1 13 250
8 57 51 54 2 11 0 0.21 0.0 0 5.0 13 90 M M 10 1 18 150
9 61 51 56 5 9 0 0.19 0.0 0 8.6 18 130 M M 10 1 24 130
10 58 52 55 4 10 0 0.63 0.0 0 15.5 25 130 M M 10 1 31 130
11 55 51 53 2 12 0 0.79 0.0 0 10.3 17 110 M M 10 1 26 110
12 58 51 55 4 10 0 0.18 0.0 0 9.3 22 120 M M 10 1 27 120
13 55 48 52 1 13 0 0.28 0.0 0 11.1 25 120 M M 9 1 36 120
14 50 45 48 -2 17 0 0.20 0.0 0 8.1 15 90 M M 9 1 20 100
15 56 48 52 2 13 0 0.38 0.0 0 8.3 15 90 M M 9 1 20 100
16 50 45 48 -2 17 0 0.27 0.0 0 10.8 22 120 M M 10 1 29 120
17 53 44 49 -1 16 0 0.01 0.0 0 2.2 10 240 M M 10 1 14 270
18 62 37 50 0 15 0 0.00 0.0 0 3.9 12 240 M M 5 128 14 240
19 56 40 48 -1 17 0 0.09 0.0 0 4.5 16 90 M M 8 1 18 90
20 55 50 53 4 12 0 0.68 0.0 0 16.1 25 120 M M 9 1 37 130
21 54 44 49 0 16 0 0.84 0.0 0 13.6 31 120 M M 9 18 38 120
22 48 43 46 -3 19 0 0.06 0.0 0 7.5 16 110 M M 10 1 20 110
23 53 45 49 0 16 0 0.33 0.0 0 19.9 29 110 M M 10 1 36 120
24 59 44 52 4 13 0 0.78 0.0 0 6.0 26 120 M M 8 1 34 120
25 52 40 46 -2 19 0 0.01 0.0 0 3.0 13 80 M M 9 1 14 80
26 53 38 46 -2 19 0 T 0.0 0 1.8 8 250 M M 9 10 270
27 49 44 47 -1 18 0 0.42 0.0 0 2.4 12 240 M M 10 1 14 240
28 52 34 43 -5 22 0 T 0.0 0 7.4 21 130 M M 7 1 25 130
29 51 34 43 -4 22 0 0.11 0.0 0 3.1 15 140 M M 9 1 19 130
30 50 43 47 0 18 0 0.28 M M 7.3 29 110 M M 10 1 36 110
================================================================================
SM 1663 1371 425 0 9.95 0.0 236.2 M 274
================================================================================
AV 55.4 45.7 7.9 FASTST M M 9 MAX(MPH)
MISC ----> 31 120 38 120
================================================================================
NOTES:
# LAST OF SEVERAL OCCURRENCES
COLUMN 17 PEAK WIND IN M.P.H.
PRELIMINARY LOCAL CLIMATOLOGICAL DATA (WS FORM: F-6) , PAGE 2
STATION: JUNEAU
MONTH: SEPTEMBER
YEAR: 2021
LATITUDE: 58 22 N
LONGITUDE: 134 35 W
[TEMPERATURE DATA] [PRECIPITATION DATA] SYMBOLS USED IN COLUMN 16
AVERAGE MONTHLY: 50.6 TOTAL FOR MONTH: 9.95 1 = FOG OR MIST
DPTR FM NORMAL: 0.5 DPTR FM NORMAL: 0.80 2 = FOG REDUCING VISIBILITY
HIGHEST: 70 ON 1 GRTST 24HR 1.05 ON 1- 2 TO 1/4 MILE OR LESS
LOWEST: 34 ON 29,28 3 = THUNDER
SNOW, ICE PELLETS, HAIL 4 = ICE PELLETS
TOTAL MONTH: 0.0 INCH 5 = HAIL
GRTST 24HR 0.0 6 = FREEZING RAIN OR DRIZZLE
GRTST DEPTH: 0 7 = DUSTSTORM OR SANDSTORM:
VSBY 1/2 MILE OR LESS
8 = SMOKE OR HAZE
[NO. OF DAYS WITH] [WEATHER - DAYS WITH] 9 = BLOWING SNOW
X = TORNADO
MAX 32 OR BELOW: 0 0.01 INCH OR MORE: 27
MAX 90 OR ABOVE: 0 0.10 INCH OR MORE: 22
MIN 32 OR BELOW: 0 0.50 INCH OR MORE: 8
MIN 0 OR BELOW: 0 1.00 INCH OR MORE: 1
[HDD (BASE 65) ]
TOTAL THIS MO. 425 CLEAR (SCALE 0-3) 0
DPTR FM NORMAL -22 PTCLDY (SCALE 4-7) 5
TOTAL FM JUL 1 851 CLOUDY (SCALE 8-10) 25
DPTR FM NORMAL -125
[CDD (BASE 65) ]
TOTAL THIS MO. 0
DPTR FM NORMAL 0 [PRESSURE DATA]
TOTAL FM JAN 1 6 HIGHEST SLP 30.14 ON 22
DPTR FM NORMAL 4 LOWEST SLP 29.28 ON 27
[REMARKS]
#FINAL-09-21#