000
CXAK56 PAJK 011310
CF6AJN
PRELIMINARY LOCAL CLIMATOLOGICAL DATA (WS FORM: F-6)
STATION: JUNEAU
MONTH: SEPTEMBER
YEAR: 2023
LATITUDE: 58 22 N
LONGITUDE: 134 35 W
TEMPERATURE IN F: :PCPN: SNOW: WIND :SUNSHINE: SKY :PK WND
================================================================================
1 2 3 4 5 6A 6B 7 8 9 10 11 12 13 14 15 16 17 18
12Z AVG MX 2MIN
DY MAX MIN AVG DEP HDD CDD WTR SNW DPTH SPD SPD DIR MIN PSBL S-S WX SPD DR
================================================================================
1 61 53 57 4 8 0 0.45 0.0 0 7.3 23 110 M M 10 1 31 130
2 58 50 54 1 11 0 0.26 0.0 0 5.4 16 90 M M 9 1 21 90
3 61 50 56 3 9 0 0.06 0.0 0 5.8 13 100 M M 9 1 17 90
4 56 45 51 -1 14 0 0.37 0.0 0 8.8 18 120 M M 10 1 24 120
5 63 41 52 0 13 0 0.00 0.0 0 2.6 9 100 M M 5 12 13 240
6 55 44 50 -2 15 0 0.09 0.0 0 7.5 15 80 M M 9 1 21 80
7 54 51 53 1 12 0 0.09 0.0 0 11.7 20 90 M M 10 1 24 80
8 58 52 55 3 10 0 0.25 0.0 0 11.1 20 120 M M 10 1 24 130
9 58 51 55 4 10 0 0.20 0.0 0 4.6 8 90 M M 10 12 M M
10 66 50 58 7 7 0 T 0.0 0 5.7 22 120 M M 8 12 32 110
11 61 52 57 6 8 0 0.20 0.0 0 15.4 26 110 M M 9 1 35 100
12 57 49 53 2 12 0 1.36 0.0 0 5.4 13 150 M M 10 1 19 110
13 54 48 51 0 14 0 0.36 0.0 0 12.5 25 130 M M 10 1 35 120
14 52 47 50 0 15 0 2.13 0.0 0 17.1 32 120 M M 10 1 44 120
15 58 45 52 2 13 0 0.01 0.0 0 6.5 16 100 M M 9 12 22 80
16 54 48 51 1 14 0 0.24 0.0 0 16.8 26 120 M M 10 1 34 120
17 54 50 52 2 13 0 1.25 0.0 0 24.8 39 120 M M 10 1 54 120
18 51 47 49 -1 16 0 0.68 0.0 0 13.9 26 110 M M 10 1 41 110
19 59 42 51 2 14 0 T 0.0 0 3.6 15 240 M M 6 18 250
20 53 45 49 0 16 0 1.16 0.0 0 15.8 31 120 M M 10 1 41 120
21 55 50 53 4 12 0 2.00 0.0 0 11.4 25 120 M M 10 1 37 120
22 51 46 49 0 16 0 0.49 0.0 0 9.9 22 120 M M 10 1 30 130
23 53 43 48 -1 17 0 0.02 0.0 0 5.6 14 100 M M 8 1 19 140
24 49 43 46 -2 19 0 0.30 0.0 0 2.3 12 100 M M 10 1 15 100
25 56 38 47 -1 18 0 0.00 0.0 0 1.7 10 240 M M 8 12 13 240
26 52 37 45 -3 20 0 0.23 0.0 0 1.2 10 240 M M 9 12 11 240
27 53 47 50 2 15 0 0.86 0.0 0 13.7 40 110 M M 10 1 57 100
28 52 41 47 -1 18 0 0.01 0.0 0 3.4 13 90 M M 9 12 15 80
29 49 42 46 -1 19 0 0.12 0.0 0 5.1 10 110 M M 9 1 14 110
30 49 43 46 -1 19 0 0.45 0.0 0 11.3 26 110 M M 10 1 35 110
================================================================================
SM 1662 1390 417 0 13.64 0.0 267.9 M 277
================================================================================
AV 55.4 46.3 8.9 FASTST M M 9 MAX(MPH)
MISC ----> 40 110 57 100
================================================================================
NOTES:
# LAST OF SEVERAL OCCURRENCES
COLUMN 17 PEAK WIND IN M.P.H.
PRELIMINARY LOCAL CLIMATOLOGICAL DATA (WS FORM: F-6) , PAGE 2
STATION: JUNEAU
MONTH: SEPTEMBER
YEAR: 2023
LATITUDE: 58 22 N
LONGITUDE: 134 35 W
[TEMPERATURE DATA] [PRECIPITATION DATA] SYMBOLS USED IN COLUMN 16
AVERAGE MONTHLY: 50.9 TOTAL FOR MONTH: 13.64 1 = FOG OR MIST
DPTR FM NORMAL: 0.8 DPTR FM NORMAL: 4.49 2 = FOG REDUCING VISIBILITY
HIGHEST: 66 ON 10 GRTST 24HR 2.21 ON 13-14 TO 1/4 MILE OR LESS
LOWEST: 37 ON 26 3 = THUNDER
SNOW, ICE PELLETS, HAIL 4 = ICE PELLETS
TOTAL MONTH: 0.0 INCH 5 = HAIL
GRTST 24HR 0.0 6 = FREEZING RAIN OR DRIZZLE
GRTST DEPTH: 0 7 = DUSTSTORM OR SANDSTORM:
VSBY 1/2 MILE OR LESS
8 = SMOKE OR HAZE
[NO. OF DAYS WITH] [WEATHER - DAYS WITH] 9 = BLOWING SNOW
X = TORNADO
MAX 32 OR BELOW: 0 0.01 INCH OR MORE: 26
MAX 90 OR ABOVE: 0 0.10 INCH OR MORE: 20
MIN 32 OR BELOW: 0 0.50 INCH OR MORE: 7
MIN 0 OR BELOW: 0 1.00 INCH OR MORE: 5
[HDD (BASE 65) ]
TOTAL THIS MO. 417 CLEAR (SCALE 0-3) 0
DPTR FM NORMAL -30 PTCLDY (SCALE 4-7) 3
TOTAL FM JUL 1 749 CLOUDY (SCALE 8-10) 27
DPTR FM NORMAL -227
[CDD (BASE 65) ]
TOTAL THIS MO. 0
DPTR FM NORMAL 0 [PRESSURE DATA]
TOTAL FM JAN 1 8 HIGHEST SLP 30.16 ON 30
DPTR FM NORMAL 6 LOWEST SLP 29.06 ON 17
[REMARKS]
#FINAL-09-23#