000
CXUS56 KSGX 011045
CF6AJO
PRELIMINARY LOCAL CLIMATOLOGICAL DATA (WS FORM: F-6)
STATION: CORONA AIRPORT CA
MONTH: APRIL
YEAR: 2022
LATITUDE: 33 53 N
LONGITUDE: 117-36 E
TEMPERATURE IN F: :PCPN: SNOW: WIND :SUNSHINE: SKY :PK WND
================================================================================
1 2 3 4 5 6A 6B 7 8 9 10 11 12 13 14 15 16 17 18
12Z AVG MX 2MIN
DY MAX MIN AVG DEP HDD CDD WTR SNW DPTH SPD SPD DIR MIN PSBL S-S WX SPD DR
================================================================================
1 74 53 64 M 1 0 0.00 M M 5.7 14 270 M M 4 21 270
2 69 49 59 M 6 0 0.00 M M 5.3 12 260 M M 8 16 260
3 70 56 63 M 2 0 0.00 M M 6.9 10 250 M M 8 18 250
4 76 49 63 M 2 0 0.00 M M 3.7 17 280 M M 2 18 22 280
5 81 46 64 M 1 0 0.00 M M 4.8 14 310 M M 0 1 17 310
6 98 48 73 M 0 8 0.00 M M 5.7 14 70 M M 0 22 70
7 97 67 82 M 0 17 0.00 M M 13.1 20 30 M M 0 30 20
8 100 60 80 M 0 15 0.00 M M 6.9 13 240 M M 0 8 21 250
9 89 51 70 M 0 5 0.00 M M 5.3 15 280 M M 0 1 25 260
10 71 57 64 M 1 0 0.00 M M 8.0 16 270 M M 7 18 23 280
11 70 53 62 M 3 0 T M M 7.0 14 270 M M 9 21 270
12 71 47 59 M 6 0 0.00 M M 6.4 17 250 M M 2 25 250
13 74 35 55 M 10 0 0.00 M M 4.9 14 280 M M 0 17 270
14 74 38 56 M 9 0 0.00 M M 4.9 16 290 M M 0 8 21 280
15 75 41 58 M 7 0 0.00 M M 4.7 18 280 M M 0 24 280
16 71 46 59 M 6 0 0.00 M M 5.6 14 260 M M 2 21 240
17 80 54 67 M 0 2 0.00 M M 4.7 13 290 M M 3 18 270
18 82 46 64 M 1 0 0.00 M M 5.2 16 290 M M 0 22 270
19 77 53 65 M 0 0 0.00 M M 4.6 15 280 M M 0 20 250
20 73 51 62 M 3 0 0.00 M M 6.6 17 280 M M 4 24 280
21 72 44 58 M 7 0 0.00 M M 6.9 18 260 M M 2 30 250
22 66 50 58 M 7 0 0.13 M M 8.1 15 250 M M 5 1 25 260
23 81 43 62 M 3 0 0.00 M M 4.0 14 270 M M 0 18 250
24 87 43 65 M 0 0 0.00 M M 5.7 21 40 M M 0 29 30
25 90 55 73 M 0 8 0.00 M M 4.3 16 250 M M 0 22 250
26 85 49 67 M 0 2 0.00 M M 5.2 13 280 M M 0 23 280
27 76 51 64 M 1 0 0.00 M M 6.9 16 270 M M 1 1 25 270
28 71 51 61 M 4 0 0.00 M M 5.5 13 260 M M 6 1 18 240
29 78 47 63 M 2 0 0.00 M M 4.5 16 270 M M 2 20 290
30 84 46 65 M 0 0 0.00 M M 5.2 16 270 M M 0 25 280
================================================================================
SM 2362 1479 82 57 0.13 M 176.0 M 65
================================================================================
AV 78.7 49.3 5.9 FASTST M M 2 MAX(MPH)
MISC ----> 21 40 # 30 20
================================================================================
NOTES:
# LAST OF SEVERAL OCCURRENCES
COLUMN 17 PEAK WIND IN M.P.H.
PRELIMINARY LOCAL CLIMATOLOGICAL DATA (WS FORM: F-6) , PAGE 2
STATION: CORONA AIRPORT CA
MONTH: APRIL
YEAR: 2022
LATITUDE: 33 53 N
LONGITUDE: 117-36 E
[TEMPERATURE DATA] [PRECIPITATION DATA] SYMBOLS USED IN COLUMN 16
AVERAGE MONTHLY: 64.0 TOTAL FOR MONTH: 0.13 1 = FOG OR MIST
DPTR FM NORMAL: 0.0 DPTR FM NORMAL: M 2 = FOG REDUCING VISIBILITY
HIGHEST: 100 ON 8 GRTST 24HR 0.13 ON 22-22 TO 1/4 MILE OR LESS
LOWEST: 35 ON 13 3 = THUNDER
SNOW, ICE PELLETS, HAIL 4 = ICE PELLETS
TOTAL MONTH: M 5 = HAIL
GRTST 24HR M ON M 6 = FREEZING RAIN OR DRIZZLE
GRTST DEPTH: M ON M 7 = DUSTSTORM OR SANDSTORM:
VSBY 1/2 MILE OR LESS
8 = SMOKE OR HAZE
[NO. OF DAYS WITH] [WEATHER - DAYS WITH] 9 = BLOWING SNOW
X = TORNADO
MAX 32 OR BELOW: 0 0.01 INCH OR MORE: 1
MAX 90 OR ABOVE: 4 0.10 INCH OR MORE: 1
MIN 32 OR BELOW: 0 0.50 INCH OR MORE: 0
MIN 0 OR BELOW: 0 1.00 INCH OR MORE: 0
[HDD (BASE 65) ]
TOTAL THIS MO. 82 CLEAR (SCALE 0-3) 21
DPTR FM NORMAL M PTCLDY (SCALE 4-7) 6
TOTAL FM JUL 1 1376 CLOUDY (SCALE 8-10) 3
DPTR FM NORMAL M
[CDD (BASE 65) ]
TOTAL THIS MO. 57
DPTR FM NORMAL M [PRESSURE DATA]
TOTAL FM JAN 1 97 HIGHEST SLP M ON M
DPTR FM NORMAL M LOWEST SLP M ON M
[REMARKS]
#FINAL-04-22#