000
CXUS56 KSGX 011045
CF6AJO
PRELIMINARY LOCAL CLIMATOLOGICAL DATA (WS FORM: F-6)
STATION: CORONA AIRPORT CA
MONTH: JULY
YEAR: 2021
LATITUDE: 33 53 N
LONGITUDE: 117-36 E
TEMPERATURE IN F: :PCPN: SNOW: WIND :SUNSHINE: SKY :PK WND
================================================================================
1 2 3 4 5 6A 6B 7 8 9 10 11 12 13 14 15 16 17 18
12Z AVG MX 2MIN
DY MAX MIN AVG DEP HDD CDD WTR SNW DPTH SPD SPD DIR MIN PSBL S-S WX SPD DR
================================================================================
1 95 60 78 M 0 13 0.00 M M 5.7 16 280 M M 0 23 290
2 93 62 78 M 0 13 0.00 M M 7.0 23 280 M M 0 1 29 280
3 92 64 78 M 0 13 0.00 M M 7.6 18 280 M M 0 25 280
4 86 59 73 M 0 8 0.00 M M 7.1 18 290 M M 0 8 23 300
5 88 60 74 M 0 9 0.00 M M 8.0 16 290 M M 0 18 23 290
6 90 60 75 M 0 10 0.00 M M 7.5 14 290 M M 0 22 290
7 88 62 75 M 0 10 0.00 M M 8.0 17 300 M M 0 24 290
8 91 62 77 M 0 12 0.00 M M 7.9 17 290 M M 0 23 270
9 94 65 80 M 0 15 0.00 M M 6.9 17 280 M M 0 23 280
10 94 67 81 M 0 16 0.00 M M 7.6 20 280 M M 0 25 280
11 92 66 79 M 0 14 0.00 M M 7.0 17 270 M M 0 28 270
12 88 63 76 M 0 11 0.00 M M 7.5 18 280 M M 0 25 290
13 91 64 78 M 0 13 0.00 M M 6.6 18 290 M M 0 26 280
14 90 67 79 M 0 14 0.00 M M 8.3 18 290 M M 0 25 290
15 90 63 77 M 0 12 0.00 M M 7.6 16 280 M M 0 24 270
16 90 62 76 M 0 11 0.00 M M 6.8 18 300 M M 0 25 300
17 92 64 78 M 0 13 0.00 M M 7.9 18 290 M M 0 24 290
18 95 69 82 M 0 17 0.00 M M 7.0 16 280 M M 1 22 280
19 96 68 82 M 0 17 0.00 M M 6.8 17 270 M M 0 25 270
20 94 66 80 M 0 15 0.00 M M 7.5 21 280 M M 0 24 280
21 95 68 82 M 0 17 0.00 M M 8.1 22 280 M M 0 26 280
22 91 68 80 M 0 15 0.00 M M 7.9 17 270 M M 0 25 270
23 90 63 77 M 0 12 0.00 M M 7.0 18 280 M M 0 26 270
24 86 62 74 M 0 9 0.00 M M 6.1 13 290 M M 0 20 270
25 87 62 75 M 0 10 0.00 M M 6.3 16 290 M M 0 22 280
26 85 66 76 M 0 11 0.04 M M 6.5 18 270 M M 2 25 270
27 91 65 78 M 0 13 0.00 M M 6.7 17 290 M M 0 26 280
28 93 63 78 M 0 13 0.00 M M 7.1 17 290 M M 0 25 290
29 95 60 78 M 0 13 0.00 M M 6.5 16 270 M M 0 24 270
30 96 62 79 M 0 14 0.00 M M 7.0 16 300 M M 0 22 300
31 94 62 78 M 0 13 0.00 M M 6.9 21 280 M M 0 23 300
================================================================================
SM 2832 1974 0 396 0.04 M 222.1 M 3
================================================================================
AV 91.4 63.7 7.2 FASTST M M 0 MAX(MPH)
MISC ----> 23 280 29 280
================================================================================
NOTES:
# LAST OF SEVERAL OCCURRENCES
COLUMN 17 PEAK WIND IN M.P.H.
PRELIMINARY LOCAL CLIMATOLOGICAL DATA (WS FORM: F-6) , PAGE 2
STATION: CORONA AIRPORT CA
MONTH: JULY
YEAR: 2021
LATITUDE: 33 53 N
LONGITUDE: 117-36 E
[TEMPERATURE DATA] [PRECIPITATION DATA] SYMBOLS USED IN COLUMN 16
AVERAGE MONTHLY: 77.5 TOTAL FOR MONTH: 0.04 1 = FOG OR MIST
DPTR FM NORMAL: 0.0 DPTR FM NORMAL: M 2 = FOG REDUCING VISIBILITY
HIGHEST: 96 ON 30,19 GRTST 24HR 0.04 ON 26-26 TO 1/4 MILE OR LESS
LOWEST: 59 ON 4 3 = THUNDER
SNOW, ICE PELLETS, HAIL 4 = ICE PELLETS
TOTAL MONTH: M 5 = HAIL
GRTST 24HR M ON M 6 = FREEZING RAIN OR DRIZZLE
GRTST DEPTH: M ON M 7 = DUSTSTORM OR SANDSTORM:
VSBY 1/2 MILE OR LESS
8 = SMOKE OR HAZE
[NO. OF DAYS WITH] [WEATHER - DAYS WITH] 9 = BLOWING SNOW
X = TORNADO
MAX 32 OR BELOW: 0 0.01 INCH OR MORE: 1
MAX 90 OR ABOVE: 24 0.10 INCH OR MORE: 0
MIN 32 OR BELOW: 0 0.50 INCH OR MORE: 0
MIN 0 OR BELOW: 0 1.00 INCH OR MORE: 0
[HDD (BASE 65) ]
TOTAL THIS MO. 0 CLEAR (SCALE 0-3) 31
DPTR FM NORMAL M PTCLDY (SCALE 4-7) 0
TOTAL FM JUL 1 0 CLOUDY (SCALE 8-10) 0
DPTR FM NORMAL M
[CDD (BASE 65) ]
TOTAL THIS MO. 396
DPTR FM NORMAL M [PRESSURE DATA]
TOTAL FM JAN 1 681 HIGHEST SLP M ON M
DPTR FM NORMAL M LOWEST SLP M ON M
[REMARKS]
#FINAL-07-21#