000
CXAK56 PAFC 011010
CF6AKN
PRELIMINARY LOCAL CLIMATOLOGICAL DATA (WS FORM: F-6)
STATION: KING SALMON
MONTH: MARCH
YEAR: 2024
LATITUDE: 58 41 N
LONGITUDE: 156 39 W
TEMPERATURE IN F: :PCPN: SNOW: WIND :SUNSHINE: SKY :PK WND
================================================================================
1 2 3 4 5 6A 6B 7 8 9 10 11 12 13 14 15 16 17 18
12Z AVG MX 2MIN
DY MAX MIN AVG DEP HDD CDD WTR SNW DPTH SPD SPD DIR MIN PSBL S-S WX SPD DR
================================================================================
1 8 -6 1 -21 64 0 0.00 M M 10.2 25 360 M M 0 33 350
2 17 -11 3 -19 62 0 0.00 M M 4.5 12 360 M M 1 14 340
3 42 17 30 8 35 0 T M M 9.2 16 100 M M 9 8 21 100
4 41 24 33 11 32 0 0.28 M M 8.3 20 180 M M 9 18 28 190
5 39 18 29 7 36 0 0.02 M M 8.1 20 360 M M 6 128 26 360
6 37 19 28 6 37 0 0.00 M M 4.3 12 130 M M 7 8 14 140
7 36 25 31 9 34 0 0.04 M M 10.0 18 360 M M 9 8 24 360
8 29 12 21 -1 44 0 0.00 M M 11.4 22 360 M M 1 8 28 350
9 22 8 15 -7 50 0 0.00 M M 9.0 16 340 M M 4 19 340
10 15 -4 6 -16 59 0 T M M 13.0 22 350 M M 4 30 360
11 10 1 6 -16 59 0 T M M 15.9 28 350 M M 6 89 35 340
12 15 -2 7 -15 58 0 0.00 M M 8.9 20 350 M M 0 26 350
13 20 -4 8 -14 57 0 0.00 M M 3.8 10 350 M M 3 8 13 350
14 27 4 16 -6 49 0 T M M 5.0 10 360 M M 4 13 340
15 25 -6 10 -12 55 0 T M M 4.5 13 350 M M 3 16 350
16 24 6 15 -8 50 0 0.00 M M 12.0 22 350 M M 7 27 360
17 31 -3 14 -9 51 0 0.00 M M 3.9 12 240 M M 6 14 230
18 37 12 25 2 40 0 T M M 5.1 14 80 M M 5 8 19 80
19 45 23 34 11 31 0 0.00 M M 17.4 41 150 M M 2 54 160
20 45 41 43 20 22 0 0.00 M M 15.4 31 140 M M 4 41 150
21 47 34 41 17 24 0 0.00 M M 13.2 39 150 M M 4 53 150
22 47 38 43 19 22 0 0.03 M M 12.5 37 150 M M 8 8 46 150
23 49 42 46 22 19 0 0.03 M M 21.2 29 100 M M 10 44 90
24 50 40 45 20 20 0 T M M 9.9 21 100 M M 10 31 110
25 46 35 41 16 24 0 0.09 M M 6.4 16 210 M M 10 8 20 180
26 35 22 29 4 36 0 0.03 M M 9.4 16 220 M M 7 8 22 230
27 37 19 28 2 37 0 0.00 M M 4.9 13 360 M M 2 18 10
28 45 14 30 4 35 0 0.00 M M 6.8 28 160 M M 2 8 35 160
29 50 38 44 17 21 0 0.11 M M 14.9 30 130 M M 10 8 41 110
30 41 34 38 11 27 0 0.73 M M 14.4 38 260 M M 10 18 58 250
31 43 30 37 9 28 0 0.01 M M 14.9 26 230 M M 9 8 37 220
================================================================================
SM 1055 520 1218 0 1.37 M 308.4 M 172
================================================================================
AV 34.0 16.8 9.9 FASTST M M 6 MAX(MPH)
MISC ----> 41 150 58 250
================================================================================
NOTES:
# LAST OF SEVERAL OCCURRENCES
COLUMN 17 PEAK WIND IN M.P.H.
PRELIMINARY LOCAL CLIMATOLOGICAL DATA (WS FORM: F-6) , PAGE 2
STATION: KING SALMON
MONTH: MARCH
YEAR: 2024
LATITUDE: 58 41 N
LONGITUDE: 156 39 W
[TEMPERATURE DATA] [PRECIPITATION DATA] SYMBOLS USED IN COLUMN 16
AVERAGE MONTHLY: 25.4 TOTAL FOR MONTH: 1.37 1 = FOG OR MIST
DPTR FM NORMAL: 1.9 DPTR FM NORMAL: 0.61 2 = FOG REDUCING VISIBILITY
HIGHEST: 50 ON 29,24 GRTST 24HR 0.73 ON 29-30 TO 1/4 MILE OR LESS
LOWEST: -11 ON 2 3 = THUNDER
SNOW, ICE PELLETS, HAIL 4 = ICE PELLETS
TOTAL MONTH: M 5 = HAIL
GRTST 24HR M ON M 6 = FREEZING RAIN OR DRIZZLE
GRTST DEPTH: M ON M 7 = DUSTSTORM OR SANDSTORM:
VSBY 1/2 MILE OR LESS
8 = SMOKE OR HAZE
[NO. OF DAYS WITH] [WEATHER - DAYS WITH] 9 = BLOWING SNOW
X = TORNADO
MAX 32 OR BELOW: 12 0.01 INCH OR MORE: 10
MAX 90 OR ABOVE: 0 0.10 INCH OR MORE: 3
MIN 32 OR BELOW: 23 0.50 INCH OR MORE: 1
MIN 0 OR BELOW: 7 1.00 INCH OR MORE: 0
[HDD (BASE 65) ]
TOTAL THIS MO. 1218 CLEAR (SCALE 0-3) 9
DPTR FM NORMAL -68 PTCLDY (SCALE 4-7) 13
TOTAL FM JUL 1 8268 CLOUDY (SCALE 8-10) 9
DPTR FM NORMAL -285
[CDD (BASE 65) ]
TOTAL THIS MO. 0
DPTR FM NORMAL 0 [PRESSURE DATA]
TOTAL FM JAN 1 0 HIGHEST SLP M ON M
DPTR FM NORMAL 0 LOWEST SLP 28.69 ON 30
[REMARKS]
#FINAL-03-24#