000
CXAK56 PAFC 011434
CF6AKN
PRELIMINARY LOCAL CLIMATOLOGICAL DATA (WS FORM: F-6)
STATION: KING SALMON
MONTH: AUGUST
YEAR: 2021
LATITUDE: 58 41 N
LONGITUDE: 156 39 W
TEMPERATURE IN F: :PCPN: SNOW: WIND :SUNSHINE: SKY :PK WND
================================================================================
1 2 3 4 5 6A 6B 7 8 9 10 11 12 13 14 15 16 17 18
12Z AVG MX 2MIN
DY MAX MIN AVG DEP HDD CDD WTR SNW DPTH SPD SPD DIR MIN PSBL S-S WX SPD DR
================================================================================
1 73 49 61 4 4 0 T M M 11.5 25 170 M M 2 1 33 170
2 79 44 62 5 3 0 0.00 M M 3.8 12 210 M M 1 12 16 210
3 73 40 57 0 8 0 0.00 M M 3.5 9 200 M M 2 12 M M
4 67 41 54 -3 11 0 0.00 M M 5.5 14 240 M M 3 18 18 240
5 56 51 54 -3 11 0 0.14 M M 6.8 15 200 M M 10 1 20 200
6 65 45 55 -1 10 0 0.05 M M 5.3 15 250 M M 8 1 19 250
7 58 42 50 -6 15 0 T M M 4.7 14 160 M M 7 1 18 160
8 61 49 55 -1 10 0 0.08 M M 9.4 22 180 M M 9 18 26 170
9 57 47 52 -4 13 0 0.33 M M 6.9 14 180 M M 9 1 18 180
10 59 46 53 -3 12 0 T M M 9.4 20 240 M M 9 1 27 210
11 55 47 51 -5 14 0 0.23 M M 4.3 9 260 M M 10 1 12 310
12 62 42 52 -4 13 0 T M M 9.6 20 260 M M 9 1 25 250
13 59 40 50 -6 15 0 0.05 M M 9.1 18 250 M M 7 1 28 260
14 59 39 49 -7 16 0 0.00 M M 8.3 16 270 M M 8 26 330
15 58 43 51 -5 14 0 T M M 9.7 16 260 M M 10 18 28 260
16 54 48 51 -5 14 0 0.20 M M 7.7 21 160 M M 9 1 29 170
17 62 44 53 -3 12 0 T M M 4.6 10 20 M M 10 1 17 360
18 65 32 49 -7 16 0 0.00 M M 3.2 14 280 M M 3 12 16 280
19 57 43 50 -6 15 0 T M M 10.5 20 220 M M 9 128 24 220
20 61 37 49 -7 16 0 0.02 M M 7.6 16 270 M M 6 1 21 300
21 61 37 49 -6 16 0 T M M 4.5 9 20 M M 6 1 11 30
22 65 53 59 4 6 0 0.22 M M 6.1 16 190 M M 10 1 22 180
23 55 50 53 -2 12 0 0.07 M M 8.1 14 210 M M 10 1 18 210
24 57 49 53 -2 12 0 0.03 M M 6.9 13 210 M M 9 18 15 210
25 59 51 55 0 10 0 0.05 M M 9.6 15 240 M M 9 1 19 240
26 55 48 52 -3 13 0 0.02 M M 9.3 15 220 M M 10 1 19 190
27 55 32 44 -10 21 0 0.05 M M 10.5 24 360 M M 5 1 31 340
28 57 26 42 -12 23 0 0.00 M M 4.8 14 270 M M 1 1 20 290
29 62 40 51 -3 14 0 0.00 M M 5.1 13 240 M M 6 12 16 240
30 60 46 53 -1 12 0 T M M 3.4 10 160 M M 9 13 160
31 60 44 52 -2 13 0 T M M 6.1 20 80 M M 7 12 27 80
================================================================================
SM 1886 1345 394 0 1.54 M 215.8 M 223
================================================================================
AV 60.8 43.4 7.0 FASTST M M 7 MAX(MPH)
MISC ----> 25 170 33 170
================================================================================
NOTES:
# LAST OF SEVERAL OCCURRENCES
COLUMN 17 PEAK WIND IN M.P.H.
PRELIMINARY LOCAL CLIMATOLOGICAL DATA (WS FORM: F-6) , PAGE 2
STATION: KING SALMON
MONTH: AUGUST
YEAR: 2021
LATITUDE: 58 41 N
LONGITUDE: 156 39 W
[TEMPERATURE DATA] [PRECIPITATION DATA] SYMBOLS USED IN COLUMN 16
AVERAGE MONTHLY: 52.1 TOTAL FOR MONTH: 1.54 1 = FOG OR MIST
DPTR FM NORMAL: -3.6 DPTR FM NORMAL: -1.72 2 = FOG REDUCING VISIBILITY
HIGHEST: 79 ON 2 GRTST 24HR 0.35 ON 8- 9 TO 1/4 MILE OR LESS
LOWEST: 26 ON 28 3 = THUNDER
SNOW, ICE PELLETS, HAIL 4 = ICE PELLETS
TOTAL MONTH: M 5 = HAIL
GRTST 24HR M ON M 6 = FREEZING RAIN OR DRIZZLE
GRTST DEPTH: M ON M 7 = DUSTSTORM OR SANDSTORM:
VSBY 1/2 MILE OR LESS
8 = SMOKE OR HAZE
[NO. OF DAYS WITH] [WEATHER - DAYS WITH] 9 = BLOWING SNOW
X = TORNADO
MAX 32 OR BELOW: 0 0.01 INCH OR MORE: 14
MAX 90 OR ABOVE: 0 0.10 INCH OR MORE: 5
MIN 32 OR BELOW: 3 0.50 INCH OR MORE: 0
MIN 0 OR BELOW: 0 1.00 INCH OR MORE: 0
[HDD (BASE 65) ]
TOTAL THIS MO. 394 CLEAR (SCALE 0-3) 4
DPTR FM NORMAL 103 PTCLDY (SCALE 4-7) 10
TOTAL FM JUL 1 694 CLOUDY (SCALE 8-10) 17
DPTR FM NORMAL 146
[CDD (BASE 65) ]
TOTAL THIS MO. 0
DPTR FM NORMAL -1 [PRESSURE DATA]
TOTAL FM JAN 1 0 HIGHEST SLP 30.29 ON 20
DPTR FM NORMAL -3 LOWEST SLP 29.29 ON 9
[REMARKS]
#FINAL-08-21#