714
CXUS55 KBOU 010735
CF6AKO
PRELIMINARY LOCAL CLIMATOLOGICAL DATA (WS FORM: F-6)
STATION: AKRON CO
MONTH: AUGUST
YEAR: 2020
LATITUDE: 40 10 N
LONGITUDE: 103 13 W
TEMPERATURE IN F: :PCPN: SNOW: WIND :SUNSHINE: SKY :PK WND
================================================================================
1 2 3 4 5 6A 6B 7 8 9 10 11 12 13 14 15 16 17 18
12Z AVG MX 2MIN
DY MAX MIN AVG DEP HDD CDD WTR SNW DPTH SPD SPD DIR MIN PSBL S-S WX SPD DR
================================================================================
1 87 59 73 -1 0 8 0.00 M M 10.0 21 30 M M 0 3 28 40
2 82 57 70 -4 0 5 0.00 M M 13.8 22 110 M M 2 1 29 140
3 84 58 71 -3 0 6 0.00 M M 17.3 28 170 M M 0 38 150
4 88 60 74 0 0 9 T M M 13.9 28 180 M M 0 45 290
5 91 59 75 1 0 10 0.74 M M 11.2 49 260 M M 0 13 63 280
6 91 61 76 2 0 11 T M M 11.8 25 50 M M 0 35 200
7 97 58 78 5 0 13 0.00 M M 12.3 21 260 M M 1 12 28 180
8 94 64 79 6 0 14 0.00 M M 9.8 22 330 M M 0 3 28 130
9 98 61 80 7 0 15 0.00 M M 9.9 20 110 M M 0 25 110
10 85 57 71 -2 0 6 0.00 M M 11.6 17 150 M M 0 1 27 160
11 98 63 81 8 0 16 T M M 14.4 30 100 M M 1 138 45 170
12 94 62 78 5 0 13 0.00 M M 15.5 25 190 M M 0 38 160
13 97 59 78 5 0 13 0.00 M M 11.5 20 260 M M 1 1 25 240
14 87 64 76 3 0 11 0.00 M M 14.3 25 360 M M 0 36 20
15 90 61 76 4 0 11 0.02 M M 12.1 32 100 M M 2 3 40 100
16 94 63 79 7 0 14 0.07 M M 9.1 23 120 M M 1 3 32 120
17 93 59 76 4 0 11 0.00 M M 12.0 23 130 M M 0 35 120
18 97 64 81 9 0 16 0.00 M M 11.1 21 230 M M 0 29 230
19 94 64 79 7 0 14 0.31 M M 9.9 41 340 M M 1 13 58 340
20 90 58 74 2 0 9 0.00 M M 5.8 29 270 M M 0 3 40 250
21 94 59 77 5 0 12 0.00 M M 10.0 23 250 M M 0 32 250
22 96 65 81 10 0 16 0.00 M M 9.5 18 270 M M 0 8 25 250
23 96 59 78 7 0 13 0.00 M M 10.8 21 120 M M 0 28 120
24 100 61 81 10 0 16 0.00 M M 8.9 26 170 M M 1 36 170
25 99 67 83 12 0 18 0.00 M M 8.6 25 320 M M 0 40 350
26 97 66 82 12 0 17 T M M 12.4 31 220 M M 0 43 220
27 95 60 78 8 0 13 0.00 M M 9.6 17 140 M M 0 26 140
28 83 60 72 2 0 7 0.02 M M 15.7 32 360 M M 3 42 10
29 85 53 69 -1 0 4 0.42 M M 12.0 35 170 M M 1 13 47 180
30 93 54 74 4 0 9 0.00 M M 16.3 37 20 M M 0 49 290
31 78 44 61 -8 4 0 0.05 M 0 11.7 29 10 M M 4 3 39 140
================================================================================
SM 2847 1859 4 350 1.63 M 362.8 M 18
================================================================================
AV 91.8 60.0 11.7 FASTST M M 1 MAX(MPH)
MISC ----> # 49 260 # 63 280
================================================================================
NOTES:
# LAST OF SEVERAL OCCURRENCES
COLUMN 17 PEAK WIND IN M.P.H.
PRELIMINARY LOCAL CLIMATOLOGICAL DATA (WS FORM: F-6) , PAGE 2
STATION: AKRON CO
MONTH: AUGUST
YEAR: 2020
LATITUDE: 40 10 N
LONGITUDE: 103 13 W
[TEMPERATURE DATA] [PRECIPITATION DATA] SYMBOLS USED IN COLUMN 16
AVERAGE MONTHLY: 75.9 TOTAL FOR MONTH: 1.63 1 = FOG OR MIST
DPTR FM NORMAL: 3.8 DPTR FM NORMAL: -0.67 2 = FOG REDUCING VISIBILITY
HIGHEST: 100 ON 24 GRTST 24HR 0.74 ON 5- 5 TO 1/4 MILE OR LESS
LOWEST: 44 ON 31 3 = THUNDER
SNOW, ICE PELLETS, HAIL 4 = ICE PELLETS
TOTAL MONTH: M 5 = HAIL
GRTST 24HR M ON M 6 = FREEZING RAIN OR DRIZZLE
GRTST DEPTH: 0 7 = DUSTSTORM OR SANDSTORM:
VSBY 1/2 MILE OR LESS
8 = SMOKE OR HAZE
[NO. OF DAYS WITH] [WEATHER - DAYS WITH] 9 = BLOWING SNOW
X = TORNADO
MAX 32 OR BELOW: 0 0.01 INCH OR MORE: 7
MAX 90 OR ABOVE: 22 0.10 INCH OR MORE: 3
MIN 32 OR BELOW: 0 0.50 INCH OR MORE: 1
MIN 0 OR BELOW: 0 1.00 INCH OR MORE: 0
[HDD (BASE 65) ]
TOTAL THIS MO. 4 CLEAR (SCALE 0-3) 30
DPTR FM NORMAL -9 PTCLDY (SCALE 4-7) 1
TOTAL FM JUL 1 5 CLOUDY (SCALE 8-10) 0
DPTR FM NORMAL -15
[CDD (BASE 65) ]
TOTAL THIS MO. 350
DPTR FM NORMAL 117 [PRESSURE DATA]
TOTAL FM JAN 1 976 HIGHEST SLP M ON M
DPTR FM NORMAL 302 LOWEST SLP 29.55 ON 30
[REMARKS]
#FINAL-08-20#