000
CXUS51 KALY 010826
CLMALB
CLIMATE REPORT
NATIONAL WEATHER SERVICE ALBANY NY
426 AM EDT WED NOV 01 2023
...................................
...THE ALBANY NY CLIMATE SUMMARY FOR THE MONTH OF OCTOBER 2023...
CLIMATE NORMAL PERIOD: 1991 TO 2020
CLIMATE RECORD PERIOD: 1874 TO 2023
WEATHER OBSERVED NORMAL DEPART LAST YEAR`S
VALUE DATE(S) VALUE FROM VALUE DATE(S)
NORMAL
................................................................
TEMPERATURE (F)
RECORD
HIGH 91 10/05/1941
LOW 16 10/24/1969
HIGHEST 86 10/04 76 10/26
LOWEST 32 10/31 28 10/30
AVG. MAXIMUM 66.4 61.6 4.8 63.4
AVG. MINIMUM 48.0 41.1 6.9 41.2
MEAN 57.2 51.4 5.8 52.3
DAYS MAX >= 90 0 0.0 0.0 0
DAYS MAX <= 32 0 0.0 0.0 0
DAYS MIN <= 32 1 5.3 -4.3 3
DAYS MIN <= 0 0 0.0 0.0 0
PRECIPITATION (INCHES)
RECORD
MAXIMUM 13.48 1869
MINIMUM 0.09 1924
TOTALS 3.39 3.85 -0.46 3.15
DAILY AVG. 0.11 0.10
DAYS >= .01 10 11.2 -1.2 9
DAYS >= .10 5 6.4 -1.4 6
DAYS >= .50 3 2.6 0.4 1
DAYS >= 1.00 2 1.1 0.9 1
GREATEST
24 HR. TOTAL 1.18 10/20 TO 10/21
SNOWFALL (INCHES)
RECORDS
TOTAL 6.5 1987
24 HR TOTAL 6.5 10/04/1987 TO 10/04/1987
SNOW DEPTH 4 10/30/2011
10/29/2011
TOTALS 0.0 0.3 -0.3 0.0
SINCE 7/1 0.0 0.3 -0.3 MM
SNOWDEPTH AVG. 0
DAYS >= TRACE 0 0.2 -0.2 0
DAYS >= 1.0 0 0.1 -0.1 0
GREATEST
SNOW DEPTH 0 0 MM
24 HR TOTAL MM
DEGREE DAYS
HEATING TOTAL 263 428 -165 388
SINCE 7/1 343 557 -214 MM
COOLING TOTAL 29 5 24 3
SINCE 1/1 847 719 128 MM
................................................................
WIND (MPH)
AVERAGE WIND SPEED 5.7
HIGHEST WIND SPEED/DIRECTION 24/260 DATE 10/07
24/270 10/21
HIGHEST GUST SPEED/DIRECTION 35/280 DATE 10/21
SKY COVER
AVERAGE SKY COVER 0.68
AVERAGE RH (PERCENT) 70
WEATHER CONDITIONS. NUMBER OF DAYS WITH
THUNDERSTORM 0 MIXED PRECIP 0
HEAVY RAIN 0 RAIN 3
LIGHT RAIN 12 FREEZING RAIN 0
LT FREEZING RAIN 0 HAIL 0
HEAVY SNOW 0 SNOW 0
LIGHT SNOW 0 SLEET 0
FOG 15 FOG W/VIS <= 1/4 MILE 2
HAZE 1
- INDICATES NEGATIVE NUMBERS.
R INDICATES RECORD WAS SET OR TIED.
MM INDICATES DATA IS MISSING.
T INDICATES TRACE AMOUNT.
$$