000
CXUS54 KCRP 021409
CF6ALI
PRELIMINARY LOCAL CLIMATOLOGICAL DATA (WS FORM: F-6)
STATION: ALICE
MONTH: APRIL
YEAR: 2023
LATITUDE: 27 44 N
LONGITUDE: 98 1 W
TEMPERATURE IN F: :PCPN: SNOW: WIND :SUNSHINE: SKY :PK WND
================================================================================
1 2 3 4 5 6A 6B 7 8 9 10 11 12 13 14 15 16 17 18
12Z AVG MX 2MIN
DY MAX MIN AVG DEP HDD CDD WTR SNW DPTH SPD SPD DIR MIN PSBL S-S WX SPD DR
================================================================================
1 89 68 79 8 0 14 0.00 0.0 0 7.9 21 120 M M 6 128 27 120
2 93 71 82 11 0 17 0.00 0.0 0 11.9 22 140 M M 4 18 29 130
3 98 69 84 13 0 19 0.00 0.0 0 10.6 23 120 M M 3 18 32 140
4 92 69 81 10 0 16 0.00 0.0 0 12.7 24 190 M M 5 1 35 180
5 80 55 68 -4 0 3 M 0.0 0 11.7 29 30 M M 10 138 40 40
6 60 53 57 -15 8 0 M 0.0 0 14.1 35 30 M M 9 13 51 60
7 56 53 55 -17 10 0 M 0.0 0 11.3 22 50 M M 9 13 40 70
8 74 56 65 -7 0 0 M 0.0 0 6.2 14 340 M M 9 1 18 340
9 79 60 70 -2 0 5 0.00 0.0 0 6.4 13 30 M M 10 1 16 50
10 80 61 71 -1 0 6 0.00 0.0 0 7.3 15 70 M M 7 1 19 80
11 80 56 68 -5 0 3 0.00 0.0 0 7.2 17 30 M M 3 12 24 20
12 81 54 68 -5 0 3 0.00 0.0 0 6.0 14 140 M M 1 1 18 140
13 85 51 68 -5 0 3 0.00 0.0 0 7.1 21 140 M M 3 12 28 130
14 90 67 79 6 0 14 0.00 0.0 0 10.3 18 190 M M 5 25 180
15 97 72 85 12 0 20 T 0.0 0 6.8 14 10 M M 4 138 19 20
16 82 54 68 -6 0 3 0.00 0.0 0 9.6 24 50 M M 1 1 34 40
17 83 48 66 -8 0 1 0.00 0.0 0 10.1 23 130 M M 1 33 130
18 82 67 75 1 0 10 M 0.0 0 11.7 37 160 M M 9 123 49 160
19 83 69 76 2 0 11 0.00 0.0 0 13.1 22 140 M M 10 29 130
20 85 72 79 5 0 14 T 0.0 0 10.1 20 120 M M 10 1 26 150
21 82 64 73 -1 0 8 0.00 0.0 0 5.8 16 30 M M 7 128 21 60
22 88 60 74 -1 0 9 T 0.0 0 10.3 22 120 M M 6 1 30 120
23 73 58 66 -9 0 1 M 0.0 0 14.4 40 350 M M 9 123 58 10
24 75 56 66 -9 0 1 T 0.0 0 7.4 15 40 M M 10 1 21 40
25 80 65 73 -2 0 8 T 0.0 0 7.8 17 130 M M 10 18 24 140
26 89 71 80 5 0 15 T 0.0 0 8.4 18 130 M M 6 1 26 130
27 79 64 72 -4 0 7 M 0.0 0 6.0 20 330 M M 6 123 28 330
28 88 64 76 0 0 11 M 0.0 0 10.0 23 360 M M 6 123 33 360
29 81 53 67 -9 0 2 0.00 0.0 0 14.0 28 330 M M 1 40 330
30 90 51 71 -5 0 6 0.00 0.0 0 5.0 14 130 M M 0 19 110
================================================================================
SM 2474 1831 18 230 T 0.0 281.2 M 180
================================================================================
AV 82.5 61.0 9.4 FASTST M M 6 MAX(MPH)
MISC ----> 40 350 58 10
================================================================================
NOTES:
# LAST OF SEVERAL OCCURRENCES
COLUMN 17 PEAK WIND IN M.P.H.
PRELIMINARY LOCAL CLIMATOLOGICAL DATA (WS FORM: F-6) , PAGE 2
STATION: ALICE
MONTH: APRIL
YEAR: 2023
LATITUDE: 27 44 N
LONGITUDE: 98 1 W
[TEMPERATURE DATA] [PRECIPITATION DATA] SYMBOLS USED IN COLUMN 16
AVERAGE MONTHLY: 71.8 TOTAL FOR MONTH: T 1 = FOG OR MIST
DPTR FM NORMAL: -1.7 DPTR FM NORMAL: -1.46 2 = FOG REDUCING VISIBILITY
HIGHEST: 98 ON 3 GRTST 24HR T ON 5- 5 TO 1/4 MILE OR LESS
LOWEST: 48 ON 17 3 = THUNDER
SNOW, ICE PELLETS, HAIL 4 = ICE PELLETS
TOTAL MONTH: 0.0 INCH 5 = HAIL
GRTST 24HR 0.0 6 = FREEZING RAIN OR DRIZZLE
GRTST DEPTH: 0 7 = DUSTSTORM OR SANDSTORM:
VSBY 1/2 MILE OR LESS
8 = SMOKE OR HAZE
[NO. OF DAYS WITH] [WEATHER - DAYS WITH] 9 = BLOWING SNOW
X = TORNADO
MAX 32 OR BELOW: 0 0.01 INCH OR MORE: 0
MAX 90 OR ABOVE: 6 0.10 INCH OR MORE: 0
MIN 32 OR BELOW: 0 0.50 INCH OR MORE: 0
MIN 0 OR BELOW: 0 1.00 INCH OR MORE: 0
[HDD (BASE 65) ]
TOTAL THIS MO. 18 CLEAR (SCALE 0-3) 8
DPTR FM NORMAL 5 PTCLDY (SCALE 4-7) 11
TOTAL FM JUL 1 791 CLOUDY (SCALE 8-10) 11
DPTR FM NORMAL -90
[CDD (BASE 65) ]
TOTAL THIS MO. 230
DPTR FM NORMAL -38 [PRESSURE DATA]
TOTAL FM JAN 1 695 HIGHEST SLP 30.25 ON 16
DPTR FM NORMAL 181 LOWEST SLP 29.52 ON 4
[REMARKS]
#FINAL-04-23#