000
CXUS55 KPUB 011737
CF6ALS
PRELIMINARY LOCAL CLIMATOLOGICAL DATA (WS FORM: F-6)
STATION: ALAMOSA CO
MONTH: APRIL
YEAR: 2023
LATITUDE: 37 27 N
LONGITUDE: 105 52 W
TEMPERATURE IN F: :PCPN: SNOW: WIND :SUNSHINE: SKY :PK WND
================================================================================
1 2 3 4 5 6A 6B 7 8 9 10 11 12 13 14 15 16 17 18
12Z AVG MX 2MIN
DY MAX MIN AVG DEP HDD CDD WTR SNW DPTH SPD SPD DIR MIN PSBL S-S WX SPD DR
================================================================================
1 60 8 34 -5 31 0 0.00 0.0 0 8.4 26 240 M M 0 42 260
2 63 19 41 1 24 0 0.00 0.0 0 11.6 31 250 M M 0 49 240
3 61 27 44 4 21 0 0.00 0.0 0 22.2 51 230 M M 2 78 71 220
4 43 15 29 -11 36 0 T T 0 19.5 36 230 M M 6 55 230
5 40 4 22 -18 43 0 0.00 0.0 0 7.5 26 200 M M 3 37 200
6 53 4 29 -11 36 0 0.00 0.0 0 4.0 10 170 M M 0 14 100
7 60 14 37 -4 28 0 0.00 0.0 0 7.5 23 240 M M 1 36 260
8 58 20 39 -2 26 0 0.00 0.0 0 7.7 24 240 M M 1 41 230
9 64 15 40 -1 25 0 0.00 0.0 0 6.0 17 300 M M 0 23 290
10 69 17 43 2 22 0 0.00 0.0 0 3.0 12 150 M M 0 16 240
11 75 23 49 8 16 0 0.00 0.0 0 5.1 22 260 M M 0 8 28 230
12 74 27 51 9 14 0 0.00 0.0 0 9.8 28 250 M M 1 36 250
13 67 31 49 7 16 0 0.00 0.0 0 14.8 33 220 M M 4 46 230
14 57 22 40 -2 25 0 T T 0 11.9 37 260 M M 2 18 48 260
15 52 14 33 -9 32 0 0.00 0.0 0 12.6 26 360 M M 1 12 39 340
16 63 8 36 -6 29 0 0.00 0.0 0 6.0 18 220 M M 0 24 220
17 69 18 44 1 21 0 0.00 0.0 0 7.7 26 240 M M 0 37 240
18 66 26 46 3 19 0 0.00 0.0 0 14.3 39 240 M M 0 8 52 220
19 60 28 44 1 21 0 0.00 0.0 0 20.9 40 240 M M 0 52 240
20 51 9 30 -14 35 0 0.00 0.0 0 10.2 29 360 M M 2 38 360
21 54 11 33 -11 32 0 0.00 0.0 0 5.9 24 30 M M 3 32 30
22 52 30 41 -3 24 0 0.02 T 0 7.5 18 30 M M 10 1 25 50
23 62 21 42 -2 23 0 0.00 0.0 0 7.2 24 240 M M 4 33 250
24 59 28 44 -1 21 0 T 0.0 0 7.3 25 230 M M 3 35 230
25 62 28 45 0 20 0 T 0.0 0 11.6 36 220 M M 4 3 52 210
26 55 24 40 -5 25 0 T T 0 7.7 22 350 M M 6 1 29 360
27 69 17 43 -3 22 0 0.00 0.0 0 9.3 35 360 M M 1 8 46 360
28 58 30 44 -2 21 0 0.12 0.5 1 13.6 30 360 M M 4 1 43 80
29 73 23 48 2 17 0 0.00 0.0 0 9.6 22 350 M M 0 35 360
30 74 28 51 5 14 0 0.00 0.0 0 7.9 28 320 M M 0 38 340
================================================================================
SM 1823 589 739 0 0.14 0.5 298.3 M 58
================================================================================
AV 60.8 19.6 9.9 FASTST M M 2 MAX(MPH)
MISC ----> 51 230 71 220
================================================================================
NOTES:
COLUMN 7; OFFICIAL SNOW OBS REPORTED SNOW ON THE 14TH. NO PRECIP WAS
RECORDED BY THE ASOS. SUPPLEMENTED PRECIP USING OFFICIAL COOP/SNOW OBS (05-0128)
COLUMN 17 PEAK WIND IN M.P.H.
PRELIMINARY LOCAL CLIMATOLOGICAL DATA (WS FORM: F-6) , PAGE 2
STATION: ALAMOSA CO
MONTH: APRIL
YEAR: 2023
LATITUDE: 37 27 N
LONGITUDE: 105 52 W
[TEMPERATURE DATA] [PRECIPITATION DATA] SYMBOLS USED IN COLUMN 16
AVERAGE MONTHLY: 40.2 TOTAL FOR MONTH: 0.14 1 = FOG OR MIST
DPTR FM NORMAL: -2.4 DPTR FM NORMAL: -0.43 2 = FOG REDUCING VISIBILITY
HIGHEST: 75 ON 11 GRTST 24HR 0.12 ON 28 TO 1/4 MILE OR LESS
LOWEST: 4 ON 5, 6 3 = THUNDER
SNOW, ICE PELLETS, HAIL 4 = ICE PELLETS
TOTAL MONTH: 0.5 INCH 5 = HAIL
GRTST 24HR 0.5 ON 28 6 = FREEZING RAIN OR DRIZZLE
GRTST DEPTH: 1 ON 28 7 = DUSTSTORM OR SANDSTORM:
VSBY 1/2 MILE OR LESS
8 = SMOKE OR HAZE
[NO. OF DAYS WITH] [WEATHER - DAYS WITH] 9 = BLOWING SNOW
X = TORNADO
MAX 32 OR BELOW: 0 0.01 INCH OR MORE: 2
MAX 90 OR ABOVE: 0 0.10 INCH OR MORE: 1
MIN 32 OR BELOW: 30 0.50 INCH OR MORE: 0
MIN 0 OR BELOW: 0 1.00 INCH OR MORE: 0
[HDD (BASE 65) ]
TOTAL THIS MO. 739 CLEAR (SCALE 0-3) 23
DPTR FM NORMAL 67 PTCLDY (SCALE 4-7) 6
TOTAL FM JUL 1 7535 CLOUDY (SCALE 8-10) 1
DPTR FM NORMAL -230
[CDD (BASE 65) ]
TOTAL THIS MO. 0
DPTR FM NORMAL 0 [PRESSURE DATA]
TOTAL FM JAN 1 0 HIGHEST SLP 30.41 ON 10
DPTR FM NORMAL 0 LOWEST SLP 29.18 ON 4
[REMARKS]
#FINAL-04-23#