000
CXUS55 KPUB 011239
CF6ALS
PRELIMINARY LOCAL CLIMATOLOGICAL DATA (WS FORM: F-6)
STATION: ALAMOSA CO
MONTH: APRIL
YEAR: 2022
LATITUDE: 37 27 N
LONGITUDE: 105 52 W
TEMPERATURE IN F: :PCPN: SNOW: WIND :SUNSHINE: SKY :PK WND
================================================================================
1 2 3 4 5 6A 6B 7 8 9 10 11 12 13 14 15 16 17 18
12Z AVG MX 2MIN
DY MAX MIN AVG DEP HDD CDD WTR SNW DPTH SPD SPD DIR MIN PSBL S-S WX SPD DR
================================================================================
1 58 24 41 2 24 0 T T T 11.5 30 320 M M 4 1 40 340
2 66 13 40 0 25 0 0.00 0.0 0 7.0 25 240 M M 0 37 220
3 62 29 46 6 19 0 0.02 0.0 0 8.9 29 20 M M 6 42 20
4 56 33 45 5 20 0 0.41 1.5 0 6.5 25 240 M M 5 12 33 230
5 66 26 46 6 19 0 0.00 0.0 0 14.1 36 260 M M 1 48 250
6 50 27 39 -1 26 0 0.00 0.0 0 20.0 29 350 M M 0 39 350
7 56 12 34 -7 31 0 0.00 0.0 0 11.4 28 320 M M 0 40 320
8 65 14 40 -1 25 0 0.00 0.0 0 5.9 20 340 M M 0 27 360
9 67 23 45 4 20 0 0.00 0.0 0 M 31 260 M M 0 44 270
10 61 31 46 5 19 0 0.00 0.0 0 14.3 35 290 M M 0 49 290
11 61 21 41 0 24 0 0.00 0.0 0 19.5 43 220 M M 3 8 57 210
12 49 17 33 -9 32 0 0.01 0.0 0 25.9 47 220 M M 3 18 62 220
13 40 8 24 -18 41 0 0.00 0.0 0 12.5 33 300 M M 4 8 48 300
14 54 6 30 -12 35 0 0.00 0.0 0 10.6 32 250 M M 1 41 250
15 63 19 41 -1 24 0 0.00 0.0 0 9.9 28 250 M M 0 36 250
16 69 22 46 4 19 0 0.00 0.0 0 15.5 38 250 M M 0 50 250
17 68 25 47 4 18 0 0.00 0.0 0 8.6 28 260 M M 0 36 270
18 72 23 48 5 17 0 0.00 0.0 0 11.8 28 200 M M 0 42 230
19 72 43 58 15 7 0 0.00 0.0 0 18.6 35 240 M M 1 44 240
20 73 35 54 10 11 0 0.00 0.0 0 12.1 26 260 M M 0 37 250
21 74 25 50 6 15 0 0.00 0.0 0 13.5 30 200 M M 0 43 230
22 74 33 54 10 11 0 0.00 0.0 0 22.0 49 210 M M 3 8 80 190
23 53 31 42 -2 23 0 0.00 0.0 0 12.8 33 260 M M 5 43 310
24 55 15 35 -10 30 0 0.00 0.0 0 8.1 22 220 M M 2 30 240
25 61 16 39 -6 26 0 0.00 0.0 0 5.6 14 150 M M 3 23 300
26 69 18 44 -1 21 0 0.00 0.0 0 10.0 28 230 M M 0 44 210
27 69 30 50 4 15 0 T 0.0 0 11.3 30 260 M M 2 3 45 270
28 71 22 47 1 18 0 0.00 0.0 0 9.2 26 230 M M 0 37 220
29 69 30 50 4 15 0 0.00 0.0 0 16.7 35 280 M M 0 8 48 280
30 68 19 44 -2 21 0 0.00 0.0 0 6.3 20 230 M M 0 30 180
================================================================================
SM 1891 690 651 0 0.44 1.5 360.1 M 43
================================================================================
AV 63.0 23.0 12.4 FASTST M M 1 MAX(MPH)
MISC ----> 49 210 80 190
================================================================================
NOTES:
COLUMN 17; PEAK WIND IN M.P.H.
COLUMN 3; 4/9. USED COOP STATION 05-0128 TO SUPPLEMENT LOW TEMP. LOW WAS LOW
SINCE MIDNIGHT AS RECORDED AND NOTED BY THE COOP OBSERVER. HIGH TEMP THIS DAY WAS IN
THE ASOS DATA, BUT WAS ALSO VERIFIED BY COMPARSION WITH THE COOP.
COLUMN 7; 4/23. FORECASTERS DETERMINED THIS WAS A FALSE TIP. VERIFIED WITH COOP.
COLUMN 7; 4/27. AWPAG WAS REPLACED. SEVERAL HOURS OF FALSE TIPS WERE OBSERVED.
SUPPLIMENTED DATA USING COOP STATION 05-0128.
PRELIMINARY LOCAL CLIMATOLOGICAL DATA (WS FORM: F-6) , PAGE 2
STATION: ALAMOSA CO
MONTH: APRIL
YEAR: 2022
LATITUDE: 37 27 N
LONGITUDE: 105 52 W
[TEMPERATURE DATA] [PRECIPITATION DATA] SYMBOLS USED IN COLUMN 16
AVERAGE MONTHLY: 43.0 TOTAL FOR MONTH: 0.44 1 = FOG OR MIST
DPTR FM NORMAL: 0.4 DPTR FM NORMAL: -0.13 2 = FOG REDUCING VISIBILITY
HIGHEST: 74 ON 22,21 GRTST 24HR 0.43 ON 3-4 TO 1/4 MILE OR LESS
LOWEST: 6 ON 14 3 = THUNDER
SNOW, ICE PELLETS, HAIL 4 = ICE PELLETS
TOTAL MONTH: 1.5 INCHES 5 = HAIL
GRTST 24HR 1.5 ON 4 6 = FREEZING RAIN OR DRIZZLE
GRTST DEPTH: T 7 = DUSTSTORM OR SANDSTORM:
VSBY 1/2 MILE OR LESS
8 = SMOKE OR HAZE
[NO. OF DAYS WITH] [WEATHER - DAYS WITH] 9 = BLOWING SNOW
X = TORNADO
MAX 32 OR BELOW: 0 0.01 INCH OR MORE: 3
MAX 90 OR ABOVE: 0 0.10 INCH OR MORE: 1
MIN 32 OR BELOW: 26 0.50 INCH OR MORE: 0
MIN 0 OR BELOW: 0 1.00 INCH OR MORE: 0
[HDD (BASE 65) ]
TOTAL THIS MO. 651 CLEAR (SCALE 0-3) 25
DPTR FM NORMAL -21 PTCLDY (SCALE 4-7) 5
TOTAL FM JUL 1 7300 CLOUDY (SCALE 8-10) 0
DPTR FM NORMAL -465
[CDD (BASE 65) ]
TOTAL THIS MO. 0
DPTR FM NORMAL 0 [PRESSURE DATA]
TOTAL FM JAN 1 0 HIGHEST SLP 30.46 ON 7
DPTR FM NORMAL 0 LOWEST SLP 29.27 ON 22
[REMARKS]
#FINAL-04-22#