000
CXUS55 KPUB 011422
CF6ALS
PRELIMINARY LOCAL CLIMATOLOGICAL DATA (WS FORM: F-6)
STATION: ALAMOSA CO
MONTH: OCTOBER
YEAR: 2023
LATITUDE: 37 27 N
LONGITUDE: 105 52 W
TEMPERATURE IN F: :PCPN: SNOW: WIND :SUNSHINE: SKY :PK WND
================================================================================
1 2 3 4 5 6A 6B 7 8 9 10 11 12 13 14 15 16 17 18
12Z AVG MX 2MIN
DY MAX MIN AVG DEP HDD CDD WTR SNW DPTH SPD SPD DIR MIN PSBL S-S WX SPD DR
================================================================================
1 73 48 61 11 4 0 0.00 0.0 0 19.0 32 170 M M 2 43 160
2 69 41 55 5 10 0 0.39 0.0 0 10.5 44 230 M M 4 138 61 230
3 62 32 47 -2 18 0 0.00 0.0 0 4.8 16 300 M M 2 12 25 220
4 63 31 47 -2 18 0 0.00 0.0 0 4.0 13 360 M M 1 19 360
5 68 27 48 0 17 0 0.00 0.0 0 3.9 9 150 M M 0 15 80
6 71 29 50 2 15 0 0.00 0.0 0 4.5 16 120 M M 1 21 120
7 72 28 50 2 15 0 0.00 0.0 0 3.4 10 80 M M 0 13 300
8 72 26 49 2 16 0 0.00 0.0 0 3.0 9 220 M M 0 14 10
9 72 24 48 1 17 0 0.00 0.0 0 2.5 13 270 M M 1 16 260
10 70 27 49 3 16 0 T 0.0 0 5.7 30 320 M M 2 8 51 300
11 66 27 47 1 18 0 0.00 0.0 0 7.5 26 320 M M 2 37 300
12 56 25 41 -4 24 0 0.00 0.0 0 11.4 23 290 M M 3 32 260
13 60 19 40 -5 25 0 0.00 0.0 0 6.2 16 190 M M 0 23 200
14 61 22 42 -3 23 0 0.00 0.0 0 2.7 9 290 M M 0 12 80
15 68 16 42 -2 23 0 0.00 0.0 0 4.7 12 360 M M 0 17 350
16 71 21 46 2 19 0 0.00 0.0 0 2.4 7 120 M M 0 10 300
17 75 22 49 6 16 0 0.00 0.0 0 4.0 12 330 M M 0 15 330
18 73 25 49 6 16 0 0.00 0.0 0 3.7 14 350 M M 0 20 350
19 75 23 49 6 16 0 0.00 0.0 0 2.8 12 210 M M 0 14 50
20 75 23 49 7 16 0 0.00 0.0 0 2.8 9 90 M M 0 11 150
21 75 22 49 7 16 0 0.00 0.0 0 4.4 16 240 M M 0 21 240
22 73 23 48 7 17 0 0.00 0.0 0 4.5 14 180 M M 0 19 210
23 72 22 47 6 18 0 0.00 0.0 0 5.2 22 240 M M 1 30 240
24 63 29 46 6 19 0 T 0.0 0 4.4 15 320 M M 4 20 310
25 65 24 45 5 20 0 0.00 0.0 0 3.8 14 170 M M 2 12 16 160
26 67 23 45 5 20 0 0.00 0.0 0 9.8 30 230 M M 0 39 220
27 64 23 44 5 21 0 0.00 0.0 0 10.9 31 200 M M 1 42 200
28 60 37 49 10 16 0 0.00 0.0 0 16.0 37 240 M M 1 8 51 220
29 42 20 31 -7 34 0 0.03 T 0 6.9 20 120 M M 6 1 26 120
30 44 10 27 -11 38 0 0.00 0.0 T 3.2 12 20 M M 2 14 20
31 50 5 28 -10 37 0 0.00 0.0 0 2.9 8 200 M M 0 11 50
================================================================================
SM 2047 774 598 0 0.42 T 181.5 M 35
================================================================================
AV 66.0 25.0 5.9 FASTST M M 1 MAX(MPH)
MISC ----> 44 230 61 230
================================================================================
NOTES:
COLUMN 17 PEAK WIND IN M.P.H.
PRELIMINARY LOCAL CLIMATOLOGICAL DATA (WS FORM: F-6) , PAGE 2
STATION: ALAMOSA CO
MONTH: OCTOBER
YEAR: 2023
LATITUDE: 37 27 N
LONGITUDE: 105 52 W
[TEMPERATURE DATA] [PRECIPITATION DATA] SYMBOLS USED IN COLUMN 16
AVERAGE MONTHLY: 45.5 TOTAL FOR MONTH: 0.42 1 = FOG OR MIST
DPTR FM NORMAL: 1.7 DPTR FM NORMAL: -0.23 2 = FOG REDUCING VISIBILITY
HIGHEST: 75 ON 21,20 GRTST 24HR 0.39 ON 2 TO 1/4 MILE OR LESS
LOWEST: 5 ON 31 3 = THUNDER
SNOW, ICE PELLETS, HAIL 4 = ICE PELLETS
TOTAL MONTH: T 5 = HAIL
GRTST 24HR T ON 29 6 = FREEZING RAIN OR DRIZZLE
GRTST DEPTH: T 7 = DUSTSTORM OR SANDSTORM:
VSBY 1/2 MILE OR LESS
8 = SMOKE OR HAZE
[NO. OF DAYS WITH] [WEATHER - DAYS WITH] 9 = BLOWING SNOW
X = TORNADO
MAX 32 OR BELOW: 0 0.01 INCH OR MORE: 2
MAX 90 OR ABOVE: 0 0.10 INCH OR MORE: 1
MIN 32 OR BELOW: 28 0.50 INCH OR MORE: 0
MIN 0 OR BELOW: 0 1.00 INCH OR MORE: 0
[HDD (BASE 65) ]
TOTAL THIS MO. 598 CLEAR (SCALE 0-3) 28
DPTR FM NORMAL -59 PTCLDY (SCALE 4-7) 3
TOTAL FM JUL 1 850 CLOUDY (SCALE 8-10) 0
DPTR FM NORMAL -190
[CDD (BASE 65) ]
TOTAL THIS MO. 0
DPTR FM NORMAL 0 [PRESSURE DATA]
TOTAL FM JAN 1 161 HIGHEST SLP 30.60 ON 31
DPTR FM NORMAL 90 LOWEST SLP 29.38 ON 11
[REMARKS]
#FINAL-10-23#