000
CXUS54 KAMA 010810
CF6AMA
PRELIMINARY LOCAL CLIMATOLOGICAL DATA (WS FORM: F-6)
STATION: AMARILLO
MONTH: DECEMBER
YEAR: 2022
LATITUDE: 35 13 N
LONGITUDE: 101 42 W
TEMPERATURE IN F: :PCPN: SNOW: WIND :SUNSHINE: SKY :PK WND
================================================================================
1 2 3 4 5 6A 6B 7 8 9 10 11 12 13 14 15 16 17 18
12Z AVG MX 2MIN
DY MAX MIN AVG DEP HDD CDD WTR SNW DPTH SPD SPD DIR MIN PSBL S-S WX SPD DR
================================================================================
1 56 26 41 -1 24 0 0.00 0.0 0 19.5 36 200 M M 0 44 210
2 74 38 56 15 9 0 0.00 0.0 0 22.2 41 260 M M 1 8 56 270
3 47 28 38 -3 27 0 0.08 0.0 0 10.3 30 180 M M 1 38 20
4 61 36 49 8 16 0 0.03 0.0 0 10.3 31 190 M M 2 40 190
5 73 52 63 22 2 0 0.00 0.0 0 16.8 28 270 M M 0 36 250
6 69 30 50 10 15 0 0.00 0.0 0 9.8 23 290 M M 0 32 300
7 58 37 48 8 17 0 0.00 0.0 0 10.8 24 200 M M 6 1 30 200
8 66 34 50 10 15 0 0.00 0.0 0 14.3 30 290 M M 1 1 40 280
9 53 26 40 0 25 0 0.00 0.0 0 10.6 20 180 M M 4 1 26 160
10 55 31 43 4 22 0 0.00 0.0 0 10.5 25 40 M M 0 1 33 50
11 64 28 46 7 19 0 0.00 0.0 0 13.5 24 200 M M 0 1 32 200
12 65 48 57 18 8 0 0.00 0.0 0 21.6 35 190 M M 6 1 44 180
13 52 23 38 -1 27 0 0.00 0.0 0 19.7 35 250 M M 0 47 250
14 44 17 31 -8 34 0 0.00 0.0 0 6.1 13 60 M M 1 15 360
15 42 18 30 -8 35 0 0.00 0.0 0 5.9 13 50 M M 1 20 180
16 39 20 30 -8 35 0 0.01 0.3 T 9.5 21 300 M M 5 1 27 290
17 45 14 30 -8 35 0 0.00 0.0 0 7.2 17 240 M M 0 22 250
18 49 19 34 -4 31 0 0.02 0.0 0 15.0 28 180 M M 2 36 190
19 53 24 39 1 26 0 0.00 0.0 0 12.2 25 180 M M 0 8 32 180
20 45 22 34 -4 31 0 0.00 0.0 0 11.3 23 180 M M 4 12 30 190
21 61 30 46 8 19 0 0.00 0.0 0 15.4 28 180 M M 4 18 42 350
22 41 -2 20 -18 45 0 T T T 25.7 40 10 M M 6 189 55 360
23 22 2 12 -26 53 0 0.00 0.0 0 10.1 22 350 M M 1 30 350
24 41 9 25 -13 40 0 0.00 0.0 0 8.5 20 220 M M 0 25 250
25 58 19 39 1 26 0 0.00 0.0 0 11.4 28 220 M M 0 35 220
26 53 28 41 3 24 0 0.00 0.0 0 10.4 20 20 M M 1 26 350
27 69 29 49 11 16 0 0.00 0.0 0 19.6 33 240 M M 0 45 230
28 67 49 58 20 7 0 0.00 0.0 0 27.5 49 260 M M 0 8 65 270
29 57 33 45 7 20 0 0.00 0.0 0 19.3 37 270 M M 0 50 270
30 59 25 42 4 23 0 0.00 0.0 0 13.0 26 200 M M 1 34 200
31 65 32 49 11 16 0 0.00 0.0 0 10.5 25 240 M M 0 35 240
================================================================================
SM 1703 825 742 0 0.14 0.3 428.5 M 47
================================================================================
AV 54.9 26.6 13.8 FASTST M M 2 MAX(MPH)
MISC ----> 49 260 65 270
================================================================================
NOTES:
# LAST OF SEVERAL OCCURRENCES
COLUMN 17 PEAK WIND IN M.P.H.
PRELIMINARY LOCAL CLIMATOLOGICAL DATA (WS FORM: F-6) , PAGE 2
STATION: AMARILLO
MONTH: DECEMBER
YEAR: 2022
LATITUDE: 35 13 N
LONGITUDE: 101 42 W
[TEMPERATURE DATA] [PRECIPITATION DATA] SYMBOLS USED IN COLUMN 16
AVERAGE MONTHLY: 40.8 TOTAL FOR MONTH: 0.14 1 = FOG OR MIST
DPTR FM NORMAL: 2.0 DPTR FM NORMAL: -0.57 2 = FOG REDUCING VISIBILITY
HIGHEST: 74 ON 2 GRTST 24HR 0.11 ON 3- 4 TO 1/4 MILE OR LESS
LOWEST: -2 ON 22 3 = THUNDER
SNOW, ICE PELLETS, HAIL 4 = ICE PELLETS
TOTAL MONTH: 0.3 INCH 5 = HAIL
GRTST 24HR 0.3 ON 16-16 6 = FREEZING RAIN OR DRIZZLE
GRTST DEPTH: T 7 = DUSTSTORM OR SANDSTORM:
VSBY 1/2 MILE OR LESS
8 = SMOKE OR HAZE
[NO. OF DAYS WITH] [WEATHER - DAYS WITH] 9 = BLOWING SNOW
X = TORNADO
MAX 32 OR BELOW: 1 0.01 INCH OR MORE: 4
MAX 90 OR ABOVE: 0 0.10 INCH OR MORE: 0
MIN 32 OR BELOW: 23 0.50 INCH OR MORE: 0
MIN 0 OR BELOW: 1 1.00 INCH OR MORE: 0
[HDD (BASE 65) ]
TOTAL THIS MO. 742 CLEAR (SCALE 0-3) 24
DPTR FM NORMAL -70 PTCLDY (SCALE 4-7) 7
TOTAL FM JUL 1 1572 CLOUDY (SCALE 8-10) 0
DPTR FM NORMAL -17
[CDD (BASE 65) ]
TOTAL THIS MO. 0
DPTR FM NORMAL 0 [PRESSURE DATA]
TOTAL FM JAN 1 2018 HIGHEST SLP M ON M
DPTR FM NORMAL 411 LOWEST SLP 29.42 ON 28
[REMARKS]
#FINAL-12-22#