000
CXUS54 KAMA 010810
CF6AMA
PRELIMINARY LOCAL CLIMATOLOGICAL DATA (WS FORM: F-6)
STATION: AMARILLO
MONTH: DECEMBER
YEAR: 2023
LATITUDE: 35 13 N
LONGITUDE: 101 42 W
TEMPERATURE IN F: :PCPN: SNOW: WIND :SUNSHINE: SKY :PK WND
================================================================================
1 2 3 4 5 6A 6B 7 8 9 10 11 12 13 14 15 16 17 18
12Z AVG MX 2MIN
DY MAX MIN AVG DEP HDD CDD WTR SNW DPTH SPD SPD DIR MIN PSBL S-S WX SPD DR
================================================================================
1 59 24 42 0 23 0 0.00 0.0 0 9.1 24 250 M M 0 35 230
2 57 30 44 3 21 0 0.00 0.0 0 14.9 29 310 M M 1 41 290
3 64 32 48 7 17 0 0.00 0.0 0 15.8 31 340 M M 0 44 340
4 60 24 42 1 23 0 0.00 0.0 0 9.5 23 210 M M 0 29 210
5 60 29 45 4 20 0 0.00 0.0 0 7.3 16 360 M M 0 21 10
6 69 31 50 10 15 0 0.00 0.0 0 15.8 25 210 M M 0 32 220
7 75 44 60 20 5 0 0.00 0.0 0 19.7 33 250 M M 0 44 260
8 61 35 48 8 17 0 0.00 0.0 0 11.0 21 280 M M 0 30 280
9 43 27 35 -5 30 0 0.02 0.6 0 12.5 25 360 M M 3 1 34 360
10 56 17 37 -2 28 0 0.00 0.0 0 11.3 31 220 M M 0 40 230
11 60 31 46 7 19 0 0.00 0.0 0 7.5 17 100 M M 0 20 110
12 57 30 44 5 21 0 0.00 0.0 0 10.3 18 140 M M 2 24 180
13 47 37 42 3 23 0 0.46 0.0 0 18.4 32 130 M M 10 1 42 130
14 37 35 36 -3 29 0 0.76 0.0 0 13.4 28 140 M M 10 1 36 140
15 53 34 44 6 21 0 0.00 0.0 0 13.8 30 340 M M 5 1 40 340
16 59 29 44 6 21 0 0.00 0.0 0 8.0 16 230 M M 0 8 22 210
17 65 31 48 10 17 0 0.00 0.0 0 8.1 14 20 M M 0 8 19 20
18 56 30 43 5 22 0 0.00 0.0 0 11.9 21 200 M M 0 29 170
19 65 37 51 13 14 0 0.00 0.0 0 18.3 32 210 M M 0 39 220
20 66 36 51 13 14 0 0.00 0.0 0 12.3 18 170 M M 0 25 220
21 65 35 50 12 15 0 T 0.0 0 8.7 18 230 M M 5 12 24 190
22 66 35 51 13 14 0 0.00 0.0 0 7.4 15 160 M M 1 12 19 160
23 54 38 46 8 19 0 0.53 T 0 14.7 25 150 M M 6 123 36 240
24 45 28 37 -1 28 0 0.00 0.0 0 21.9 31 350 M M 6 45 10
25 40 23 32 -6 33 0 0.00 0.0 0 10.9 22 350 M M 2 33 340
26 45 19 32 -6 33 0 0.00 0.0 0 9.9 28 330 M M 6 39 330
27 51 33 42 4 23 0 0.00 0.0 0 16.1 28 360 M M 6 38 330
28 47 22 35 -3 30 0 0.00 0.0 0 12.8 30 360 M M 0 40 350
29 56 22 39 1 26 0 0.00 0.0 0 11.5 20 330 M M 0 27 310
30 64 22 43 5 22 0 0.00 0.0 0 5.8 12 300 M M 0 8 16 290
31 49 24 37 -1 28 0 0.00 0.0 0 8.3 17 50 M M 0 23 60
================================================================================
SM 1751 924 671 0 1.77 0.6 376.9 M 63
================================================================================
AV 56.5 29.8 12.2 FASTST M M 2 MAX(MPH)
MISC ----> 33 250 45 10
================================================================================
NOTES:
# LAST OF SEVERAL OCCURRENCES
COLUMN 17 PEAK WIND IN M.P.H.
PRELIMINARY LOCAL CLIMATOLOGICAL DATA (WS FORM: F-6) , PAGE 2
STATION: AMARILLO
MONTH: DECEMBER
YEAR: 2023
LATITUDE: 35 13 N
LONGITUDE: 101 42 W
[TEMPERATURE DATA] [PRECIPITATION DATA] SYMBOLS USED IN COLUMN 16
AVERAGE MONTHLY: 43.1 TOTAL FOR MONTH: 1.77 1 = FOG OR MIST
DPTR FM NORMAL: 4.3 DPTR FM NORMAL: 1.06 2 = FOG REDUCING VISIBILITY
HIGHEST: 75 ON 7 GRTST 24HR 0.84 ON 13-14 TO 1/4 MILE OR LESS
LOWEST: 17 ON 10 3 = THUNDER
SNOW, ICE PELLETS, HAIL 4 = ICE PELLETS
TOTAL MONTH: 0.6 INCH 5 = HAIL
GRTST 24HR 0.6 ON 9- 9 6 = FREEZING RAIN OR DRIZZLE
GRTST DEPTH: 0 7 = DUSTSTORM OR SANDSTORM:
VSBY 1/2 MILE OR LESS
8 = SMOKE OR HAZE
[NO. OF DAYS WITH] [WEATHER - DAYS WITH] 9 = BLOWING SNOW
X = TORNADO
MAX 32 OR BELOW: 0 0.01 INCH OR MORE: 4
MAX 90 OR ABOVE: 0 0.10 INCH OR MORE: 3
MIN 32 OR BELOW: 20 0.50 INCH OR MORE: 2
MIN 0 OR BELOW: 0 1.00 INCH OR MORE: 0
[HDD (BASE 65) ]
TOTAL THIS MO. 671 CLEAR (SCALE 0-3) 23
DPTR FM NORMAL -141 PTCLDY (SCALE 4-7) 6
TOTAL FM JUL 1 1320 CLOUDY (SCALE 8-10) 2
DPTR FM NORMAL -269
[CDD (BASE 65) ]
TOTAL THIS MO. 0
DPTR FM NORMAL 0 [PRESSURE DATA]
TOTAL FM JAN 1 1833 HIGHEST SLP M ON M
DPTR FM NORMAL 226 LOWEST SLP 29.56 ON 8
[REMARKS]
#FINAL-12-23#