000
CXUS54 KAMA 011512
CLMAMA
CLIMATE REPORT
NATIONAL WEATHER SERVICE AMARILLO
1012 AM CDT SAT JUL 01 2023
...................................
...THE AMARILLO CLIMATE SUMMARY FOR THE MONTH OF JUNE 2023...
CLIMATE NORMAL PERIOD: 1991 TO 2020
CLIMATE RECORD PERIOD: 1892 TO 2023
WEATHER OBSERVED NORMAL DEPART LAST YEAR`S
VALUE DATE(S) VALUE FROM VALUE DATE(S)
NORMAL
................................................................
TEMPERATURE (F)
RECORD
HIGH 111 06/26/2011
LOW 38 06/02/1917
HIGHEST 103 06/27 106 06/11
06/12
LOWEST 51 06/18 51 06/02
AVG. MAXIMUM 85.3 89.7 -4.4 91.3
AVG. MINIMUM 60.7 62.4 -1.7 64.9
MEAN 73.0 76.1 -3.1 78.1
DAYS MAX >= 90 9 15.1 -6.1 22
DAYS MAX <= 32 0 0.0 0.0 0
DAYS MIN <= 32 0 0.0 0.0 0
DAYS MIN <= 0 0 0.0 0.0 0
PRECIPITATION (INCHES)
RECORD
MAXIMUM 10.73 1965
MINIMUM 0.01 1953
TOTALS 4.04 2.85 1.19 2.25
DAILY AVG. 0.13 0.09 0.04 0.08
DAYS >= .01 11 7.9 3.1 6
DAYS >= .10 6 4.7 1.3 3
DAYS >= .50 4 2.2 1.8 1
DAYS >= 1.00 1 0.8 0.2 1
GREATEST
24 HR. TOTAL 1.41 05/31 TO 06/01
SNOWFALL (INCHES)
RECORDS
TOTAL T 2020
TOTALS TR 0.0 0.0 0.0
SINCE 7/1 3.8 17.2 -13.4 MM
DAYS >= TRACE 1 0.0 1.0 0
DAYS >= 1.0 0 0.0 0.0 0
GREATEST
SNOW DEPTH 0
24 HR TOTAL MM
DEGREE DAYS
HEATING TOTAL 5 3 2 13
SINCE 7/1 3689 3868 -179 MM
COOLING TOTAL 252 335 -83 411
SINCE 1/1 372 496 -124 MM
................................................................
WIND (MPH)
AVERAGE WIND SPEED 11.4
HIGHEST WIND SPEED/DIRECTION 37/290 DATE 06/30
HIGHEST GUST SPEED/DIRECTION 51/290 DATE 06/30
SKY COVER
POSSIBLE SUNSHINE (PERCENT) MM
NUMBER OF DAYS FAIR 21
NUMBER OF DAYS PC 9
NUMBER OF DAYS CLOUDY 0
AVERAGE RH (PERCENT) 64
WEATHER CONDITIONS. NUMBER OF DAYS WITH
THUNDERSTORM 13 MIXED PRECIP 0
HEAVY RAIN 5 RAIN 2
LIGHT RAIN 12 FREEZING RAIN 0
LT FREEZING RAIN 0 HAIL 0
HEAVY SNOW 0 SNOW 0
LIGHT SNOW 0 SLEET 0
FOG 13 FOG W/VIS <= 1/4 MILE 1
HAZE 3
- INDICATES NEGATIVE NUMBERS.
R INDICATES RECORD WAS SET OR TIED.
MM INDICATES DATA IS MISSING.
T INDICATES TRACE AMOUNT.
$$