000
CXUS52 KJAX 010800
CF6AMG
PRELIMINARY LOCAL CLIMATOLOGICAL DATA (WS FORM: F-6)
STATION: ALMA
MONTH: MARCH
YEAR: 2020
LATITUDE: 31 32 N
LONGITUDE: 82 30 W
TEMPERATURE IN F: :PCPN: SNOW: WIND :SUNSHINE: SKY :PK WND
================================================================================
1 2 3 4 5 6A 6B 7 8 9 10 11 12 13 14 15 16 17 18
12Z AVG MX 2MIN
DY MAX MIN AVG DEP HDD CDD WTR SNW DPTH SPD SPD DIR MIN PSBL S-S WX SPD DR
================================================================================
1 66 30 48 -9 17 0 0.00 0.0 0 3.0 9 110 M M 0 1 13 170
2 74 41 58 1 7 0 0.00 0.0 0 7.5 18 190 M M 3 28 200
3 78 60 69 11 0 4 0.02 0.0 0 9.2 22 200 M M 6 1 29 190
4 67 56 62 4 3 0 1.60 0.0 0 5.4 32 300 M M 10 13 45 300
5 58 51 55 -3 10 0 1.14 0.0 0 5.6 20 280 M M 10 13 25 50
6 66 49 58 0 7 0 0.00 0.0 0 12.2 29 320 M M 4 1 38 330
7 59 35 47 -11 18 0 0.00 0.0 0 4.6 14 350 M M 0 19 20
8 66 35 51 -7 14 0 0.00 0.0 0 3.5 12 150 M M 0 1 16 120
9 74 48 61 2 4 0 0.00 0.0 0 5.8 14 130 M M 4 20 120
10 76 54 65 6 0 0 0.00 0.0 0 3.5 14 190 M M 3 19 190
11 77 53 65 6 0 0 0.00 0.0 0 2.9 14 210 M M 5 18 220
12 80 55 68 9 0 3 0.00 0.0 0 3.4 10 230 M M 2 1 15 200
13 80 55 68 8 0 3 0.00 0.0 0 3.8 13 240 M M 1 1 16 240
14 84 57 71 11 0 6 0.00 0.0 0 1.8 9 160 M M 0 1 13 240
15 87 58 73 13 0 8 0.00 0.0 0 3.6 17 350 M M 1 1 22 360
16 69 59 64 4 1 0 0.00 0.0 0 5.7 12 110 M M 9 16 110
17 79 59 69 9 0 4 T 0.0 0 3.0 12 220 M M 9 1 14 250
18 84 61 73 12 0 8 0.23 0.0 0 4.7 15 90 M M 6 12 19 60
19 86 60 73 12 0 8 0.00 0.0 0 4.7 15 160 M M 1 12 20 170
20 85 61 73 12 0 8 0.00 0.0 0 3.2 13 230 M M 3 1 16 260
21 83 60 72 11 0 7 0.00 0.0 0 3.6 14 250 M M 2 1 17 250
22 80 59 70 9 0 5 0.07 0.0 0 3.9 14 100 M M 5 1 20 90
23 78 58 68 6 0 3 0.00 0.0 0 2.5 9 220 M M 7 12 13 210
24 84 60 72 10 0 7 0.00 0.0 0 7.3 18 250 M M 3 1 25 280
25 84 65 75 13 0 10 T 0.0 0 6.6 15 320 M M 5 1 21 320
26 81 60 71 9 0 6 0.00 0.0 0 5.7 13 160 M M 1 17 100
27 84 58 71 9 0 6 0.00 0.0 0 4.6 13 220 M M 4 12 18 240
28 87 61 74 12 0 9 0.00 0.0 0 5.5 16 230 M M 2 12 21 250
29 87 60 74 11 0 9 0.00 0.0 0 5.8 14 210 M M 3 12 18 200
30 84 61 73 10 0 8 0.00 0.0 0 3.4 12 320 M M 0 18 16 300
31 79 55 67 4 0 2 1.07 0.0 0 6.0 22 310 M M 4 13 29 310
================================================================================
SM 2406 1694 81 124 4.13 0.0 152.0 M 113
================================================================================
AV 77.6 54.6 4.9 FASTST M M 4 MAX(MPH)
MISC ----> 32 300 45 300
================================================================================
NOTES:
# LAST OF SEVERAL OCCURRENCES
COLUMN 17 PEAK WIND IN M.P.H.
PRELIMINARY LOCAL CLIMATOLOGICAL DATA (WS FORM: F-6) , PAGE 2
STATION: ALMA
MONTH: MARCH
YEAR: 2020
LATITUDE: 31 32 N
LONGITUDE: 82 30 W
[TEMPERATURE DATA] [PRECIPITATION DATA] SYMBOLS USED IN COLUMN 16
AVERAGE MONTHLY: 66.1 TOTAL FOR MONTH: 4.13 1 = FOG OR MIST
DPTR FM NORMAL: 5.9 DPTR FM NORMAL: -0.62 2 = FOG REDUCING VISIBILITY
HIGHEST: 87 ON 29,28 GRTST 24HR 1.99 ON 4- 5 TO 1/4 MILE OR LESS
LOWEST: 30 ON 1 3 = THUNDER
SNOW, ICE PELLETS, HAIL 4 = ICE PELLETS
TOTAL MONTH: 0.0 INCH 5 = HAIL
GRTST 24HR 0.0 6 = FREEZING RAIN OR DRIZZLE
GRTST DEPTH: 0 7 = DUSTSTORM OR SANDSTORM:
VSBY 1/2 MILE OR LESS
8 = SMOKE OR HAZE
[NO. OF DAYS WITH] [WEATHER - DAYS WITH] 9 = BLOWING SNOW
X = TORNADO
MAX 32 OR BELOW: 0 0.01 INCH OR MORE: 6
MAX 90 OR ABOVE: 0 0.10 INCH OR MORE: 4
MIN 32 OR BELOW: 1 0.50 INCH OR MORE: 3
MIN 0 OR BELOW: 0 1.00 INCH OR MORE: 3
[HDD (BASE 65) ]
TOTAL THIS MO. 81 CLEAR (SCALE 0-3) 15
DPTR FM NORMAL -107 PTCLDY (SCALE 4-7) 12
TOTAL FM JUL 1 1326 CLOUDY (SCALE 8-10) 4
DPTR FM NORMAL -263
[CDD (BASE 65) ]
TOTAL THIS MO. 124
DPTR FM NORMAL 86 [PRESSURE DATA]
TOTAL FM JAN 1 184 HIGHEST SLP 30.60 ON 8
DPTR FM NORMAL 130 LOWEST SLP 29.58 ON 31
[REMARKS]
#FINAL-03-20#