000
CXUS52 KJAX 011312
CLMAMG
CLIMATE REPORT
NATIONAL WEATHER SERVICE JACKSONVILLE FL
912 AM EDT MON APR 01 2024
...................................
...THE ALMA CLIMATE SUMMARY FOR THE MONTH OF MARCH 2024...
CLIMATE NORMAL PERIOD: 1991 TO 2020
CLIMATE RECORD PERIOD: 1938 TO 2024
WEATHER OBSERVED NORMAL DEPART LAST YEAR`S
VALUE DATE(S) VALUE FROM VALUE DATE(S)
NORMAL
................................................................
TEMPERATURE (F)
RECORD
HIGH 91 03/18/1963
LOW 18 03/03/1980
HIGHEST 86 03/15 85 1 86 03/03
03/26
LOWEST 37 03/19 31 6 32 03/16
AVG. MAXIMUM 74.3 72.8 1.5 75.9
AVG. MINIMUM 51.9 47.5 4.4 51.1
MEAN 63.1 60.2 2.9 63.5
DAYS MAX >= 90 0 0.0 0.0 0
DAYS MIN <= 32 0 1.6 -1.6 1
PRECIPITATION (INCHES)
RECORD
MAXIMUM 12.94 1980
MINIMUM 0.10 2004
TOTALS 5.65 4.17 1.48 2.44
DAILY AVG. 0.18 0.13 0.05 0.08
DAYS >= .01 14 8.1 5.9 7
DAYS >= .10 9 5.5 3.5 5
DAYS >= .50 4 2.6 1.4 2
DAYS >= 1.00 2 1.3 0.7 1
GREATEST
24 HR. TOTAL 1.48 03/22 TO 03/22
SNOWFALL (INCHES)
RECORDS
TOTAL T 2013
TOTALS 0.0 0.0 0.0 0.0
DEGREE DAYS
HEATING TOTAL 97 189 -92 138
SINCE 7/1 1292 1578 -286 MM
COOLING TOTAL 45 38 7 97
SINCE 1/1 73 58 15 MM
................................................................
WIND (MPH)
AVERAGE WIND SPEED 4.7
HIGHEST WIND SPEED/DIRECTION 26/320 DATE 03/23
HIGHEST GUST SPEED/DIRECTION 37/320 DATE 03/23
SKY COVER
AVERAGE SKY COVER 0.38
AVERAGE RH (PERCENT) 69
WEATHER CONDITIONS. NUMBER OF DAYS WITH
THUNDERSTORM 7 MIXED PRECIP 0
HEAVY RAIN 8 RAIN 10
LIGHT RAIN 14 FREEZING RAIN 0
LT FREEZING RAIN 0 HAIL 0
HEAVY SNOW 0 SNOW 0
LIGHT SNOW 0 SLEET 0
FOG 18 FOG W/VIS <= 1/4 MILE 5
HAZE 0
- INDICATES NEGATIVE NUMBERS.
R INDICATES RECORD WAS SET OR TIED.
MM INDICATES DATA IS MISSING.
T INDICATES TRACE AMOUNT.
$$