000
CXUS54 KBMX 011110
CF6ANB
PRELIMINARY LOCAL CLIMATOLOGICAL DATA (WS FORM: F-6)
STATION: ANNISTON
MONTH: DECEMBER
YEAR: 2021
LATITUDE: 33 35 N
LONGITUDE: 85 51 W
TEMPERATURE IN F: :PCPN: SNOW: WIND :SUNSHINE: SKY :PK WND
================================================================================
1 2 3 4 5 6A 6B 7 8 9 10 11 12 13 14 15 16 17 18
12Z AVG MX 2MIN
DY MAX MIN AVG DEP HDD CDD WTR SNW DPTH SPD SPD DIR MIN PSBL S-S WX SPD DR
================================================================================
1 70 37 54 5 11 0 0.00 0.0 0 2.8 14 250 M M 1 20 250
2 73 39 56 7 9 0 0.00 0.0 0 4.0 14 260 M M 1 1 18 240
3 75 38 57 8 8 0 0.00 0.0 0 2.3 12 250 M M 0 1 18 230
4 72 44 58 9 7 0 0.00 0.0 0 2.0 10 250 M M 5 1 12 280
5 75 56 66 18 0 1 0.00 0.0 0 3.0 13 190 M M 6 12 20 160
6 68 43 56 8 9 0 0.74 0.0 0 6.9 20 230 M M 8 13 27 250
7 50 37 44 -4 21 0 T 0.0 0 5.7 12 20 M M 7 1 15 60
8 56 35 46 -2 19 0 0.02 0.0 0 2.0 10 330 M M 6 1 14 340
9 62 35 49 1 16 0 0.15 0.0 0 6.4 13 90 M M 4 1 19 90
10 72 52 62 14 3 0 0.12 0.0 0 7.5 14 210 M M 10 1 21 220
11 76 47 62 14 3 0 0.81 0.0 0 8.7 33 250 M M 8 13 42 240
12 59 35 47 0 18 0 0.00 0.0 0 3.7 9 20 M M 0 14 30
13 65 36 51 4 14 0 0.00 0.0 0 3.7 9 50 M M 0 1 13 60
14 70 34 52 5 13 0 0.00 0.0 M 3.5 9 40 M M 0 12 12 40
15 64 45 55 8 10 0 0.00 0.0 0 6.7 14 130 M M 3 18 130
16 72 49 61 14 4 0 0.00 0.0 0 4.6 10 50 M M 3 1 13 190
17 72 49 61 15 4 0 0.03 0.0 0 3.8 12 210 M M 8 12 15 210
18 75 62 69 23 0 4 0.26 0.0 0 4.8 14 210 M M 9 1 20 170
19 64 32 48 2 17 0 0.03 0.0 0 6.6 14 360 M M 8 1 22 360
20 49 32 41 -5 24 0 0.00 0.0 M 6.2 15 70 M M 5 19 70
21 46 36 41 -5 24 0 0.11 M M 4.6 10 220 M M 8 13 80
22 56 30 43 -3 22 0 0.00 0.0 0 5.9 13 360 M M 0 18 340
23 62 27 45 -1 20 0 0.00 0.0 0 0.6 8 180 M M 0 11 180
24 68 33 51 5 14 0 0.00 0.0 0 4.1 15 220 M M 4 21 220
25 70 62 66 21 0 1 0.00 0.0 0 10.8 20 240 M M 10 25 240
26 74 53 64 19 1 0 T 0.0 M 3.4 12 240 M M 7 12 15 250
27 72 52 62 17 3 0 0.00 0.0 0 5.8 20 230 M M 9 12 28 220
28 78 57 68 23 0 3 T 0.0 0 5.7 20 220 M M 8 28 220
29 77 65 71 26 0 6 0.67 0.0 0 6.0 20 200 M M 8 13 29 200
30 69 61 65 20 0 0 1.59 0.0 0 2.3 12 320 M M 9 123 17 320
31 76 57 67 22 0 2 T 0.0 0 4.9 15 210 M M 7 12 19 210
================================================================================
SM 2087 1370 294 17 4.53 0.0 149.0 M 162
================================================================================
AV 67.3 44.2 4.8 FASTST M M 5 MAX(MPH)
MISC ----> 33 250 42 240
================================================================================
NOTES:
# LAST OF SEVERAL OCCURRENCES
COLUMN 17 PEAK WIND IN M.P.H.
PRELIMINARY LOCAL CLIMATOLOGICAL DATA (WS FORM: F-6) , PAGE 2
STATION: ANNISTON
MONTH: DECEMBER
YEAR: 2021
LATITUDE: 33 35 N
LONGITUDE: 85 51 W
[TEMPERATURE DATA] [PRECIPITATION DATA] SYMBOLS USED IN COLUMN 16
AVERAGE MONTHLY: 55.8 TOTAL FOR MONTH: 4.53 1 = FOG OR MIST
DPTR FM NORMAL: 9.0 DPTR FM NORMAL: -0.07 2 = FOG REDUCING VISIBILITY
HIGHEST: 78 ON 28 GRTST 24HR 1.78 ON 29-30 TO 1/4 MILE OR LESS
LOWEST: 27 ON 23 3 = THUNDER
SNOW, ICE PELLETS, HAIL 4 = ICE PELLETS
TOTAL MONTH: 0.0 INCH 5 = HAIL
GRTST 24HR 0.0 6 = FREEZING RAIN OR DRIZZLE
GRTST DEPTH: 0 7 = DUSTSTORM OR SANDSTORM:
VSBY 1/2 MILE OR LESS
8 = SMOKE OR HAZE
[NO. OF DAYS WITH] [WEATHER - DAYS WITH] 9 = BLOWING SNOW
X = TORNADO
MAX 32 OR BELOW: 0 0.01 INCH OR MORE: 11
MAX 90 OR ABOVE: 0 0.10 INCH OR MORE: 8
MIN 32 OR BELOW: 4 0.50 INCH OR MORE: 4
MIN 0 OR BELOW: 0 1.00 INCH OR MORE: 1
[HDD (BASE 65) ]
TOTAL THIS MO. 294 CLEAR (SCALE 0-3) 9
DPTR FM NORMAL -273 PTCLDY (SCALE 4-7) 13
TOTAL FM JUL 1 787 CLOUDY (SCALE 8-10) 9
DPTR FM NORMAL -269
[CDD (BASE 65) ]
TOTAL THIS MO. 17
DPTR FM NORMAL 15 [PRESSURE DATA]
TOTAL FM JAN 1 2004 HIGHEST SLP 30.48 ON 14
DPTR FM NORMAL 33 LOWEST SLP 29.80 ON 29
[REMARKS]
#FINAL-12-21#