000
CXUS52 KGSP 010817
CF6AND
PRELIMINARY LOCAL CLIMATOLOGICAL DATA (WS FORM: F-6)
STATION: ANDERSON SC
MONTH: OCTOBER
YEAR: 2022
LATITUDE: 34 30 N
LONGITUDE: 82 43 W
TEMPERATURE IN F: :PCPN: SNOW: WIND :SUNSHINE: SKY :PK WND
================================================================================
1 2 3 4 5 6A 6B 7 8 9 10 11 12 13 14 15 16 17 18
12Z AVG MX 2MIN
DY MAX MIN AVG DEP HDD CDD WTR SNW DPTH SPD SPD DIR MIN PSBL S-S WX SPD DR
================================================================================
1 74 54 64 -4 1 0 0.01 M M 3.7 12 20 M M 8 15 20
2 76 50 63 -5 2 0 0.00 M M 5.7 16 40 M M 1 21 40
3 75 54 65 -2 0 0 0.00 M M 5.8 16 70 M M 4 21 70
4 77 48 63 -4 2 0 0.00 M M 4.7 15 240 M M 1 20 260
5 77 42 60 -7 5 0 0.00 M M 2.9 14 260 M M 0 21 280
6 80 48 64 -2 1 0 0.00 M M 2.0 12 250 M M 0 14 240
7 83 50 67 1 0 2 0.00 M M 2.7 15 260 M M 0 18 240
8 77 52 65 -1 0 0 0.00 M M 3.3 14 80 M M 1 18 80
9 68 50 59 -6 6 0 0.00 M M 5.8 15 70 M M 7 19 50
10 76 48 62 -3 3 0 0.00 M M 3.9 12 60 M M 1 17 70
11 76 55 66 2 0 1 0.00 M M 6.4 13 60 M M 7 16 70
12 75 63 69 5 0 4 0.19 M M 4.4 13 110 M M 9 13 15 120
13 80 58 69 5 0 4 T M M 7.2 18 280 M M 3 1 23 290
14 73 44 59 -4 6 0 0.00 M M 3.8 15 270 M M 0 22 240
15 81 43 62 -1 3 0 0.00 M M 4.3 18 240 M M 0 21 230
16 84 49 67 5 0 2 0.00 M M 3.8 17 230 M M 0 21 250
17 79 55 67 5 0 2 0.00 M M 10.1 26 250 M M 1 34 240
18 58 36 47 -15 18 0 0.00 M M 7.1 16 310 M M 1 24 310
19 61 31 46 -15 19 0 0.00 M M 5.3 14 230 M M 0 18 260
20 64 33 49 -12 16 0 0.00 M M 4.0 16 220 M M 0 21 230
21 70 33 52 -8 13 0 0.00 M M 2.0 14 60 M M 0 19 60
22 74 36 55 -5 10 0 0.00 M M 1.5 9 90 M M 0 11 90
23 76 39 58 -2 7 0 0.00 M M 1.0 7 90 M M 0 10 80
24 78 41 60 1 5 0 0.00 M M 1.8 9 250 M M 0 11 90
25 76 43 60 1 5 0 T M M 3.2 13 160 M M 1 17 140
26 73 57 65 7 0 0 0.20 M M 4.9 16 290 M M 6 1 18 300
27 71 46 59 1 6 0 0.00 M M 7.3 18 80 M M 1 22 70
28 69 54 62 4 3 0 0.00 M M 9.2 18 40 M M 3 23 40
29 62 53 58 1 7 0 0.00 M M 8.5 18 60 M M 9 25 50
30 59 56 58 1 7 0 0.03 M M 9.4 16 70 M M 10 1 21 90
31 63 56 60 3 5 0 0.61 M M 3.3 9 70 M M 10 12 12 70
================================================================================
SM 2265 1477 150 15 1.04 M 149.0 M 84
================================================================================
AV 73.1 47.6 4.8 FASTST M M 3 MAX(MPH)
MISC ----> 26 250 34 240
================================================================================
NOTES:
# LAST OF SEVERAL OCCURRENCES
COLUMN 17 PEAK WIND IN M.P.H.
PRELIMINARY LOCAL CLIMATOLOGICAL DATA (WS FORM: F-6) , PAGE 2
STATION: ANDERSON SC
MONTH: OCTOBER
YEAR: 2022
LATITUDE: 34 30 N
LONGITUDE: 82 43 W
[TEMPERATURE DATA] [PRECIPITATION DATA] SYMBOLS USED IN COLUMN 16
AVERAGE MONTHLY: 60.4 TOTAL FOR MONTH: 1.04 1 = FOG OR MIST
DPTR FM NORMAL: -2.0 DPTR FM NORMAL: -2.08 2 = FOG REDUCING VISIBILITY
HIGHEST: 84 ON 16 GRTST 24HR 0.64 ON 30-31 TO 1/4 MILE OR LESS
LOWEST: 31 ON 19 3 = THUNDER
SNOW, ICE PELLETS, HAIL 4 = ICE PELLETS
TOTAL MONTH: M 5 = HAIL
GRTST 24HR M ON M 6 = FREEZING RAIN OR DRIZZLE
GRTST DEPTH: M ON M 7 = DUSTSTORM OR SANDSTORM:
VSBY 1/2 MILE OR LESS
8 = SMOKE OR HAZE
[NO. OF DAYS WITH] [WEATHER - DAYS WITH] 9 = BLOWING SNOW
X = TORNADO
MAX 32 OR BELOW: 0 0.01 INCH OR MORE: 5
MAX 90 OR ABOVE: 0 0.10 INCH OR MORE: 3
MIN 32 OR BELOW: 1 0.50 INCH OR MORE: 1
MIN 0 OR BELOW: 0 1.00 INCH OR MORE: 0
[HDD (BASE 65) ]
TOTAL THIS MO. 150 CLEAR (SCALE 0-3) 21
DPTR FM NORMAL 13 PTCLDY (SCALE 4-7) 6
TOTAL FM JUL 1 162 CLOUDY (SCALE 8-10) 4
DPTR FM NORMAL 18
[CDD (BASE 65) ]
TOTAL THIS MO. 15
DPTR FM NORMAL -40 [PRESSURE DATA]
TOTAL FM JAN 1 2013 HIGHEST SLP 30.35 ON 29
DPTR FM NORMAL 212 LOWEST SLP 29.69 ON 17
[REMARKS]
#FINAL-10-22#