000
CXUS53 KIWX 010810
CF6AOH
PRELIMINARY LOCAL CLIMATOLOGICAL DATA (WS FORM: F-6)
STATION: LIMA
MONTH: OCTOBER
YEAR: 2021
LATITUDE: 40 42 N
LONGITUDE: 84 1 W
TEMPERATURE IN F: :PCPN: SNOW: WIND :SUNSHINE: SKY :PK WND
================================================================================
1 2 3 4 5 6A 6B 7 8 9 10 11 12 13 14 15 16 17 18
12Z AVG MX 2MIN
DY MAX MIN AVG DEP HDD CDD WTR SNW DPTH SPD SPD DIR MIN PSBL S-S WX SPD DR
================================================================================
1 79 47 63 3 2 0 0.00 M M 4.2 10 120 M M 0 14 120
2 79 53 66 7 0 1 0.04 M M 6.8 25 250 M M 4 1 35 240
3 75 63 69 10 0 4 M M M 6.9 15 290 M M 9 1 21 240
4 75 61 68 10 0 3 0.03 M M 6.0 14 230 M M 9 1 19 260
5 80 57 69 11 0 4 0.00 M M 5.4 15 60 M M 7 12 24 40
6 74 62 68 10 0 3 0.01 M M 7.6 13 70 M M 9 1 18 60
7 75 65 70 13 0 5 0.01 0.0 0 6.9 14 160 M M 8 1 19 150
8 79 62 71 14 0 6 0.33 0.0 0 4.5 14 170 M M 8 138 18 160
9 79 58 69 12 0 4 0.00 0.0 0 5.8 13 220 M M 1 1 18 220
10 83 67 75 19 0 10 0.01 0.0 0 11.5 22 170 M M 3 33 190
11 82 64 73 17 0 8 T 0.0 0 11.5 20 150 M M 1 27 170
12 73 59 66 11 0 1 T 0.0 0 10.5 20 250 M M 9 28 250
13 76 54 65 10 0 0 T 0.0 0 6.9 14 230 M M 2 1 21 190
14 82 65 74 19 0 9 0.12 M M 8.1 16 240 M M 3 1 24 220
15 76 57 67 13 0 2 0.38 M M 9.2 28 250 M M 10 13 37 260
16 59 51 55 1 10 0 0.15 M M 12.6 22 270 M M 10 1 33 260
17 64 42 53 -1 12 0 0.00 M M 10.1 23 290 M M 2 34 300
18 68 43 56 3 9 0 0.00 M M 4.9 14 280 M M 0 8 21 250
19 72 44 58 5 7 0 0.00 M M 6.8 15 240 M M 0 22 250
20 73 47 60 8 5 0 0.00 M M 8.4 17 230 M M 1 25 210
21 67 50 59 7 6 0 0.03 M M 15.1 31 260 M M 7 1 45 240
22 51 44 48 -4 17 0 0.03 M M 4.4 15 320 M M 10 1 21 280
23 59 45 52 1 13 0 0.05 M M 5.0 15 250 M M 9 1 20 240
24 56 46 51 0 14 0 0.99 M M 6.2 16 300 M M 10 1 23 290
25 64 47 56 6 9 0 0.75 M M 8.7 21 350 M M 10 1 30 350
26 54 36 45 -5 20 0 0.00 M M 8.9 17 350 M M 4 26 350
27 51 32 42 -8 23 0 0.00 M M 3.9 17 110 M M 7 1 25 120
28 65 50 58 9 7 0 0.16 M M 8.8 18 100 M M 8 1 28 130
29 57 52 55 6 10 0 0.76 M M 6.9 14 30 M M 10 1 20 40
30 54 50 52 4 13 0 0.28 M M 9.0 15 30 M M 10 1 23 20
31 61 43 52 4 13 0 0.01 M M 11.5 21 250 M M 8 1 29 310
================================================================================
SM 2142 1616 190 60 4.14 0.0 243.0 M 189
================================================================================
AV 69.1 52.1 7.8 FASTST M M 6 MAX(MPH)
MISC ----> 31 260 45 240
================================================================================
NOTES:
# LAST OF SEVERAL OCCURRENCES
COLUMN 17 PEAK WIND IN M.P.H.
PRELIMINARY LOCAL CLIMATOLOGICAL DATA (WS FORM: F-6) , PAGE 2
STATION: LIMA
MONTH: OCTOBER
YEAR: 2021
LATITUDE: 40 42 N
LONGITUDE: 84 1 W
[TEMPERATURE DATA] [PRECIPITATION DATA] SYMBOLS USED IN COLUMN 16
AVERAGE MONTHLY: 60.6 TOTAL FOR MONTH: 4.14 1 = FOG OR MIST
DPTR FM NORMAL: 6.8 DPTR FM NORMAL: 1.45 2 = FOG REDUCING VISIBILITY
HIGHEST: 83 ON 10 GRTST 24HR 1.44 ON 24-25 TO 1/4 MILE OR LESS
LOWEST: 32 ON 27 3 = THUNDER
SNOW, ICE PELLETS, HAIL 4 = ICE PELLETS
TOTAL MONTH: 0.0 INCH 5 = HAIL
GRTST 24HR 0.0 6 = FREEZING RAIN OR DRIZZLE
GRTST DEPTH: 0 7 = DUSTSTORM OR SANDSTORM:
VSBY 1/2 MILE OR LESS
8 = SMOKE OR HAZE
[NO. OF DAYS WITH] [WEATHER - DAYS WITH] 9 = BLOWING SNOW
X = TORNADO
MAX 32 OR BELOW: 0 0.01 INCH OR MORE: 18
MAX 90 OR ABOVE: 0 0.10 INCH OR MORE: 9
MIN 32 OR BELOW: 1 0.50 INCH OR MORE: 3
MIN 0 OR BELOW: 0 1.00 INCH OR MORE: 0
[HDD (BASE 65) ]
TOTAL THIS MO. 190 CLEAR (SCALE 0-3) 10
DPTR FM NORMAL -172 PTCLDY (SCALE 4-7) 7
TOTAL FM JUL 1 228 CLOUDY (SCALE 8-10) 14
DPTR FM NORMAL -237
[CDD (BASE 65) ]
TOTAL THIS MO. 60
DPTR FM NORMAL 44 [PRESSURE DATA]
TOTAL FM JAN 1 1133 HIGHEST SLP M ON M
DPTR FM NORMAL 287 LOWEST SLP 29.42 ON 29
[REMARKS]
#FINAL-10-21#