000
CXUS52 KMFL 011030
CF6APF
PRELIMINARY LOCAL CLIMATOLOGICAL DATA (WS FORM: F-6)
STATION: NAPLES
MONTH: JUNE
YEAR: 2023
LATITUDE: 26 8 N
LONGITUDE: 81 46 W
TEMPERATURE IN F: :PCPN: SNOW: WIND :SUNSHINE: SKY :PK WND
================================================================================
1 2 3 4 5 6A 6B 7 8 9 10 11 12 13 14 15 16 17 18
12Z AVG MX 2MIN
DY MAX MIN AVG DEP HDD CDD WTR SNW DPTH SPD SPD DIR MIN PSBL S-S WX SPD DR
================================================================================
1 89 72 81 0 0 16 0.33 0.0 0 6.9 16 90 M M 3 123 20 250
2 89 73 81 0 0 16 0.25 0.0 0 5.9 16 80 M M 2 38 22 90
3 89 73 81 0 0 16 0.07 0.0 0 7.6 20 140 M M 2 38 24 130
4 91 72 82 1 0 17 0.60 0.0 0 8.4 21 40 M M 5 13 28 50
5 90 72 81 0 0 16 0.50 0.0 0 7.3 20 290 M M 3 38 23 290
6 89 73 81 0 0 16 0.21 0.0 0 7.6 16 220 M M 3 13 20 210
7 88 75 82 1 0 17 0.10 0.0 0 6.8 23 210 M M 2 3 28 210
8 89 79 84 2 0 19 0.10 0.0 0 9.3 20 220 M M 2 38 25 220
9 89 81 85 3 0 20 0.00 0.0 0 8.5 15 290 M M 1 19 290
10 90 78 84 2 0 19 0.00 0.0 0 5.7 14 280 M M 2 18 260
11 91 78 85 3 0 20 0.00 0.0 0 5.1 15 220 M M 2 19 210
12 90 77 84 2 0 19 0.20 0.0 0 6.5 15 230 M M 3 138 18 250
13 92 80 86 4 0 21 0.00 0.0 0 6.3 15 240 M M 2 19 240
14 93 79 86 4 0 21 0.00 0.0 0 7.9 17 210 M M 1 21 230
15 93 81 87 5 0 22 0.00 0.0 0 7.9 20 210 M M 1 25 200
16 93 82 88 6 0 23 0.00 0.0 0 9.2 20 230 M M 3 25 220
17 93 84 89 7 0 24 0.00 0.0 0 9.4 17 240 M M 3 3 22 260
18 87 74 81 -1 0 16 1.62 0.0 0 8.1 22 210 M M 5 138 27 200
19 92 79 86 4 0 21 0.00 0.0 0 8.8 20 130 M M 3 3 24 280
20 92 77 85 2 0 20 0.00 0.0 0 9.6 18 210 M M 1 3 23 230
21 93 74 84 1 0 19 0.30 0.0 0 9.4 22 340 M M 2 138 31 330
22 92 73 83 0 0 18 0.00 0.0 0 7.5 18 110 M M 1 3 23 100
23 93 80 87 4 0 22 0.00 0.0 0 5.7 14 70 M M 0 3 17 60
24 93 77 85 2 0 20 0.00 0.0 0 6.5 17 50 M M 1 3 22 50
25 94 76 85 2 0 20 0.00 0.0 0 7.3 21 60 M M 1 26 60
26 92 76 84 1 0 19 0.00 0.0 0 4.8 15 110 M M 1 3 19 250
27 92 80 86 3 0 21 0.00 0.0 0 5.3 14 290 M M 2 3 18 270
28 92 82 87 4 0 22 0.00 0.0 0 8.1 16 290 M M 1 22 290
29 93 80 87 4 0 22 T 0.0 0 7.4 17 290 M M 2 3 24 280
30 91 78 85 2 0 20 0.26 0.0 0 6.2 21 50 M M 2 13 33 50
================================================================================
SM 2734 2315 0 582 4.54 0.0 221.0 M 62
================================================================================
AV 91.1 77.2 7.4 FASTST M M 2 MAX(MPH)
MISC ----> 23 210 33 50
================================================================================
NOTES:
# LAST OF SEVERAL OCCURRENCES
COLUMN 17 PEAK WIND IN M.P.H.
PRELIMINARY LOCAL CLIMATOLOGICAL DATA (WS FORM: F-6) , PAGE 2
STATION: NAPLES
MONTH: JUNE
YEAR: 2023
LATITUDE: 26 8 N
LONGITUDE: 81 46 W
[TEMPERATURE DATA] [PRECIPITATION DATA] SYMBOLS USED IN COLUMN 16
AVERAGE MONTHLY: 84.1 TOTAL FOR MONTH: 4.54 1 = FOG OR MIST
DPTR FM NORMAL: 2.0 DPTR FM NORMAL: -2.87 2 = FOG REDUCING VISIBILITY
HIGHEST: 94 ON 25 GRTST 24HR 1.62 ON 18-18 TO 1/4 MILE OR LESS
LOWEST: 72 ON 5, 4 3 = THUNDER
SNOW, ICE PELLETS, HAIL 4 = ICE PELLETS
TOTAL MONTH: 0.0 INCH 5 = HAIL
GRTST 24HR 0.0 6 = FREEZING RAIN OR DRIZZLE
GRTST DEPTH: 0 7 = DUSTSTORM OR SANDSTORM:
VSBY 1/2 MILE OR LESS
8 = SMOKE OR HAZE
[NO. OF DAYS WITH] [WEATHER - DAYS WITH] 9 = BLOWING SNOW
X = TORNADO
MAX 32 OR BELOW: 0 0.01 INCH OR MORE: 12
MAX 90 OR ABOVE: 22 0.10 INCH OR MORE: 11
MIN 32 OR BELOW: 0 0.50 INCH OR MORE: 3
MIN 0 OR BELOW: 0 1.00 INCH OR MORE: 1
[HDD (BASE 65) ]
TOTAL THIS MO. 0 CLEAR (SCALE 0-3) 27
DPTR FM NORMAL 0 PTCLDY (SCALE 4-7) 3
TOTAL FM JUL 1 93 CLOUDY (SCALE 8-10) 0
DPTR FM NORMAL -129
[CDD (BASE 65) ]
TOTAL THIS MO. 582
DPTR FM NORMAL 69 [PRESSURE DATA]
TOTAL FM JAN 1 2192 HIGHEST SLP 30.07 ON 23
DPTR FM NORMAL 557 LOWEST SLP 29.64 ON 4
[REMARKS]
#FINAL-06-23#