000
CXUS52 KMFL 081316
CF6APF
PRELIMINARY LOCAL CLIMATOLOGICAL DATA (WS FORM: F-6)
STATION: NAPLES
MONTH: AUGUST
YEAR: 2021
LATITUDE: 26 8 N
LONGITUDE: 81 46 W
TEMPERATURE IN F: :PCPN: SNOW: WIND :SUNSHINE: SKY :PK WND
================================================================================
1 2 3 4 5 6A 6B 7 8 9 10 11 12 13 14 15 16 17 18
12Z AVG MX 2MIN
DY MAX MIN AVG DEP HDD CDD WTR SNW DPTH SPD SPD DIR MIN PSBL S-S WX SPD DR
================================================================================
1 92 81 87 4 0 22 0.00 0.0 0 5.2 14 250 M M 2 3 22 270
2 91 79 85 2 0 20 0.03 0.0 0 5.3 17 190 M M 3 13 21 190
3 92 76 84 1 0 19 0.24 0.0 0 8.6 32 270 M M 3 13 43 280
4 83 72 78 -5 0 13 0.67 0.0 0 6.3 23 270 M M 3 13 32 270
5 91 77 84 1 0 19 0.00 M M 6.1 20 230 M M 0 25 240
6 92 77 85 2 0 20 0.00 M M 6.1 17 60 M M 1 3 20 70
7 92 78 85 2 0 20 0.01 0.0 M 5.6 15 230 M M 2 138 18 240
8 91 77 84 1 0 19 1.60 0.0 M 4.4 14 160 M M 3 13 17 130
9 91 76 84 1 0 19 0.64 0.0 0 4.9 16 140 M M 3 13 21 150
10 93 77 85 2 0 20 0.15 0.0 0 6.2 24 180 M M 2 13 30 160
11 93 77 85 2 0 20 0.23 M M 5.8 17 150 M M 2 138 22 140
12 94 77 86 3 0 21 0.00 0.0 0 8.2 21 60 M M 1 3 28 70
13 95 77 86 3 0 21 0.03 0.0 0 9.5 21 60 M M 2 3 29 60
14 85 74 80 -3 0 15 1.80 0.0 0 8.1 26 100 M M 3 123 40 140
15 83 75 79 -4 0 14 0.17 0.0 0 9.4 17 140 M M 4 1 21 140
16 91 78 85 2 0 20 0.08 0.0 0 7.5 16 210 M M 2 20 200
17 91 78 85 2 0 20 0.01 0.0 0 6.4 13 110 M M 2 3 16 110
18 95 77 86 3 0 21 0.25 0.0 0 6.8 16 180 M M 3 138 24 200
19 93 77 85 2 0 20 0.10 0.0 0 6.2 15 270 M M 2 13 18 250
20 90 78 84 1 0 19 0.00 M M 3.9 14 280 M M 2 3 17 260
21 90 78 84 1 0 19 0.11 M M 5.5 15 240 M M 2 3 20 220
22 92 77 85 2 0 20 T 0.0 0 4.8 21 140 M M 1 3 26 150
23 92 78 85 2 0 20 0.11 0.0 0 4.9 16 80 M M 2 38 21 70
24 94 78 86 3 0 21 0.00 0.0 0 7.2 16 160 M M 2 21 160
25 93 77 85 2 0 20 0.00 0.0 0 9.3 24 110 M M 0 138 38 110
26 90 75 83 0 0 18 0.21 M M 9.4 23 100 M M 2 13 32 90
27 93 77 85 2 0 20 0.00 0.0 0 9.0 22 70 M M 2 3 25 60
28 92 77 85 2 0 20 0.42 0.0 0 10.5 26 120 M M 3 13 34 120
29 90 76 83 0 0 18 0.18 0.0 0 5.2 15 240 M M 2 13 18 240
30 91 75 83 0 0 18 0.00 0.0 0 5.0 14 250 M M 1 17 240
31 89 76 83 0 0 18 0.00 M M 5.9 13 280 M M 1 17 240
================================================================================
SM 2824 2382 0 594 7.04 0.0 207.2 M 63
================================================================================
AV 91.1 76.8 6.7 FASTST M M 2 MAX(MPH)
MISC ----> 32 270 43 280
================================================================================
NOTES:
# LAST OF SEVERAL OCCURRENCES
COLUMN 17 PEAK WIND IN M.P.H.
PRELIMINARY LOCAL CLIMATOLOGICAL DATA (WS FORM: F-6) , PAGE 2
STATION: NAPLES
MONTH: AUGUST
YEAR: 2021
LATITUDE: 26 8 N
LONGITUDE: 81 46 W
[TEMPERATURE DATA] [PRECIPITATION DATA] SYMBOLS USED IN COLUMN 16
AVERAGE MONTHLY: 84.0 TOTAL FOR MONTH: 7.04 1 = FOG OR MIST
DPTR FM NORMAL: 0.7 DPTR FM NORMAL: -1.85 2 = FOG REDUCING VISIBILITY
HIGHEST: 95 ON 18,13 GRTST 24HR 1.80 ON 14-14 TO 1/4 MILE OR LESS
LOWEST: 72 ON 4 3 = THUNDER
SNOW, ICE PELLETS, HAIL 4 = ICE PELLETS
TOTAL MONTH: 0.0 INCH 5 = HAIL
GRTST 24HR 0.0 6 = FREEZING RAIN OR DRIZZLE
GRTST DEPTH: 0 7 = DUSTSTORM OR SANDSTORM:
VSBY 1/2 MILE OR LESS
8 = SMOKE OR HAZE
[NO. OF DAYS WITH] [WEATHER - DAYS WITH] 9 = BLOWING SNOW
X = TORNADO
MAX 32 OR BELOW: 0 0.01 INCH OR MORE: 20
MAX 90 OR ABOVE: 27 0.10 INCH OR MORE: 15
MIN 32 OR BELOW: 0 0.50 INCH OR MORE: 4
MIN 0 OR BELOW: 0 1.00 INCH OR MORE: 2
[HDD (BASE 65) ]
TOTAL THIS MO. 0 CLEAR (SCALE 0-3) 29
DPTR FM NORMAL 0 PTCLDY (SCALE 4-7) 2
TOTAL FM JUL 1 0 CLOUDY (SCALE 8-10) 0
DPTR FM NORMAL 0
[CDD (BASE 65) ]
TOTAL THIS MO. 594
DPTR FM NORMAL 25 [PRESSURE DATA]
TOTAL FM JAN 1 2961 HIGHEST SLP 30.14 ON 10
DPTR FM NORMAL 194 LOWEST SLP 29.88 ON 31
[REMARKS]
#FINAL-08-21#