000
CXUS52 KMFL 011311
CLMAPF
CLIMATE REPORT
NATIONAL WEATHER SERVICE MIAMI, FL
911 AM EDT TUE AUG 01 2023
...................................
...THE NAPLES CLIMATE SUMMARY FOR THE MONTH OF JULY 2023...
CLIMATE NORMAL PERIOD: 1991 TO 2020
CLIMATE RECORD PERIOD: 1942 TO 2023
WEATHER OBSERVED NORMAL DEPART LAST YEAR`S
VALUE DATE(S) VALUE FROM VALUE DATE(S)
NORMAL
................................................................
TEMPERATURE (F)
RECORD
HIGH 99 07/25/2017
LOW 65 07/20/1974
07/17/1974
HIGHEST 97 07/25 94 07/01
07/29
07/30
LOWEST 76 07/07 72 07/14
AVG. MAXIMUM 93.9 90.8 3.1 90.8
AVG. MINIMUM 79.5 75.5 4.0 75.9
MEAN 86.7 83.1 3.6 83.4
DAYS MAX >= 90 30 23
DAYS MAX <= 32 0 0
DAYS MIN <= 32 0 0
DAYS MIN <= 0 0 0
PRECIPITATION (INCHES)
RECORD
MAXIMUM 21.49 1985
MINIMUM 1.30 1944
TOTALS 3.39 7.77 -4.38 9.89
DAILY AVG. 0.11 0.25 -0.14 0.32
DAYS >= .01 12 19
DAYS >= .10 7 14
DAYS >= .50 3 5
DAYS >= 1.00 0 2
GREATEST
24 HR. TOTAL 1.06 07/05 TO 07/06 3.35
DEGREE DAYS
HEATING TOTAL 0 0 0 0
SINCE 7/1 0 0 0 MM
COOLING TOTAL 681 563 118 578
SINCE 1/1 2873 2198 675 MM
................................................................
WIND (MPH)
AVERAGE WIND SPEED 6.0
HIGHEST WIND SPEED/DIRECTION 28/060 DATE 07/25
HIGHEST GUST SPEED/DIRECTION 33/060 DATE 07/25
SKY COVER
POSSIBLE SUNSHINE (PERCENT) MM
AVERAGE SKY COVER 0.15
NUMBER OF DAYS FAIR 31
NUMBER OF DAYS PC 0
NUMBER OF DAYS CLOUDY 0
AVERAGE RH (PERCENT) 73
WEATHER CONDITIONS. NUMBER OF DAYS WITH
THUNDERSTORM 23 MIXED PRECIP 0
HEAVY RAIN 6 RAIN 5
LIGHT RAIN 12 FREEZING RAIN 0
LT FREEZING RAIN 0 HAIL 0
HEAVY SNOW 0 SNOW 0
LIGHT SNOW 0 SLEET 0
FOG 8 FOG W/VIS <= 1/4 MILE 0
HAZE 7
- INDICATES NEGATIVE NUMBERS.
R INDICATES RECORD WAS SET OR TIED.
MM INDICATES DATA IS MISSING.
T INDICATES TRACE AMOUNT.
$$