000
CXUS53 KAPX 010730
CF6APX
PRELIMINARY LOCAL CLIMATOLOGICAL DATA (WS FORM: F-6)
STATION: GAYLORD WFO
MONTH: AUGUST
YEAR: 2022
LATITUDE: 45 4 N
LONGITUDE: 84 43 W
TEMPERATURE IN F: :PCPN: SNOW: WIND :SUNSHINE: SKY :PK WND
================================================================================
1 2 3 4 5 6A 6B 7 8 9 10 11 12 13 14 15 16 17 18
12Z AVG MX 2MIN
DY MAX MIN AVG DEP HDD CDD WTR SNW DPTH SPD SPD DIR MIN PSBL S-S WX SPD DR
================================================================================
1 74 56 65 -2 0 0 0.14 0.0 0 M M M M M M M M
2 79 56 68 1 0 3 T 0.0 0 M M M M M M M M
3 78 65 72 5 0 7 0.34 0.0 0 M M M M M M M M
4 79 58 69 2 0 4 0.00 0.0 0 M M M M M M M M
5 86 53 70 3 0 5 0.00 0.0 0 M M M M M M M M
6 90 53 72 5 0 7 0.00 0.0 0 M M M M M M M M
7 77 60 69 2 0 4 0.56 0.0 0 M M M M M M 13 M M
8 66 56 61 -6 4 0 0.77 0.0 0 M M M M M M M M
9 76 51 64 -3 1 0 0.00 0.0 0 M M M M M M M M
10 81 53 67 0 0 2 0.00 0.0 0 M M M M M M M M
11 70 53 62 -5 3 0 0.00 0.0 0 M M M M M M M M
12 76 48 62 -4 3 0 0.00 0.0 0 M M M M M M M M
13 68 55 62 -4 3 0 0.01 0.0 0 M M M M M M M M
14 71 55 63 -3 2 0 0.00 0.0 0 M M M M M M M M
15 76 52 64 -2 1 0 0.00 0.0 0 M M M M M M M M
16 78 55 67 1 0 2 0.00 0.0 0 M M M M M M M M
17 80 52 66 0 0 1 T 0.0 0 M M M M M M 3 M M
18 80 54 67 1 0 2 0.00 0.0 0 M M M M M M M M
19 81 54 68 2 0 3 T 0.0 0 M M M M M M M M
20 78 63 71 5 0 6 0.07 0.0 0 M M M M M M M M
21 77 60 69 3 0 4 0.09 0.0 0 M M M M M M M M
22 75 55 65 0 0 0 0.00 0.0 0 M M M M M M M M
23 79 56 68 3 0 3 0.00 0.0 0 M M M M M M 1 M M
24 82 59 71 6 0 6 0.01 0.0 0 M M M M M M 3 M M
25 71 62 67 2 0 2 0.24 0.0 0 M M M M M M M M
26 72 52 62 -3 3 0 T 0.0 0 M M M M M M M M
27 79 52 66 1 0 1 0.00 0.0 0 M M M M M M M M
28 83 59 71 7 0 6 0.12 0.0 0 M M M M M M M M
29 74 66 70 6 0 5 0.28 0.0 0 M M M M M M M M
30 M 57 M M M M T 0.0 0 M M M M M M M M
31 72 49 61 -3 4 0 0.00 0.0 0 M M M M M M M M
================================================================================
SM 2308 1729 24 73 2.63 0.0 M M M
================================================================================
AV 76.9 55.8 M FASTST M M M MAX(MPH)
MISC ----> M M M M
================================================================================
NOTES:
# LAST OF SEVERAL OCCURRENCES
COLUMN 17 PEAK WIND IN M.P.H.
PRELIMINARY LOCAL CLIMATOLOGICAL DATA (WS FORM: F-6) , PAGE 2
STATION: GAYLORD WFO
MONTH: AUGUST
YEAR: 2022
LATITUDE: 45 4 N
LONGITUDE: 84 43 W
[TEMPERATURE DATA] [PRECIPITATION DATA] SYMBOLS USED IN COLUMN 16
AVERAGE MONTHLY: 66.4 TOTAL FOR MONTH: 2.63 1 = FOG OR MIST
DPTR FM NORMAL: 0.5 DPTR FM NORMAL: -0.90 2 = FOG REDUCING VISIBILITY
HIGHEST: 90 ON 6 GRTST 24HR 0.77 ON 8- 8 TO 1/4 MILE OR LESS
LOWEST: 48 ON 12 3 = THUNDER
SNOW, ICE PELLETS, HAIL 4 = ICE PELLETS
TOTAL MONTH: 0.0 INCH 5 = HAIL
GRTST 24HR 0.0 6 = FREEZING RAIN OR DRIZZLE
GRTST DEPTH: 0 7 = DUSTSTORM OR SANDSTORM:
VSBY 1/2 MILE OR LESS
8 = SMOKE OR HAZE
[NO. OF DAYS WITH] [WEATHER - DAYS WITH] 9 = BLOWING SNOW
X = TORNADO
MAX 32 OR BELOW: 0 0.01 INCH OR MORE: 11
MAX 90 OR ABOVE: 1 0.10 INCH OR MORE: 7
MIN 32 OR BELOW: 0 0.50 INCH OR MORE: 2
MIN 0 OR BELOW: 0 1.00 INCH OR MORE: 0
[HDD (BASE 65) ]
TOTAL THIS MO. 24 CLEAR (SCALE 0-3) 0
DPTR FM NORMAL -35 PTCLDY (SCALE 4-7) 0
TOTAL FM JUL 1 46 CLOUDY (SCALE 8-10) 31
DPTR FM NORMAL -63
[CDD (BASE 65) ]
TOTAL THIS MO. 73
DPTR FM NORMAL -14 [PRESSURE DATA]
TOTAL FM JAN 1 304 HIGHEST SLP M ON M
DPTR FM NORMAL 16 LOWEST SLP M ON M
[REMARKS]
#FINAL-08-22#