000
CXUS53 KAPX 011833
CF6APX
PRELIMINARY LOCAL CLIMATOLOGICAL DATA (WS FORM: F-6)
STATION: GAYLORD WFO
MONTH: SEPTEMBER
YEAR: 2020
LATITUDE: 45 4 N
LONGITUDE: 84 43 W
TEMPERATURE IN F: :PCPN: SNOW: WIND :SUNSHINE: SKY :PK WND
================================================================================
1 2 3 4 5 6A 6B 7 8 9 10 11 12 13 14 15 16 17 18
12Z AVG MX 2MIN
DY MAX MIN AVG DEP HDD CDD WTR SNW DPTH SPD SPD DIR MIN PSBL S-S WX SPD DR
================================================================================
1 71 52 62 0 3 0 0.02 0.0 0 M M M M M M M M
2 71 52 62 0 3 0 0.72 0.0 0 M M M M M M M M
3 76 51 64 3 1 0 0.43 0.0 0 M M M M M M M M
4 66 47 57 -4 8 0 0.00 0.0 0 M M M M M M M M
5 68 46 57 -4 8 0 0.00 0.0 0 M M M M M M M M
6 70 45 58 -2 7 0 0.02 0.0 0 M M M M M M M M
7 66 50 58 -2 7 0 T 0.0 0 M M M M M M M M
8 53 44 49 -11 16 0 0.12 0.0 0 M M M M M M M M
9 49 44 47 -13 18 0 0.39 0.0 0 M M M M M M M M
10 53 40 47 -12 18 0 0.15 0.0 0 M M M M M M M M
11 65 38 52 -7 13 0 0.00 0.0 0 M M M M M M M M
12 63 49 56 -2 9 0 0.33 0.0 0 M M M M M M 1 M M
13 63 50 57 -1 8 0 0.09 0.0 0 M M M M M M M M
14 61 42 52 -6 13 0 0.00 0.0 0 M M M M M M M M
15 71 47 59 2 6 0 0.00 0.0 0 M M M M M M M M
16 69 46 58 1 7 0 0.00 0.0 0 M M M M M M M M
17 55 37 46 -11 19 0 0.00 0.0 0 M M M M M M M M
18 54 34 44 -12 21 0 0.00 0.0 0 M M M M M M M M
19 60 33 47 -9 18 0 0.00 0.0 0 M M M M M M M M
20 66 42 54 -1 11 0 T 0.0 0 M M M M M M M M
21 68 46 57 2 8 0 0.00 0.0 0 M M M M M M M M
22 75 50 63 8 2 0 0.00 0.0 0 M M M M M M M M
23 76 53 65 11 0 0 0.00 0.0 0 M M M M M M M M
24 71 57 64 10 1 0 0.01 0.0 0 M M M M M M M M
25 77 54 66 13 0 1 0.00 0.0 0 M M M M M M M M
26 75 55 65 12 0 0 1.31 0.0 0 M M M M M M M M
27 67 54 61 8 4 0 0.01 0.0 0 M M M M M M M M
28 54 49 52 0 13 0 0.64 0.0 0 M M M M M M M M
29 57 45 51 -1 14 0 0.07 0.0 0 M M M M M M M M
30 55 45 50 -1 15 0 0.78 0.0 0 M M M M M M M M
================================================================================
SM 1945 1397 271 1 5.09 0.0 M M M
================================================================================
AV 64.8 46.6 M FASTST M M 4 MAX(MPH)
MISC ----> M M M M
================================================================================
NOTES:
# LAST OF SEVERAL OCCURRENCES
COLUMN 17 PEAK WIND IN M.P.H.
PRELIMINARY LOCAL CLIMATOLOGICAL DATA (WS FORM: F-6) , PAGE 2
STATION: GAYLORD WFO
MONTH: SEPTEMBER
YEAR: 2020
LATITUDE: 45 4 N
LONGITUDE: 84 43 W
[TEMPERATURE DATA] [PRECIPITATION DATA] SYMBOLS USED IN COLUMN 16
AVERAGE MONTHLY: 55.7 TOTAL FOR MONTH: 5.09 1 = FOG OR MIST
DPTR FM NORMAL: -1.3 DPTR FM NORMAL: 1.53 2 = FOG REDUCING VISIBILITY
HIGHEST: 77 ON 25 GRTST 24HR 1.31 ON 26-26 TO 1/4 MILE OR LESS
LOWEST: 33 ON 19 3 = THUNDER
SNOW, ICE PELLETS, HAIL 4 = ICE PELLETS
TOTAL MONTH: 0.0 INCH 5 = HAIL
GRTST 24HR 0.0 6 = FREEZING RAIN OR DRIZZLE
GRTST DEPTH: 0 7 = DUSTSTORM OR SANDSTORM:
VSBY 1/2 MILE OR LESS
8 = SMOKE OR HAZE
[NO. OF DAYS WITH] [WEATHER - DAYS WITH] 9 = BLOWING SNOW
X = TORNADO
MAX 32 OR BELOW: 0 0.01 INCH OR MORE: 15
MAX 90 OR ABOVE: 0 0.10 INCH OR MORE: 9
MIN 32 OR BELOW: 0 0.50 INCH OR MORE: 4
MIN 0 OR BELOW: 0 1.00 INCH OR MORE: 1
[HDD (BASE 65) ]
TOTAL THIS MO. 271 CLEAR (SCALE 0-3) 0
DPTR FM NORMAL 13 PTCLDY (SCALE 4-7) 0
TOTAL FM JUL 1 334 CLOUDY (SCALE 8-10) 0
DPTR FM NORMAL -55
[CDD (BASE 65) ]
TOTAL THIS MO. 1
DPTR FM NORMAL -16 [PRESSURE DATA]
TOTAL FM JAN 1 419 HIGHEST SLP M ON M
DPTR FM NORMAL 162 LOWEST SLP M ON M
[REMARKS]
#FINAL-09-20#