000
CXUS54 KEWX 011010
CF6AQO
PRELIMINARY LOCAL CLIMATOLOGICAL DATA (WS FORM: F-6)
STATION: Llano Municipal Airport
MONTH: MARCH
YEAR: 2020
LATITUDE: 30 47 N
LONGITUDE: 98 40 W
TEMPERATURE IN F: :PCPN: SNOW: WIND :SUNSHINE: SKY :PK WND
================================================================================
1 2 3 4 5 6A 6B 7 8 9 10 11 12 13 14 15 16 17 18
12Z AVG MX 2MIN
DY MAX MIN AVG DEP HDD CDD WTR SNW DPTH SPD SPD DIR MIN PSBL S-S WX SPD DR
================================================================================
1 79 57 68 M 0 3 0.00 M M 6.2 13 200 M M 3 M M
2 79 54 67 M 0 2 0.00 M M 2.3 12 200 M M 2 M M
3 73 59 66 M 0 1 0.00 M M 2.9 10 100 M M 3 M M
4 66 52 59 M 6 0 0.75 M M 12.4 20 360 M M 10 3 29 340
5 72 43 58 M 7 0 0.00 M M 5.3 13 320 M M 1 M M
6 70 45 58 M 7 0 0.00 M M 3.9 10 100 M M 0 17 60
7 68 46 57 M 8 0 0.00 M M 4.7 14 130 M M 1 20 130
8 72 46 59 M 6 0 0.00 M M 8.4 16 170 M M 7 25 160
9 72 57 65 M 0 0 0.00 M M 6.0 14 160 M M 6 20 160
10 81 55 68 M 0 3 0.00 M M 3.0 10 180 M M 5 M M
11 84 64 74 M 0 9 0.00 M M 3.3 12 240 M M 4 M M
12 84 63 74 M 0 9 0.00 M M 4.0 14 170 M M 0 M M
13 77 66 72 M 0 7 0.00 M M 4.8 12 150 M M 6 16 150
14 82 63 73 M 0 8 0.00 M M 6.3 14 10 M M 8 17 10
15 63 57 60 M 5 0 0.00 M M 5.1 9 60 M M 10 3 M M
16 75 57 66 M 0 1 0.11 M M 4.8 9 130 M M 8 3 M M
17 81 66 74 M 0 9 0.00 M M 5.8 14 150 M M 8 20 150
18 79 68 74 M 0 9 0.00 M M 6.6 13 140 M M 7 21 140
19 82 66 74 M 0 9 0.43 M M 4.9 15 160 M M 4 3 20 160
20 72 50 61 M 4 0 1.10 M M 6.7 16 350 M M 9 3 31 350
21 52 45 49 M 16 0 0.19 M M 5.1 8 60 M M 10 3 M M
22 64 52 58 M 7 0 0.00 M M 0.5 5 100 M M 10 M M
23 77 61 69 M 0 4 0.00 M M 4.0 13 180 M M 9 17 180
24 84 55 70 M 0 5 0.00 M M 4.7 13 290 M M 2 21 290
25 91 48 70 M 0 5 0.00 M M 2.6 9 180 M M 0 M M
26 88 61 75 M 0 10 0.00 M M 4.4 12 150 M M 0 16 150
27 82 63 73 M 0 8 0.00 M M 3.6 12 220 M M 3 M M
28 75 46 61 M 4 0 0.00 M M 6.4 17 320 M M 1 3 27 300
29 75 43 59 M 6 0 0.00 M M 2.7 8 90 M M 4 M M
30 68 61 65 M 0 0 0.00 M M 1.5 10 120 M M 9 M M
31 73 50 62 M 3 0 0.01 M M 5.5 12 340 M M 3 18 340
================================================================================
SM 2340 1719 79 102 2.59 M 148.4 M 153
================================================================================
AV 75.5 55.5 4.8 FASTST M M 5 MAX(MPH)
MISC ----> # 20 360 # 31 350
================================================================================
NOTES:
# LAST OF SEVERAL OCCURRENCES
COLUMN 17 PEAK WIND IN M.P.H.
PRELIMINARY LOCAL CLIMATOLOGICAL DATA (WS FORM: F-6) , PAGE 2
STATION: Llano Municipal Airport
MONTH: MARCH
YEAR: 2020
LATITUDE: 30 47 N
LONGITUDE: 98 40 W
[TEMPERATURE DATA] [PRECIPITATION DATA] SYMBOLS USED IN COLUMN 16
AVERAGE MONTHLY: 65.5 TOTAL FOR MONTH: 2.59 1 = FOG OR MIST
DPTR FM NORMAL: M DPTR FM NORMAL: M 2 = FOG REDUCING VISIBILITY
HIGHEST: 91 ON 25 GRTST 24HR 1.10 ON 20-20 TO 1/4 MILE OR LESS
LOWEST: 43 ON 29, 5 3 = THUNDER
SNOW, ICE PELLETS, HAIL 4 = ICE PELLETS
TOTAL MONTH: M 5 = HAIL
GRTST 24HR M ON M 6 = FREEZING RAIN OR DRIZZLE
GRTST DEPTH: M ON M 7 = DUSTSTORM OR SANDSTORM:
VSBY 1/2 MILE OR LESS
8 = SMOKE OR HAZE
[NO. OF DAYS WITH] [WEATHER - DAYS WITH] 9 = BLOWING SNOW
X = TORNADO
MAX 32 OR BELOW: 0 0.01 INCH OR MORE: 6
MAX 90 OR ABOVE: 1 0.10 INCH OR MORE: 5
MIN 32 OR BELOW: 0 0.50 INCH OR MORE: 2
MIN 0 OR BELOW: 0 1.00 INCH OR MORE: 1
[HDD (BASE 65) ]
TOTAL THIS MO. 79 CLEAR (SCALE 0-3) 11
DPTR FM NORMAL M PTCLDY (SCALE 4-7) 13
TOTAL FM JUL 1 1631 CLOUDY (SCALE 8-10) 7
DPTR FM NORMAL M
[CDD (BASE 65) ]
TOTAL THIS MO. 102
DPTR FM NORMAL M [PRESSURE DATA]
TOTAL FM JAN 1 123 HIGHEST SLP M ON M
DPTR FM NORMAL M LOWEST SLP M ON M
[REMARKS]
#FINAL-03-20#