000
CDUS41 KBUF 231017
CLIART


CLIMATE REPORT
NATIONAL WEATHER SERVICE BUFFALO NY
616 AM EDT MON APR 23 2018


...................................

...THE WATERTOWN NY CLIMATE SUMMARY FOR APRIL 22 2018...

CLIMATE NORMAL PERIOD 1981 TO 2010
CLIMATE RECORD PERIOD 1949 TO 2018


WEATHER ITEM   OBSERVED TIME   RECORD YEAR NORMAL DEPARTURE LAST
                VALUE   (LST)  VALUE       VALUE  FROM      YEAR
                                                  NORMAL
..................................................................
TEMPERATURE (F)
 YESTERDAY
  MAXIMUM         56    413 PM  79    1973  58     -2       50
  MINIMUM         23    550 AM  22    2013  36    -13       31
  AVERAGE         40                        47     -7       41

PRECIPITATION (IN)
  YESTERDAY        0.00          1.24 2006   0.10  -0.10      T
  MONTH TO DATE    2.54                      2.13   0.41     3.51
  SINCE MAR 1      4.14                      4.43  -0.29     5.86
  SINCE JAN 1      8.16                      9.31  -1.15     9.49

DEGREE DAYS
 HEATING
  YESTERDAY       25                        18      7       24
  MONTH TO DATE  676                       501    175      415
  SINCE MAR 1   1766                      1567    199     1589
  SINCE JUL 1   6976                      7008    -32     6200

 COOLING
  YESTERDAY        0                         0      0        0
  MONTH TO DATE    0                         0      0        4
  SINCE MAR 1      0                         0      0        4
  SINCE JAN 1      0                         0      0        4
..................................................................


WIND (MPH)
  HIGHEST WIND SPEED    13   HIGHEST WIND DIRECTION    SW (240)
  HIGHEST GUST SPEED    16   HIGHEST GUST DIRECTION    SW (230)
  AVERAGE WIND SPEED     4.1


SKY COVER
  AVERAGE SKY COVER 0.0


WEATHER CONDITIONS
 THE FOLLOWING WEATHER WAS RECORDED YESTERDAY.
  NO SIGNIFICANT WEATHER WAS OBSERVED.


RELATIVE HUMIDITY (PERCENT)
 HIGHEST   100           400 AM
 LOWEST     26           300 PM
 AVERAGE    63

..........................................................


THE WATERTOWN NY CLIMATE NORMALS FOR TODAY
                         NORMAL    RECORD    YEAR
 MAXIMUM TEMPERATURE (F)   58        84      2001
 MINIMUM TEMPERATURE (F)   36        24      2010
                                             1989


SUNRISE AND SUNSET
APRIL 23 2018.........SUNRISE   608 AM EDT   SUNSET   758 PM EDT
APRIL 24 2018.........SUNRISE   606 AM EDT   SUNSET   759 PM EDT


-  INDICATES NEGATIVE NUMBERS.
R  INDICATES RECORD WAS SET OR TIED.
MM INDICATES DATA IS MISSING.
T  INDICATES TRACE AMOUNT.

$$
