000
CDUS41 KBUF 170705
CLIART


CLIMATE REPORT
NATIONAL WEATHER SERVICE BUFFALO NY
305 AM EDT TUE APR 17 2018


...................................

...THE WATERTOWN NY CLIMATE SUMMARY FOR APRIL 16 2018...

CLIMATE NORMAL PERIOD 1981 TO 2010
CLIMATE RECORD PERIOD 1949 TO 2018


WEATHER ITEM   OBSERVED TIME   RECORD YEAR NORMAL DEPARTURE LAST
                VALUE   (LST)  VALUE       VALUE  FROM      YEAR
                                                  NORMAL
..................................................................
TEMPERATURE (F)
 YESTERDAY
  MAXIMUM         47   1233 PM  86    2012  55     -8       76
  MINIMUM         33    130 AM  22    2014  34     -1       50
  AVERAGE         40                        44     -4       63

PRECIPITATION (IN)
  YESTERDAY        0.77          1.06 1984   0.10   0.67      T
  MONTH TO DATE    2.52                      1.56   0.96     3.03
  SINCE MAR 1      4.12                      3.86   0.26     5.38
  SINCE JAN 1      8.14                      8.74  -0.60     9.01

DEGREE DAYS
 HEATING
  YESTERDAY       25                        21      4        2
  MONTH TO DATE  503                       385    118      295
  SINCE MAR 1   1593                      1451    142     1469
  SINCE JUL 1   6803                      6892    -89     6080

 COOLING
  YESTERDAY        0                         0      0        0
  MONTH TO DATE    0                         0      0        4
  SINCE MAR 1      0                         0      0        4
  SINCE JAN 1      0                         0      0        4
..................................................................


WIND (MPH)
  HIGHEST WIND SPEED    31   HIGHEST WIND DIRECTION    SE (120)
  HIGHEST GUST SPEED    47   HIGHEST GUST DIRECTION     E (110)
  AVERAGE WIND SPEED    12.6


SKY COVER
  AVERAGE SKY COVER 1.0


WEATHER CONDITIONS
 THE FOLLOWING WEATHER WAS RECORDED YESTERDAY.
  HEAVY RAIN
  RAIN
  LIGHT RAIN
  FOG


RELATIVE HUMIDITY (PERCENT)
 HIGHEST   100          1200 AM
 LOWEST     71          1000 AM
 AVERAGE    86

..........................................................


THE WATERTOWN NY CLIMATE NORMALS FOR TODAY
                         NORMAL    RECORD    YEAR
 MAXIMUM TEMPERATURE (F)   55        80      1960
 MINIMUM TEMPERATURE (F)   34        19      1980


SUNRISE AND SUNSET
APRIL 17 2018.........SUNRISE   618 AM EDT   SUNSET   751 PM EDT
APRIL 18 2018.........SUNRISE   616 AM EDT   SUNSET   752 PM EDT


-  INDICATES NEGATIVE NUMBERS.
R  INDICATES RECORD WAS SET OR TIED.
MM INDICATES DATA IS MISSING.
T  INDICATES TRACE AMOUNT.




$$
