000
CDUS41 KBUF 181019
CLIART


CLIMATE REPORT
NATIONAL WEATHER SERVICE BUFFALO NY
619 AM EDT FRI MAY 18 2018


...................................

...THE WATERTOWN NY CLIMATE SUMMARY FOR MAY 17 2018...

CLIMATE NORMAL PERIOD 1981 TO 2010
CLIMATE RECORD PERIOD 1949 TO 2018


WEATHER ITEM   OBSERVED TIME   RECORD YEAR NORMAL DEPARTURE LAST
                VALUE   (LST)  VALUE       VALUE  FROM      YEAR
                                                  NORMAL
..................................................................
TEMPERATURE (F)
 YESTERDAY
  MAXIMUM         73    305 PM  83    2017  66      7       83
  MINIMUM         50   1159 PM  29    1984  44      6       52
  AVERAGE         62                        55      7       68

PRECIPITATION (IN)
  YESTERDAY        0.00          0.76 1991   0.10  -0.10     0.00
  MONTH TO DATE    0.90                      1.60  -0.70     3.91
  SINCE MAR 1      5.81                      6.80  -0.99    10.33
  SINCE JAN 1      9.83                     11.68  -1.85    13.96

DEGREE DAYS
 HEATING
  YESTERDAY        3                        10     -7        0
  MONTH TO DATE  148                       216    -68      268
  SINCE MAR 1   2056                      1918    138     1963
  SINCE JUL 1   7266                      7359    -93     6574

 COOLING
  YESTERDAY        0                         0      0        3
  MONTH TO DATE    3                         0      3        3
  SINCE MAR 1      3                         1      2       10
  SINCE JAN 1      3                         1      2       10
..................................................................


WIND (MPH)
  HIGHEST WIND SPEED    16   HIGHEST WIND DIRECTION    NE (50)
  HIGHEST GUST SPEED    20   HIGHEST GUST DIRECTION    NE (50)
  AVERAGE WIND SPEED     8.0


SKY COVER
  AVERAGE SKY COVER 0.1


WEATHER CONDITIONS
 THE FOLLOWING WEATHER WAS RECORDED YESTERDAY.
  NO SIGNIFICANT WEATHER WAS OBSERVED.


RELATIVE HUMIDITY (PERCENT)
 HIGHEST   100           400 AM
 LOWEST     44           500 PM
 AVERAGE    72

..........................................................


THE WATERTOWN NY CLIMATE NORMALS FOR TODAY
                         NORMAL    RECORD    YEAR
 MAXIMUM TEMPERATURE (F)   67        86      1949
 MINIMUM TEMPERATURE (F)   44        28      1981


SUNRISE AND SUNSET
MAY 18 2018...........SUNRISE   535 AM EDT   SUNSET   827 PM EDT
MAY 19 2018...........SUNRISE   534 AM EDT   SUNSET   828 PM EDT


-  INDICATES NEGATIVE NUMBERS.
R  INDICATES RECORD WAS SET OR TIED.
MM INDICATES DATA IS MISSING.
T  INDICATES TRACE AMOUNT.




$$
