000
CDUS41 KBUF 160705
CLIART


CLIMATE REPORT
NATIONAL WEATHER SERVICE BUFFALO NY
305 AM EDT MON APR 16 2018


...................................

...THE WATERTOWN NY CLIMATE SUMMARY FOR APRIL 15 2018...

CLIMATE NORMAL PERIOD 1981 TO 2010
CLIMATE RECORD PERIOD 1949 TO 2018


WEATHER ITEM   OBSERVED TIME   RECORD YEAR NORMAL DEPARTURE LAST
                VALUE   (LST)  VALUE       VALUE  FROM      YEAR
                                                  NORMAL
..................................................................
TEMPERATURE (F)
 YESTERDAY
  MAXIMUM         33   1159 PM  85    1994  54    -21       68
  MINIMUM         24    336 AM  17    1992  33     -9       29
  AVERAGE         29                        44    -15       49

PRECIPITATION (IN)
  YESTERDAY        0.27          0.83 1984   0.10   0.17     0.26
  MONTH TO DATE    1.75                      1.46   0.29     3.03
  SINCE MAR 1      3.35                      3.76  -0.41     5.38
  SINCE JAN 1      7.37                      8.64  -1.27     9.01

DEGREE DAYS
 HEATING
  YESTERDAY       36                        21     15       16
  MONTH TO DATE  478                       364    114      293
  SINCE MAR 1   1568                      1430    138     1467
  SINCE JUL 1   6778                      6871    -93     6078

 COOLING
  YESTERDAY        0                         0      0        0
  MONTH TO DATE    0                         0      0        4
  SINCE MAR 1      0                         0      0        4
  SINCE JAN 1      0                         0      0        4
..................................................................


WIND (MPH)
  HIGHEST WIND SPEED    26   HIGHEST WIND DIRECTION    NE (40)
  HIGHEST GUST SPEED    33   HIGHEST GUST DIRECTION    NE (30)
  AVERAGE WIND SPEED    16.3


SKY COVER
  AVERAGE SKY COVER 1.0


WEATHER CONDITIONS
 THE FOLLOWING WEATHER WAS RECORDED YESTERDAY.
  FREEZING RAIN
  LT FREEZING RAIN
  LIGHT SNOW
  FOG


RELATIVE HUMIDITY (PERCENT)
 HIGHEST   100           900 AM
 LOWEST     84          1200 AM
 AVERAGE    92

..........................................................


THE WATERTOWN NY CLIMATE NORMALS FOR TODAY
                         NORMAL    RECORD    YEAR
 MAXIMUM TEMPERATURE (F)   55        86      2012
 MINIMUM TEMPERATURE (F)   34        22      2014


SUNRISE AND SUNSET
APRIL 16 2018.........SUNRISE   619 AM EDT   SUNSET   749 PM EDT
APRIL 17 2018.........SUNRISE   618 AM EDT   SUNSET   751 PM EDT


-  INDICATES NEGATIVE NUMBERS.
R  INDICATES RECORD WAS SET OR TIED.
MM INDICATES DATA IS MISSING.
T  INDICATES TRACE AMOUNT.




$$
