000
CDUS41 KBUF 081009
CLIART


CLIMATE REPORT
NATIONAL WEATHER SERVICE BUFFALO NY
609 AM EDT SUN APR 8 2018


...................................

...THE WATERTOWN NY CLIMATE SUMMARY FOR APRIL 7 2018...

CLIMATE NORMAL PERIOD 1981 TO 2010
CLIMATE RECORD PERIOD 1949 TO 2018


WEATHER ITEM   OBSERVED TIME   RECORD YEAR NORMAL DEPARTURE LAST
                VALUE   (LST)  VALUE       VALUE  FROM      YEAR
                                                  NORMAL
..................................................................
TEMPERATURE (F)
 YESTERDAY
  MAXIMUM         37    118 PM  72    1980  51    -14       39
  MINIMUM         27    647 AM   9    2003  30     -3       34
  AVERAGE         32                        40     -8       37

PRECIPITATION (IN)
  YESTERDAY        0.00          0.94 1962   0.10  -0.10     0.11
  MONTH TO DATE    0.71                      0.65   0.06     2.59
  SINCE MAR 1      2.31                      2.95  -0.64     4.94
  SINCE JAN 1      6.33                      7.83  -1.50     8.57

DEGREE DAYS
 HEATING
  YESTERDAY       33                        25      8       28
  MONTH TO DATE  228                       183     45      166
  SINCE MAR 1   1318                      1249     69     1340
  SINCE JUL 1   6528                      6690   -162     5951

 COOLING
  YESTERDAY        0                         0      0        0
  MONTH TO DATE    0                         0      0        0
  SINCE MAR 1      0                         0      0        0
  SINCE JAN 1      0                         0      0        0
..................................................................


WIND (MPH)
  HIGHEST WIND SPEED    28   HIGHEST WIND DIRECTION     W (270)
  HIGHEST GUST SPEED    37   HIGHEST GUST DIRECTION     W (280)
  AVERAGE WIND SPEED    16.8


SKY COVER
  AVERAGE SKY COVER 0.6


WEATHER CONDITIONS
 THE FOLLOWING WEATHER WAS RECORDED YESTERDAY.
  NO SIGNIFICANT WEATHER WAS OBSERVED.


RELATIVE HUMIDITY (PERCENT)
 HIGHEST    72          1200 AM
 LOWEST     47          1100 AM
 AVERAGE    60

..........................................................


THE WATERTOWN NY CLIMATE NORMALS FOR TODAY
                         NORMAL    RECORD    YEAR
 MAXIMUM TEMPERATURE (F)   51        73      1981
 MINIMUM TEMPERATURE (F)   31        11      1972


SUNRISE AND SUNSET
APRIL  8 2018.........SUNRISE   633 AM EDT   SUNSET   740 PM EDT
APRIL  9 2018.........SUNRISE   631 AM EDT   SUNSET   741 PM EDT


-  INDICATES NEGATIVE NUMBERS.
R  INDICATES RECORD WAS SET OR TIED.
MM INDICATES DATA IS MISSING.
T  INDICATES TRACE AMOUNT.




$$
