358
CDUS41 KBUF 150705
CLIART


CLIMATE REPORT
NATIONAL WEATHER SERVICE BUFFALO NY
305 AM EDT SUN APR 15 2018


...................................

...THE WATERTOWN NY CLIMATE SUMMARY FOR APRIL 14 2018...

CLIMATE NORMAL PERIOD 1981 TO 2010
CLIMATE RECORD PERIOD 1949 TO 2018


WEATHER ITEM   OBSERVED TIME   RECORD YEAR NORMAL DEPARTURE LAST
                VALUE   (LST)  VALUE       VALUE  FROM      YEAR
                                                  NORMAL
..................................................................
TEMPERATURE (F)
 YESTERDAY
  MAXIMUM         41   1242 AM  87    1968  54    -13       59
  MINIMUM         24   1017 PM  18    1973  33     -9       24
  AVERAGE         33                        43    -10       42

PRECIPITATION (IN)
  YESTERDAY        0.23          0.56 2002   0.10   0.13     0.00
                                      2002
                                      2014
  MONTH TO DATE    1.48                      1.36   0.12     2.77
  SINCE MAR 1      3.08                      3.66  -0.58     5.12
  SINCE JAN 1      7.10                      8.54  -1.44     8.75

DEGREE DAYS
 HEATING
  YESTERDAY       32                        22     10       23
  MONTH TO DATE  442                       343     99      277
  SINCE MAR 1   1532                      1409    123     1451
  SINCE JUL 1   6742                      6850   -108     6062

 COOLING
  YESTERDAY        0                         0      0        0
  MONTH TO DATE    0                         0      0        4
  SINCE MAR 1      0                         0      0        4
  SINCE JAN 1      0                         0      0        4
..................................................................


WIND (MPH)
  HIGHEST WIND SPEED    30   HIGHEST WIND DIRECTION    NE (40)
  HIGHEST GUST SPEED    39   HIGHEST GUST DIRECTION    NE (50)
  AVERAGE WIND SPEED    19.6


SKY COVER
  AVERAGE SKY COVER 0.9


WEATHER CONDITIONS
 THE FOLLOWING WEATHER WAS RECORDED YESTERDAY.
  LIGHT RAIN
  FREEZING RAIN
  LT FREEZING RAIN
  LIGHT SNOW
  FOG


RELATIVE HUMIDITY (PERCENT)
 HIGHEST   100           200 AM
 LOWEST     69          1000 AM
 AVERAGE    85

..........................................................


THE WATERTOWN NY CLIMATE NORMALS FOR TODAY
                         NORMAL    RECORD    YEAR
 MAXIMUM TEMPERATURE (F)   54        85      1994
 MINIMUM TEMPERATURE (F)   33        17      1992


SUNRISE AND SUNSET
APRIL 15 2018.........SUNRISE   621 AM EDT   SUNSET   748 PM EDT
APRIL 16 2018.........SUNRISE   619 AM EDT   SUNSET   749 PM EDT


-  INDICATES NEGATIVE NUMBERS.
R  INDICATES RECORD WAS SET OR TIED.
MM INDICATES DATA IS MISSING.
T  INDICATES TRACE AMOUNT.




$$
