929
CDUS41 KBUF 262028
CLIART


CLIMATE REPORT
NATIONAL WEATHER SERVICE BUFFALO NY
427 PM EDT SAT MAY 26 2018


...................................

...THE WATERTOWN NY CLIMATE SUMMARY FOR MAY 26 2018...
VALID TODAY AS OF 0400 PM LOCAL TIME.

CLIMATE NORMAL PERIOD 1981 TO 2010
CLIMATE RECORD PERIOD 1949 TO 2018


WEATHER ITEM   OBSERVED TIME   RECORD YEAR NORMAL DEPARTURE LAST
                VALUE   (LST)  VALUE       VALUE  FROM      YEAR
                                                  NORMAL
..................................................................
TEMPERATURE (F)
 TODAY
  MAXIMUM         77    208 PM  85    2010  69      8       63
  MINIMUM         62    115 AM  29    1969  47     15       54
  AVERAGE         70                        58     12       59

PRECIPITATION (IN)
  TODAY            0.00          0.72 1979   0.10  -0.10     0.01
  MONTH TO DATE    1.51                      2.55  -1.04     5.30
  SINCE MAR 1      6.42                      7.75  -1.33    11.72
  SINCE JAN 1     10.44                     12.63  -2.19    15.35

DEGREE DAYS
 HEATING
  TODAY            0                         8     -8        6
  MONTH TO DATE  220                       297    -77      330
  SINCE MAR 1   2128                      1999    129     2025
  SINCE JUL 1   7338                      7440   -102     6636

 COOLING
  TODAY            5                         1      4        0
  MONTH TO DATE    8                         3      5       11
  SINCE MAR 1      8                         4      4       18
  SINCE JAN 1      8                         4      4       18
..................................................................


WIND (MPH)
  HIGHEST WIND SPEED    14   HIGHEST WIND DIRECTION     W (270)
  HIGHEST GUST SPEED    17   HIGHEST GUST DIRECTION     W (270)
  AVERAGE WIND SPEED     7.3


SKY COVER
  AVERAGE SKY COVER 0.4


WEATHER CONDITIONS
 THE FOLLOWING WEATHER WAS RECORDED TODAY.
  NO SIGNIFICANT WEATHER WAS OBSERVED.


RELATIVE HUMIDITY (PERCENT)
 HIGHEST    67           700 AM
 LOWEST     52           500 AM
 AVERAGE    60

..........................................................


THE WATERTOWN NY CLIMATE NORMALS FOR TOMORROW
                         NORMAL    RECORD    YEAR
 MAXIMUM TEMPERATURE (F)   69        87      1960
 MINIMUM TEMPERATURE (F)   47        32      1969


SUNRISE AND SUNSET
MAY 26 2018...........SUNRISE   528 AM EDT   SUNSET   835 PM EDT
MAY 27 2018...........SUNRISE   527 AM EDT   SUNSET   836 PM EDT


-  INDICATES NEGATIVE NUMBERS.
R  INDICATES RECORD WAS SET OR TIED.
MM INDICATES DATA IS MISSING.
T  INDICATES TRACE AMOUNT.




$$
