371
CDUS41 KBUF 262029
CLIART


CLIMATE REPORT
NATIONAL WEATHER SERVICE BUFFALO NY
428 PM EDT THU APR 26 2018


...................................

...THE WATERTOWN NY CLIMATE SUMMARY FOR APRIL 26 2018...
VALID TODAY AS OF 0400 PM LOCAL TIME.

CLIMATE NORMAL PERIOD 1981 TO 2010
CLIMATE RECORD PERIOD 1949 TO 2018


WEATHER ITEM   OBSERVED TIME   RECORD YEAR NORMAL DEPARTURE LAST
                VALUE   (LST)  VALUE       VALUE  FROM      YEAR
                                                  NORMAL
..................................................................
TEMPERATURE (F)
 TODAY
  MAXIMUM         43   1231 AM  82    2008  59    -16       75
  MINIMUM         39    700 AM  26    2015  37      2       50
                                      2012
                                      2001
  AVERAGE         41                        48     -7       63

PRECIPITATION (IN)
  TODAY            0.15          0.94 2011   0.10   0.05     0.00
  MONTH TO DATE    2.91                      2.51   0.40     3.68
  SINCE MAR 1      4.51                      4.81  -0.30     6.03
  SINCE JAN 1      8.53                      9.69  -1.16     9.66

DEGREE DAYS
 HEATING
  TODAY           24                        17      7        2
  MONTH TO DATE  741                       571    170      474
  SINCE MAR 1   1831                      1637    194     1648
  SINCE JUL 1   7041                      7078    -37     6259

 COOLING
  TODAY            0                         0      0        0
  MONTH TO DATE    0                         0      0        4
  SINCE MAR 1      0                         0      0        4
  SINCE JAN 1      0                         0      0        4
..................................................................


WIND (MPH)
  HIGHEST WIND SPEED    20   HIGHEST WIND DIRECTION    SW (220)
  HIGHEST GUST SPEED    25   HIGHEST GUST DIRECTION    SW (230)
  AVERAGE WIND SPEED    12.4


SKY COVER
  AVERAGE SKY COVER 1.0


WEATHER CONDITIONS
 THE FOLLOWING WEATHER WAS RECORDED TODAY.
  LIGHT RAIN
  FOG


RELATIVE HUMIDITY (PERCENT)
 HIGHEST   100          1200 AM
 LOWEST     89           300 PM
 AVERAGE    95

..........................................................


THE WATERTOWN NY CLIMATE NORMALS FOR TOMORROW
                         NORMAL    RECORD    YEAR
 MAXIMUM TEMPERATURE (F)   60        86      2017
 MINIMUM TEMPERATURE (F)   37        19      1972


SUNRISE AND SUNSET
APRIL 26 2018.........SUNRISE   603 AM EDT   SUNSET   801 PM EDT
APRIL 27 2018.........SUNRISE   602 AM EDT   SUNSET   803 PM EDT


-  INDICATES NEGATIVE NUMBERS.
R  INDICATES RECORD WAS SET OR TIED.
MM INDICATES DATA IS MISSING.
T  INDICATES TRACE AMOUNT.




$$
