000
CDUS41 KBUF 122048
CLIART


CLIMATE REPORT
NATIONAL WEATHER SERVICE BUFFALO NY
446 PM EDT THU APR 12 2018


...................................

...THE WATERTOWN NY CLIMATE SUMMARY FOR APRIL 12 2018...
VALID TODAY AS OF 0400 PM LOCAL TIME.

CLIMATE NORMAL PERIOD 1981 TO 2010
CLIMATE RECORD PERIOD 1949 TO 2018


WEATHER ITEM   OBSERVED TIME   RECORD YEAR NORMAL DEPARTURE LAST
                VALUE   (LST)  VALUE       VALUE  FROM      YEAR
                                                  NORMAL
..................................................................
TEMPERATURE (F)
 TODAY
  MAXIMUM         51   1104 AM  73    2006  53     -2       60
  MINIMUM         29    557 AM  17    1985  32     -3       39
  AVERAGE         40                        42     -2       50

PRECIPITATION (IN)
  TODAY            0.05          1.10 2013   0.10  -0.05      T
  MONTH TO DATE    0.78                      1.16  -0.38     2.77
  SINCE MAR 1      2.38                      3.46  -1.08     5.12
  SINCE JAN 1      6.40                      8.34  -1.94     8.75

DEGREE DAYS
 HEATING
  TODAY           25                        22      3       15
  MONTH TO DATE  388                       299     89      229
  SINCE MAR 1   1478                      1365    113     1403
  SINCE JUL 1   6688                      6806   -118     6014

 COOLING
  TODAY            0                         0      0        0
  MONTH TO DATE    0                         0      0        4
  SINCE MAR 1      0                         0      0        4
  SINCE JAN 1      0                         0      0        4
..................................................................


WIND (MPH)
  HIGHEST WIND SPEED    15   HIGHEST WIND DIRECTION     S (160)
  HIGHEST GUST SPEED    21   HIGHEST GUST DIRECTION     S (170)
  AVERAGE WIND SPEED     4.4


SKY COVER
  AVERAGE SKY COVER 0.7


WEATHER CONDITIONS
 THE FOLLOWING WEATHER WAS RECORDED TODAY.
  LIGHT RAIN
  FOG
  HAZE


RELATIVE HUMIDITY (PERCENT)
 HIGHEST   100           200 AM
 LOWEST     56          1100 AM
 AVERAGE    78

..........................................................


THE WATERTOWN NY CLIMATE NORMALS FOR TOMORROW
                         NORMAL    RECORD    YEAR
 MAXIMUM TEMPERATURE (F)   54        81      2015
 MINIMUM TEMPERATURE (F)   32        17      2009


SUNRISE AND SUNSET
APRIL 12 2018.........SUNRISE   626 AM EDT   SUNSET   744 PM EDT
APRIL 13 2018.........SUNRISE   624 AM EDT   SUNSET   746 PM EDT


-  INDICATES NEGATIVE NUMBERS.
R  INDICATES RECORD WAS SET OR TIED.
MM INDICATES DATA IS MISSING.
T  INDICATES TRACE AMOUNT.




$$
