137
CDUS41 KBUF 220705
CLIART


CLIMATE REPORT
NATIONAL WEATHER SERVICE BUFFALO NY
305 AM EDT TUE MAY 22 2018


...................................

...THE WATERTOWN NY CLIMATE SUMMARY FOR MAY 21 2018...

CLIMATE NORMAL PERIOD 1981 TO 2010
CLIMATE RECORD PERIOD 1949 TO 2018


WEATHER ITEM   OBSERVED TIME   RECORD YEAR NORMAL DEPARTURE LAST
                VALUE   (LST)  VALUE       VALUE  FROM      YEAR
                                                  NORMAL
..................................................................
TEMPERATURE (F)
 YESTERDAY
  MAXIMUM         67    450 PM  83    2012  67      0       69
                                      1953
  MINIMUM         37    503 AM  30    1964  45     -8       44
  AVERAGE         52                        56     -4       57

PRECIPITATION (IN)
  YESTERDAY        0.00          0.44 1996   0.10  -0.10     0.31
  MONTH TO DATE    1.25                      2.02  -0.77     4.33
  SINCE MAR 1      6.16                      7.22  -1.06    10.75
  SINCE JAN 1     10.18                     12.10  -1.92    14.38

DEGREE DAYS
 HEATING
  YESTERDAY       13                         9      4        8
  MONTH TO DATE  190                       255    -65      301
  SINCE MAR 1   2098                      1957    141     1996
  SINCE JUL 1   7308                      7398    -90     6607

 COOLING
  YESTERDAY        0                         0      0        0
  MONTH TO DATE    3                         0      3       11
  SINCE MAR 1      3                         1      2       18
  SINCE JAN 1      3                         1      2       18
..................................................................


WIND (MPH)
  HIGHEST WIND SPEED    16   HIGHEST WIND DIRECTION     W (270)
  HIGHEST GUST SPEED    19   HIGHEST GUST DIRECTION     W (270)
  AVERAGE WIND SPEED     4.9


SKY COVER
  AVERAGE SKY COVER 0.1


WEATHER CONDITIONS
 THE FOLLOWING WEATHER WAS RECORDED YESTERDAY.
  FOG
  FOG W/VISIBILITY <= 1/4 MILE


RELATIVE HUMIDITY (PERCENT)
 HIGHEST   100          1200 AM
 LOWEST     34           400 PM
 AVERAGE    67

..........................................................


THE WATERTOWN NY CLIMATE NORMALS FOR TODAY
                         NORMAL    RECORD    YEAR
 MAXIMUM TEMPERATURE (F)   68        86      1955
 MINIMUM TEMPERATURE (F)   45        30      1990


SUNRISE AND SUNSET
MAY 22 2018...........SUNRISE   531 AM EDT   SUNSET   831 PM EDT
MAY 23 2018...........SUNRISE   530 AM EDT   SUNSET   832 PM EDT


-  INDICATES NEGATIVE NUMBERS.
R  INDICATES RECORD WAS SET OR TIED.
MM INDICATES DATA IS MISSING.
T  INDICATES TRACE AMOUNT.




$$
