059
CDUS41 KBUF 230705
CLIART


CLIMATE REPORT
NATIONAL WEATHER SERVICE BUFFALO NY
305 AM EDT WED MAY 23 2018


...................................

...THE WATERTOWN NY CLIMATE SUMMARY FOR MAY 22 2018...

CLIMATE NORMAL PERIOD 1981 TO 2010
CLIMATE RECORD PERIOD 1949 TO 2018


WEATHER ITEM   OBSERVED TIME   RECORD YEAR NORMAL DEPARTURE LAST
                VALUE   (LST)  VALUE       VALUE  FROM      YEAR
                                                  NORMAL
..................................................................
TEMPERATURE (F)
 YESTERDAY
  MAXIMUM         62    627 PM  86    1955  68     -6       65
  MINIMUM         51    114 AM  30    1990  45      6       49
  AVERAGE         57                        56      1       57

PRECIPITATION (IN)
  YESTERDAY        0.26          1.04 1986   0.11   0.15     0.18
  MONTH TO DATE    1.51                      2.13  -0.62     4.51
  SINCE MAR 1      6.42                      7.33  -0.91    10.93
  SINCE JAN 1     10.44                     12.21  -1.77    14.56

DEGREE DAYS
 HEATING
  YESTERDAY        8                         9     -1        8
  MONTH TO DATE  198                       264    -66      309
  SINCE MAR 1   2106                      1966    140     2004
  SINCE JUL 1   7316                      7407    -91     6615

 COOLING
  YESTERDAY        0                         0      0        0
  MONTH TO DATE    3                         0      3       11
  SINCE MAR 1      3                         1      2       18
  SINCE JAN 1      3                         1      2       18
..................................................................


WIND (MPH)
  HIGHEST WIND SPEED    13   HIGHEST WIND DIRECTION     W (260)
  HIGHEST GUST SPEED    17   HIGHEST GUST DIRECTION     W (260)
  AVERAGE WIND SPEED     4.8


SKY COVER
  AVERAGE SKY COVER 0.8


WEATHER CONDITIONS
 THE FOLLOWING WEATHER WAS RECORDED YESTERDAY.
  RAIN
  LIGHT RAIN
  FOG
  FOG W/VISIBILITY <= 1/4 MILE


RELATIVE HUMIDITY (PERCENT)
 HIGHEST   100          1200 PM
 LOWEST     72           300 AM
 AVERAGE    86

..........................................................


THE WATERTOWN NY CLIMATE NORMALS FOR TODAY
                         NORMAL    RECORD    YEAR
 MAXIMUM TEMPERATURE (F)   68        81      2010
                                             1991
 MINIMUM TEMPERATURE (F)   46        25      1967


SUNRISE AND SUNSET
MAY 23 2018...........SUNRISE   530 AM EDT   SUNSET   832 PM EDT
MAY 24 2018...........SUNRISE   530 AM EDT   SUNSET   833 PM EDT


-  INDICATES NEGATIVE NUMBERS.
R  INDICATES RECORD WAS SET OR TIED.
MM INDICATES DATA IS MISSING.
T  INDICATES TRACE AMOUNT.




$$
