751
CDUS41 KBUF 191020
CLIART


CLIMATE REPORT
NATIONAL WEATHER SERVICE BUFFALO NY
620 AM EDT SAT MAY 19 2018


...................................

...THE WATERTOWN NY CLIMATE SUMMARY FOR MAY 18 2018...

CLIMATE NORMAL PERIOD 1981 TO 2010
CLIMATE RECORD PERIOD 1949 TO 2018


WEATHER ITEM   OBSERVED TIME   RECORD YEAR NORMAL DEPARTURE LAST
                VALUE   (LST)  VALUE       VALUE  FROM      YEAR
                                                  NORMAL
..................................................................
TEMPERATURE (F)
 YESTERDAY
  MAXIMUM         69    406 PM  86    1949  67      2       84
  MINIMUM         42    502 AM  28    1981  44     -2       61
  AVERAGE         56                        55      1       73

PRECIPITATION (IN)
  YESTERDAY        0.00          1.09 1953   0.11  -0.11     0.11
  MONTH TO DATE    0.90                      1.71  -0.81     4.02
  SINCE MAR 1      5.81                      6.91  -1.10    10.44
  SINCE JAN 1      9.83                     11.79  -1.96    14.07

DEGREE DAYS
 HEATING
  YESTERDAY        9                        10     -1        0
  MONTH TO DATE  157                       226    -69      268
  SINCE MAR 1   2065                      1928    137     1963
  SINCE JUL 1   7275                      7369    -94     6574

 COOLING
  YESTERDAY        0                         0      0        8
  MONTH TO DATE    3                         0      3       11
  SINCE MAR 1      3                         1      2       18
  SINCE JAN 1      3                         1      2       18
..................................................................


WIND (MPH)
  HIGHEST WIND SPEED    20   HIGHEST WIND DIRECTION    NE (30)
  HIGHEST GUST SPEED    25   HIGHEST GUST DIRECTION    NE (40)
  AVERAGE WIND SPEED    11.0


SKY COVER
  AVERAGE SKY COVER 0.0


WEATHER CONDITIONS
 THE FOLLOWING WEATHER WAS RECORDED YESTERDAY.
  NO SIGNIFICANT WEATHER WAS OBSERVED.


RELATIVE HUMIDITY (PERCENT)
 HIGHEST    71          1100 PM
 LOWEST     27           300 PM
 AVERAGE    49

..........................................................


THE WATERTOWN NY CLIMATE NORMALS FOR TODAY
                         NORMAL    RECORD    YEAR
 MAXIMUM TEMPERATURE (F)   67        86      1996
 MINIMUM TEMPERATURE (F)   44        31      2007


SUNRISE AND SUNSET
MAY 19 2018...........SUNRISE   534 AM EDT   SUNSET   828 PM EDT
MAY 20 2018...........SUNRISE   533 AM EDT   SUNSET   829 PM EDT


-  INDICATES NEGATIVE NUMBERS.
R  INDICATES RECORD WAS SET OR TIED.
MM INDICATES DATA IS MISSING.
T  INDICATES TRACE AMOUNT.




$$
