488
CDUS41 KBUF 192032
CLIART


CLIMATE REPORT
NATIONAL WEATHER SERVICE BUFFALO NY
431 PM EDT THU APR 19 2018


...................................

...THE WATERTOWN NY CLIMATE SUMMARY FOR APRIL 19 2018...
VALID TODAY AS OF 0400 PM LOCAL TIME.

CLIMATE NORMAL PERIOD 1981 TO 2010
CLIMATE RECORD PERIOD 1949 TO 2018


WEATHER ITEM   OBSERVED TIME   RECORD YEAR NORMAL DEPARTURE LAST
                VALUE   (LST)  VALUE       VALUE  FROM      YEAR
                                                  NORMAL
..................................................................
TEMPERATURE (F)
 TODAY
  MAXIMUM         37    113 PM  86    2008  56    -19       54
  MINIMUM         32    808 AM  19    2001  35     -3       37
  AVERAGE         35                        45    -10       46

PRECIPITATION (IN)
  TODAY            0.01          0.82 1963   0.09  -0.08     0.14
  MONTH TO DATE    2.54                      1.85   0.69     3.17
  SINCE MAR 1      4.14                      4.15  -0.01     5.52
  SINCE JAN 1      8.16                      9.03  -0.87     9.15

DEGREE DAYS
 HEATING
  TODAY           30                        20     10       19
  MONTH TO DATE  591                       445    146      358
  SINCE MAR 1   1681                      1511    170     1532
  SINCE JUL 1   6891                      6952    -61     6143

 COOLING
  TODAY            0                         0      0        0
  MONTH TO DATE    0                         0      0        4
  SINCE MAR 1      0                         0      0        4
  SINCE JAN 1      0                         0      0        4
..................................................................


WIND (MPH)
  HIGHEST WIND SPEED    15   HIGHEST WIND DIRECTION    NW (330)
  HIGHEST GUST SPEED    19   HIGHEST GUST DIRECTION    NW (330)
  AVERAGE WIND SPEED     7.7


SKY COVER
  AVERAGE SKY COVER 1.0


WEATHER CONDITIONS
 THE FOLLOWING WEATHER WAS RECORDED TODAY.
  LIGHT RAIN
  LIGHT SNOW
  FOG


RELATIVE HUMIDITY (PERCENT)
 HIGHEST   100          1200 AM
 LOWEST     70          1000 AM
 AVERAGE    85

..........................................................


THE WATERTOWN NY CLIMATE NORMALS FOR TOMORROW
                         NORMAL    RECORD    YEAR
 MAXIMUM TEMPERATURE (F)   57        83      1957
 MINIMUM TEMPERATURE (F)   35        20      1969


SUNRISE AND SUNSET
APRIL 19 2018.........SUNRISE   614 AM EDT   SUNSET   753 PM EDT
APRIL 20 2018.........SUNRISE   613 AM EDT   SUNSET   754 PM EDT


-  INDICATES NEGATIVE NUMBERS.
R  INDICATES RECORD WAS SET OR TIED.
MM INDICATES DATA IS MISSING.
T  INDICATES TRACE AMOUNT.

$$
