000
CDUS41 KBUF 101016
CLIART


CLIMATE REPORT
NATIONAL WEATHER SERVICE BUFFALO NY
615 AM EDT TUE APR 10 2018


...................................

...THE WATERTOWN NY CLIMATE SUMMARY FOR APRIL 9 2018...

CLIMATE NORMAL PERIOD 1981 TO 2010
CLIMATE RECORD PERIOD 1949 TO 2018


WEATHER ITEM   OBSERVED TIME   RECORD YEAR NORMAL DEPARTURE LAST
                VALUE   (LST)  VALUE       VALUE  FROM      YEAR
                                                  NORMAL
..................................................................
TEMPERATURE (F)
 YESTERDAY
  MAXIMUM         37    330 PM  71    1969  52    -15       66
  MINIMUM         17    144 AM  14    1997  31    -14       34
  AVERAGE         27                        41    -14       50

PRECIPITATION (IN)
  YESTERDAY        0.00          0.96 1980   0.10  -0.10     0.00
  MONTH TO DATE    0.71                      0.85  -0.14     2.59
  SINCE MAR 1      2.31                      3.15  -0.84     4.94
  SINCE JAN 1      6.33                      8.03  -1.70     8.57

DEGREE DAYS
 HEATING
  YESTERDAY       38                        24     14       15
  MONTH TO DATE  302                       231     71      209
  SINCE MAR 1   1392                      1297     95     1383
  SINCE JUL 1   6602                      6738   -136     5994

 COOLING
  YESTERDAY        0                         0      0        0
  MONTH TO DATE    0                         0      0        0
  SINCE MAR 1      0                         0      0        0
  SINCE JAN 1      0                         0      0        0
..................................................................


WIND (MPH)
  HIGHEST WIND SPEED    13   HIGHEST WIND DIRECTION     W (270)
  HIGHEST GUST SPEED    19   HIGHEST GUST DIRECTION     W (270)
  AVERAGE WIND SPEED     4.3


SKY COVER
  AVERAGE SKY COVER 0.4


WEATHER CONDITIONS
 THE FOLLOWING WEATHER WAS RECORDED YESTERDAY.
  NO SIGNIFICANT WEATHER WAS OBSERVED.


RELATIVE HUMIDITY (PERCENT)
 HIGHEST    84           200 AM
 LOWEST     47          1000 AM
 AVERAGE    66

..........................................................


THE WATERTOWN NY CLIMATE NORMALS FOR TODAY
                         NORMAL    RECORD    YEAR
 MAXIMUM TEMPERATURE (F)   52        78      2017
 MINIMUM TEMPERATURE (F)   31        12      2016


SUNRISE AND SUNSET
APRIL 10 2018.........SUNRISE   629 AM EDT   SUNSET   742 PM EDT
APRIL 11 2018.........SUNRISE   628 AM EDT   SUNSET   743 PM EDT


-  INDICATES NEGATIVE NUMBERS.
R  INDICATES RECORD WAS SET OR TIED.
MM INDICATES DATA IS MISSING.
T  INDICATES TRACE AMOUNT.




$$
