000
CDUS41 KBUF 102034
CLIART


CLIMATE REPORT
NATIONAL WEATHER SERVICE BUFFALO NY
434 PM EDT THU MAY 10 2018


...................................

...THE WATERTOWN NY CLIMATE SUMMARY FOR MAY 10 2018...
VALID TODAY AS OF 0400 PM LOCAL TIME.

CLIMATE NORMAL PERIOD 1981 TO 2010
CLIMATE RECORD PERIOD 1949 TO 2018


WEATHER ITEM   OBSERVED TIME   RECORD YEAR NORMAL DEPARTURE LAST
                VALUE   (LST)  VALUE       VALUE  FROM      YEAR
                                                  NORMAL
..................................................................
TEMPERATURE (F)
 TODAY
  MAXIMUM         71   1225 AM  84    2005  64      7       55
  MINIMUM         62    259 PM  25    1966  42     20       29
  AVERAGE         67                        53     14       42

PRECIPITATION (IN)
  TODAY            0.02          0.96 1996   0.09  -0.07     0.00
  MONTH TO DATE    0.34                      0.92  -0.58     3.56
  SINCE MAR 1      5.25                      6.12  -0.87     9.98
  SINCE JAN 1      9.27                     11.00  -1.73    13.61

DEGREE DAYS
 HEATING
  TODAY            0                        12    -12       23
  MONTH TO DATE   69                       138    -69      185
  SINCE MAR 1   1977                      1840    137     1880
  SINCE JUL 1   7187                      7281    -94     6491

 COOLING
  TODAY            2                         0      2        0
  MONTH TO DATE    5                         0      5        0
  SINCE MAR 1      5                         1      4        7
  SINCE JAN 1      5                         1      4        7
..................................................................


WIND (MPH)
  HIGHEST WIND SPEED    25   HIGHEST WIND DIRECTION    SW (230)
  HIGHEST GUST SPEED    36   HIGHEST GUST DIRECTION     W (260)
  AVERAGE WIND SPEED    15.8


SKY COVER
  AVERAGE SKY COVER 0.6


WEATHER CONDITIONS
 THE FOLLOWING WEATHER WAS RECORDED TODAY.
  LIGHT RAIN
  HAZE


RELATIVE HUMIDITY (PERCENT)
 HIGHEST    68           100 PM
 LOWEST     45           200 AM
 AVERAGE    57

..........................................................


THE WATERTOWN NY CLIMATE NORMALS FOR TOMORROW
                         NORMAL    RECORD    YEAR
 MAXIMUM TEMPERATURE (F)   65        84      1979
 MINIMUM TEMPERATURE (F)   42        23      1966


SUNRISE AND SUNSET
MAY 10 2018...........SUNRISE   544 AM EDT   SUNSET   818 PM EDT
MAY 11 2018...........SUNRISE   543 AM EDT   SUNSET   819 PM EDT


-  INDICATES NEGATIVE NUMBERS.
R  INDICATES RECORD WAS SET OR TIED.
MM INDICATES DATA IS MISSING.
T  INDICATES TRACE AMOUNT.

$$
